{"id":1079,"date":"2017-04-13T09:10:03","date_gmt":"2017-04-13T09:10:03","guid":{"rendered":"http:\/\/www.partitura.fss.ukf.sk\/?page_id=1079"},"modified":"2019-12-09T08:10:34","modified_gmt":"2019-12-09T08:10:34","slug":"tehervonatok-nema-tajakon-jozsef-attila-egy-onmagat-tenyekben-allito-verserol","status":"publish","type":"page","link":"http:\/\/www.partitura.fss.ukf.sk\/?page_id=1079","title":{"rendered":"Tehervonatok n\u00e9ma t\u00e1jakon. J\u00f3zsef Attila egy \u00f6nmag\u00e1t t\u00e9nyekben \u00e1ll\u00edt\u00f3 vers\u00e9r\u0151l"},"content":{"rendered":"<h3>T\u00f3rizs Eszter<\/h3>\n<p><strong>IN:\u00a0<\/strong>Partit\u00fara Irodalomtudom\u00e1nyi foly\u00f3irat, \u00c9vfolyam: XI. \u00a0, Sz\u00e1m 1, 2016, 89-100. oldal,\u00a0ISSN 1336-7307<\/p>\n<p><strong>DOI:\u00a0<\/strong>10.17846\/PA.2016.11.1.89-100<\/p>\n<p><strong>Absztrakt:<\/strong><\/p>\n<blockquote><p>Nemes Nagy \u00c1gnes <em>J\u00f3zsef Attila pillanata<\/em> c\u00edm\u0171 \u00edr\u00e1s\u00e1ban a k\u00f6lt\u0151 Tehervonatok tolatnak\u2026 kezdet\u0171 vers\u00e9re h\u00edvja fel az olvas\u00f3k figyelm\u00e9t. A\u00a0vers nem a legismertebb J\u00f3zsef Attila alkot\u00e1s, viszont olyan versek alkot\u00f3i id\u0151szak\u00e1hoz k\u00f6thet\u0151, mint a K\u00fclv\u00e1rosi \u00e9j vagy a T\u00e9li \u00e9jszaka. \u00cdr\u00e1som c\u00e9lja teh\u00e1t a nagy versek holdudvar\u00e1ban keletkezett k\u00f6ltem\u00e9ny pozicion\u00e1l\u00e1sa a k\u00f6lt\u0151i \u00e9letm\u0171ben, egy\u00fattal pedig a vers po\u00e9tikai strat\u00e9gi\u00e1inak felt\u00e1r\u00e1sa.<\/p><\/blockquote>\n<p><a href=\"http:\/\/www.partitura.fss.ukf.sk\/wp-content\/uploads\/2015\/01\/torizs.pdf\"><strong>Teljes sz\u00f6veg<\/strong><\/a><\/p>\n","protected":false},"excerpt":{"rendered":"<p>T\u00f3rizs Eszter IN:\u00a0Partit\u00fara Irodalomtudom\u00e1nyi foly\u00f3irat, \u00c9vfolyam: XI. \u00a0, Sz\u00e1m 1, 2016, 89-100. oldal,\u00a0ISSN 1336-7307 DOI:\u00a010.17846\/PA.2016.11.1.89-100 [&hellip;]<\/p>\n","protected":false},"author":4,"featured_media":0,"parent":0,"menu_order":0,"comment_status":"closed","ping_status":"open","template":"","meta":[],"_links":{"self":[{"href":"http:\/\/www.partitura.fss.ukf.sk\/index.php?rest_route=\/wp\/v2\/pages\/1079"}],"collection":[{"href":"http:\/\/www.partitura.fss.ukf.sk\/index.php?rest_route=\/wp\/v2\/pages"}],"about":[{"href":"http:\/\/www.partitura.fss.ukf.sk\/index.php?rest_route=\/wp\/v2\/types\/page"}],"author":[{"embeddable":true,"href":"http:\/\/www.partitura.fss.ukf.sk\/index.php?rest_route=\/wp\/v2\/users\/4"}],"replies":[{"embeddable":true,"href":"http:\/\/www.partitura.fss.ukf.sk\/index.php?rest_route=%2Fwp%2Fv2%2Fcomments&post=1079"}],"version-history":[{"count":4,"href":"http:\/\/www.partitura.fss.ukf.sk\/index.php?rest_route=\/wp\/v2\/pages\/1079\/revisions"}],"predecessor-version":[{"id":1550,"href":"http:\/\/www.partitura.fss.ukf.sk\/index.php?rest_route=\/wp\/v2\/pages\/1079\/revisions\/1550"}],"wp:attachment":[{"href":"http:\/\/www.partitura.fss.ukf.sk\/index.php?rest_route=%2Fwp%2Fv2%2Fmedia&parent=1079"}],"curies":[{"name":"wp","href":"https:\/\/api.w.org\/{rel}","templated":true}]}}