{"id":1384,"date":"2018-09-05T14:10:52","date_gmt":"2018-09-05T14:10:52","guid":{"rendered":"http:\/\/www.partitura.fss.ukf.sk\/?page_id=1384"},"modified":"2019-12-09T08:10:35","modified_gmt":"2019-12-09T08:10:35","slug":"valtozatok-deszemiotizaciora-avagy-a-modszer-apoteozisa","status":"publish","type":"page","link":"http:\/\/www.partitura.fss.ukf.sk\/?page_id=1384","title":{"rendered":"V\u00e1ltozatok deszemiotiz\u00e1ci\u00f3ra, avagy a m\u00f3dszer \u201eapote\u00f3zisa\u201d"},"content":{"rendered":"<h3>Suhajda P\u00e9ter<\/h3>\n<p><strong>IN:\u00a0<\/strong>Partit\u00fara Irodalomtudom\u00e1nyi foly\u00f3irat, \u00c9vfolyam: XIII. \u00a0, Sz\u00e1m 1, 2018, 21-61. oldal,\u00a0ISSN 1336-7307<\/p>\n<p><strong>DOI:\u00a0<\/strong>10.17846\/PA.2018.13.1.21-61<\/p>\n<p><strong>Absztrakt:<\/strong><\/p>\n<blockquote><p>A deszemiotiz\u00e1ci\u00f3 az avantg\u00e1rd konstruktivista m\u0171v\u00e9szet legfontosabb elj\u00e1r\u00e1sa. A szakkifejez\u00e9s a jel\u00f6l\u00e9s kiiktat\u00e1s\u00e1nak sz\u00e1nd\u00e9k\u00e1ra utal. Kass\u00e1k Lajos sz\u00e1m\u00e1ra m\u00e1r nem csup\u00e1n egy alkot\u00f3i m\u00f3dszer volt, hanem val\u00f3s\u00e1gos \u00e9s saj\u00e1ts\u00e1gos \u00e9letfiloz\u00f3fia, amely meghat\u00e1rozza egy konstrukt\u00edv, \u00e9p\u00edt\u0151 ember \u00e9let\u00e9nek eg\u00e9sz\u00e9t.<\/p><\/blockquote>\n<p><a href=\"http:\/\/www.partitura.fss.ukf.sk\/wp-content\/uploads\/2018\/11\/Partitura-2018-01-02.pdf\"><strong>Teljes sz\u00f6veg<\/strong><\/a><\/p>\n","protected":false},"excerpt":{"rendered":"<p>Suhajda P\u00e9ter IN:\u00a0Partit\u00fara Irodalomtudom\u00e1nyi foly\u00f3irat, \u00c9vfolyam: XIII. \u00a0, Sz\u00e1m 1, 2018, 21-61. oldal,\u00a0ISSN 1336-7307 DOI:\u00a010.17846\/PA.2018.13.1.21-61 [&hellip;]<\/p>\n","protected":false},"author":5,"featured_media":0,"parent":0,"menu_order":0,"comment_status":"closed","ping_status":"closed","template":"","meta":[],"_links":{"self":[{"href":"http:\/\/www.partitura.fss.ukf.sk\/index.php?rest_route=\/wp\/v2\/pages\/1384"}],"collection":[{"href":"http:\/\/www.partitura.fss.ukf.sk\/index.php?rest_route=\/wp\/v2\/pages"}],"about":[{"href":"http:\/\/www.partitura.fss.ukf.sk\/index.php?rest_route=\/wp\/v2\/types\/page"}],"author":[{"embeddable":true,"href":"http:\/\/www.partitura.fss.ukf.sk\/index.php?rest_route=\/wp\/v2\/users\/5"}],"replies":[{"embeddable":true,"href":"http:\/\/www.partitura.fss.ukf.sk\/index.php?rest_route=%2Fwp%2Fv2%2Fcomments&post=1384"}],"version-history":[{"count":4,"href":"http:\/\/www.partitura.fss.ukf.sk\/index.php?rest_route=\/wp\/v2\/pages\/1384\/revisions"}],"predecessor-version":[{"id":1577,"href":"http:\/\/www.partitura.fss.ukf.sk\/index.php?rest_route=\/wp\/v2\/pages\/1384\/revisions\/1577"}],"wp:attachment":[{"href":"http:\/\/www.partitura.fss.ukf.sk\/index.php?rest_route=%2Fwp%2Fv2%2Fmedia&parent=1384"}],"curies":[{"name":"wp","href":"https:\/\/api.w.org\/{rel}","templated":true}]}}