{"id":1394,"date":"2018-09-05T14:30:21","date_gmt":"2018-09-05T14:30:21","guid":{"rendered":"http:\/\/www.partitura.fss.ukf.sk\/?page_id=1394"},"modified":"2019-12-09T08:10:21","modified_gmt":"2019-12-09T08:10:21","slug":"a-kudarc-lehetosege-kertesz-imre-muveirol-erkolcsfilozofiai-szempontbol","status":"publish","type":"page","link":"http:\/\/www.partitura.fss.ukf.sk\/?page_id=1394","title":{"rendered":"A kudarc lehet\u0151s\u00e9ge: Kert\u00e9sz Imre m\u0171veir\u0151l erk\u00f6lcsfiloz\u00f3fiai szempontb\u00f3l"},"content":{"rendered":"<h3>Barcsi Tam\u00e1s<\/h3>\n<p><strong>IN:\u00a0<\/strong>Partit\u00fara Irodalomtudom\u00e1nyi foly\u00f3irat, \u00c9vfolyam: XIII. \u00a0, Sz\u00e1m 2, 2018, 23-68. oldal,\u00a0ISSN 1336-7307<\/p>\n<p><strong>DOI:\u00a0<\/strong>10.17846\/PA.2018.13.2.23-68<\/p>\n<p><strong>Absztrakt:<\/strong><\/p>\n<blockquote><p>Tanulm\u00e1nyomban a kudarccal \u00e9s a sikerrel kapcsolatos probl\u00e9m\u00e1kat vizsg\u00e1lom Kert\u00e9sz Imre m\u0171veiben. Els\u0151k\u00e9nt a j\u00f3 \u00e9let vonatkoz\u00e1s\u00e1ban t\u00e1rgyalom a felmer\u00fcl\u0151 k\u00e9rd\u00e9seket, teh\u00e1t az egzisztenci\u00e1lis kudarc \u00e9s siker k\u00fcl\u00f6nb\u00f6z\u0151 aspektusait elemzem. Ezt k\u00f6vet\u0151en a Kert\u00e9szn\u00e9l megjelen\u0151 mor\u00e1lfiloz\u00f3fiai dilemm\u00e1kr\u00f3l, illetve az egzisztenci\u00e1lis \u00e9s a mor\u00e1lis kudarc, tov\u00e1bb\u00e1 az egzisztenci\u00e1lis \u00e9s a mor\u00e1lis siker \u00f6sszef\u00fcgg\u00e9seir\u0151l \u00edrok. V\u00e9gezet\u00fcl a civiliz\u00e1ci\u00f3s kudarc kert\u00e9szi felfog\u00e1s\u00e1t pr\u00f3b\u00e1lom megragadni, \u00e9s arra a k\u00e9rd\u00e9sre is v\u00e1laszt keresek, hogy \u201ea holokauszt mint kult\u00fara\u201d mennyiben jelentheti egy meg\u00fajul\u00f3 civiliz\u00e1ci\u00f3 \u00e9s mor\u00e1l alapj\u00e1t, egy\u00e1ltal\u00e1n, lehets\u00e9ges-e a civiliz\u00e1ci\u00f3s meg\u00fajul\u00e1s?<\/p><\/blockquote>\n<p><a href=\"http:\/\/www.partitura.fss.ukf.sk\/wp-content\/uploads\/2018\/11\/Partitura-2018-02-02.pdf\"><strong>Teljes sz\u00f6veg<\/strong><\/a><\/p>\n","protected":false},"excerpt":{"rendered":"<p>Barcsi Tam\u00e1s IN:\u00a0Partit\u00fara Irodalomtudom\u00e1nyi foly\u00f3irat, \u00c9vfolyam: XIII. \u00a0, Sz\u00e1m 2, 2018, 23-68. oldal,\u00a0ISSN 1336-7307 DOI:\u00a010.17846\/PA.2018.13.2.23-68 [&hellip;]<\/p>\n","protected":false},"author":5,"featured_media":0,"parent":0,"menu_order":0,"comment_status":"closed","ping_status":"closed","template":"","meta":[],"_links":{"self":[{"href":"http:\/\/www.partitura.fss.ukf.sk\/index.php?rest_route=\/wp\/v2\/pages\/1394"}],"collection":[{"href":"http:\/\/www.partitura.fss.ukf.sk\/index.php?rest_route=\/wp\/v2\/pages"}],"about":[{"href":"http:\/\/www.partitura.fss.ukf.sk\/index.php?rest_route=\/wp\/v2\/types\/page"}],"author":[{"embeddable":true,"href":"http:\/\/www.partitura.fss.ukf.sk\/index.php?rest_route=\/wp\/v2\/users\/5"}],"replies":[{"embeddable":true,"href":"http:\/\/www.partitura.fss.ukf.sk\/index.php?rest_route=%2Fwp%2Fv2%2Fcomments&post=1394"}],"version-history":[{"count":5,"href":"http:\/\/www.partitura.fss.ukf.sk\/index.php?rest_route=\/wp\/v2\/pages\/1394\/revisions"}],"predecessor-version":[{"id":1581,"href":"http:\/\/www.partitura.fss.ukf.sk\/index.php?rest_route=\/wp\/v2\/pages\/1394\/revisions\/1581"}],"wp:attachment":[{"href":"http:\/\/www.partitura.fss.ukf.sk\/index.php?rest_route=%2Fwp%2Fv2%2Fmedia&parent=1394"}],"curies":[{"name":"wp","href":"https:\/\/api.w.org\/{rel}","templated":true}]}}