{"id":1919,"date":"2019-06-26T12:38:57","date_gmt":"2019-06-26T12:38:57","guid":{"rendered":"http:\/\/www.partitura.fss.ukf.sk\/?page_id=1919"},"modified":"2020-01-09T08:05:17","modified_gmt":"2020-01-09T08:05:17","slug":"a-kirekesztes-szinterei-a-homoszexualitas-problemaja-tennessee-williams-dramaiban-2","status":"publish","type":"page","link":"http:\/\/www.partitura.fss.ukf.sk\/?page_id=1919","title":{"rendered":"A kirekeszt\u00e9s sz\u00ednterei. A homoszexualit\u00e1s probl\u00e9m\u00e1ja Tennessee Williams dr\u00e1m\u00e1iban"},"content":{"rendered":"<h3>\u00c1kos Seress<\/h3>\n<p><strong><span style=\"color: #666666;\">IN:\u00a0<\/span><\/strong><span style=\"color: #666666;\">Partit\u00fara Irodalomtudom\u00e1nyi foly\u00f3irat, Volune IV., Issue 1, 2009, p. 83-112.,\u00a0ISSN 1336-7307<\/span><\/p>\n<p><strong>DOI:\u00a0<\/strong>10.17846\/PA.2009.4.1.83-112<\/p>\n<p><a href=\"http:\/\/www.partitura.fss.ukf.sk\/wp-content\/uploads\/2009\/Partitura-2009-01-083-112.pdf\"><strong>Whole issue<\/strong><\/a><\/p>\n","protected":false},"excerpt":{"rendered":"<p>\u00c1kos Seress IN:\u00a0Partit\u00fara Irodalomtudom\u00e1nyi foly\u00f3irat, Volune IV., Issue 1, 2009, p. 83-112.,\u00a0ISSN 1336-7307 DOI:\u00a010.17846\/PA.2009.4.1.83-112 Whole [&hellip;]<\/p>\n","protected":false},"author":5,"featured_media":0,"parent":0,"menu_order":0,"comment_status":"closed","ping_status":"closed","template":"","meta":[],"_links":{"self":[{"href":"http:\/\/www.partitura.fss.ukf.sk\/index.php?rest_route=\/wp\/v2\/pages\/1919"}],"collection":[{"href":"http:\/\/www.partitura.fss.ukf.sk\/index.php?rest_route=\/wp\/v2\/pages"}],"about":[{"href":"http:\/\/www.partitura.fss.ukf.sk\/index.php?rest_route=\/wp\/v2\/types\/page"}],"author":[{"embeddable":true,"href":"http:\/\/www.partitura.fss.ukf.sk\/index.php?rest_route=\/wp\/v2\/users\/5"}],"replies":[{"embeddable":true,"href":"http:\/\/www.partitura.fss.ukf.sk\/index.php?rest_route=%2Fwp%2Fv2%2Fcomments&post=1919"}],"version-history":[{"count":3,"href":"http:\/\/www.partitura.fss.ukf.sk\/index.php?rest_route=\/wp\/v2\/pages\/1919\/revisions"}],"predecessor-version":[{"id":3151,"href":"http:\/\/www.partitura.fss.ukf.sk\/index.php?rest_route=\/wp\/v2\/pages\/1919\/revisions\/3151"}],"wp:attachment":[{"href":"http:\/\/www.partitura.fss.ukf.sk\/index.php?rest_route=%2Fwp%2Fv2%2Fmedia&parent=1919"}],"curies":[{"name":"wp","href":"https:\/\/api.w.org\/{rel}","templated":true}]}}