{"id":217,"date":"2015-07-03T11:02:23","date_gmt":"2015-07-03T11:02:23","guid":{"rendered":"http:\/\/www.partitura.fss.ukf.sk\/?page_id=217"},"modified":"2019-12-09T08:10:36","modified_gmt":"2019-12-09T08:10:36","slug":"vitak-a-magyar-muhely-korul","status":"publish","type":"page","link":"http:\/\/www.partitura.fss.ukf.sk\/?page_id=217","title":{"rendered":"Vit\u00e1k a magyar m\u0171hely k\u00f6r\u00fcl"},"content":{"rendered":"<h3>Sz. Moln\u00e1r Szilvia<\/h3>\n<p><strong>IN:<\/strong> Partit\u00fara Irodalomtudom\u00e1nyi foly\u00f3irat, IX. \u00e9vfolyam, 2. sz\u00e1m, 2014,\u00a019-38. oldal, ISSN 1336-7307<\/p>\n<p><strong>DOI:\u00a0<\/strong>10.17846\/PA.2014.9.2.19-38<\/p>\n<p><strong>Absztrakt<\/strong><\/p>\n<blockquote><p>A\u00a0nyolcvanas \u00e9vek elej\u00e9n a Magyar M\u0171helyn\u00e9l jelentkez\u0151\/ott is megfordul\u00f3\u00a0fiatal avantg\u00e1rd nemzed\u00e9k az \u00e9vtized m\u00e1sodik fel\u00e9re kialak\u00edtotta saj\u00e1t hazai f\u00f3rumait,\u00a0\u00e9s ir\u00e1nyzatokba rendez\u0151d\u00f6tt. Ez a gener\u00e1ci\u00f3 tev\u00e9keny r\u00e9szese volt annak a hetvenes\u00a0\u00e9vekben kezd\u0151d\u00f6tt jel- \u00e9s nyelvhaszn\u00e1lati v\u00e1ls\u00e1gnak, amely a kilencvenes \u00e9vekre sz\u00e1mos \u00faj irodalmi m\u0171fajhibridet eredm\u00e9nyezett. a hazai avantg\u00e1rdnak nem volt t\u00f6bb\u00e9 l\u00e9tsz\u00fcks\u00e9glet\u00a0a\u00a0Magyar\u00a0M\u0171hely\u00a0szellemi\u00a0\u00e9s\u00a0publik\u00e1ci\u00f3s\u00a0t\u00e1mogat\u00e1sa. Tanulm\u00e1nyomban\u00a0a\u00a0nyolcvanas \u00e9vekben magyarorsz\u00e1gi irodalmi lapokban foly\u00f3, a Magyar M\u0171hely \u00e9s a hazai kritikusok k\u00f6z\u00f6tt zajl\u00f3 vit\u00e1kat elemzem, \u00a0melyek vizu\u00e1lis k\u00f6lt\u00e9szetr\u0151l, az avantg\u00e1rdr\u00f3l \u00e9s a nyugati magyar irodalomr\u00f3l sz\u00f3ltak.<\/p><\/blockquote>\n<p><a href=\"http:\/\/www.partitura.fss.ukf.sk\/wp-content\/uploads\/2015\/07\/2014_2_sz_molnar_szilvia.pdf\"><strong>Teljes sz\u00f6veg<\/strong><\/a><\/p>\n","protected":false},"excerpt":{"rendered":"<p>Sz. Moln\u00e1r Szilvia IN: Partit\u00fara Irodalomtudom\u00e1nyi foly\u00f3irat, IX. \u00e9vfolyam, 2. sz\u00e1m, 2014,\u00a019-38. oldal, ISSN 1336-7307 [&hellip;]<\/p>\n","protected":false},"author":1,"featured_media":0,"parent":0,"menu_order":0,"comment_status":"closed","ping_status":"open","template":"","meta":[],"_links":{"self":[{"href":"http:\/\/www.partitura.fss.ukf.sk\/index.php?rest_route=\/wp\/v2\/pages\/217"}],"collection":[{"href":"http:\/\/www.partitura.fss.ukf.sk\/index.php?rest_route=\/wp\/v2\/pages"}],"about":[{"href":"http:\/\/www.partitura.fss.ukf.sk\/index.php?rest_route=\/wp\/v2\/types\/page"}],"author":[{"embeddable":true,"href":"http:\/\/www.partitura.fss.ukf.sk\/index.php?rest_route=\/wp\/v2\/users\/1"}],"replies":[{"embeddable":true,"href":"http:\/\/www.partitura.fss.ukf.sk\/index.php?rest_route=%2Fwp%2Fv2%2Fcomments&post=217"}],"version-history":[{"count":4,"href":"http:\/\/www.partitura.fss.ukf.sk\/index.php?rest_route=\/wp\/v2\/pages\/217\/revisions"}],"predecessor-version":[{"id":486,"href":"http:\/\/www.partitura.fss.ukf.sk\/index.php?rest_route=\/wp\/v2\/pages\/217\/revisions\/486"}],"wp:attachment":[{"href":"http:\/\/www.partitura.fss.ukf.sk\/index.php?rest_route=%2Fwp%2Fv2%2Fmedia&parent=217"}],"curies":[{"name":"wp","href":"https:\/\/api.w.org\/{rel}","templated":true}]}}

Viták a magyar műhely körül

<h3>Sz. Molnár Szilvia</h3>
<p><strong>IN:</strong> Partitúra Irodalomtudományi folyóirat, IX. évfolyam, 2. szám, 2014, 19-38. oldal, ISSN 1336-7307</p>
<p><strong>DOI: </strong>10.17846/PA.2014.9.2.19-38</p>
<p><strong>Absztrakt</strong></p>
<blockquote><p>A nyolcvanas évek elején a Magyar Műhelynél jelentkező/ott is megforduló fiatal avantgárd nemzedék az évtized második felére kialakította saját hazai fórumait, és irányzatokba rendeződött. Ez a generáció tevékeny részese volt annak a hetvenes években kezdődött jel- és nyelvhasználati válságnak, amely a kilencvenes évekre számos új irodalmi műfajhibridet eredményezett. a hazai avantgárdnak nem volt többé létszükséglet a Magyar Műhely szellemi és publikációs támogatása. Tanulmányomban a nyolcvanas években magyarországi irodalmi lapokban folyó, a Magyar Műhely és a hazai kritikusok között zajló vitákat elemzem,  melyek vizuális költészetről, az avantgárdról és a nyugati magyar irodalomról szóltak.</p></blockquote>
<p><a href="http://www.partitura.fss.ukf.sk/wp-content/uploads/2015/07/2014_2_sz_molnar_szilvia.pdf"><strong>Teljes szöveg</strong></a></p>

<p>Sz. Molnár Szilvia IN: Partitúra Irodalomtudományi folyóirat, IX. évfolyam, 2. szám, 2014, 19-38. oldal, ISSN 1336-7307 [&hellip;]</p>
