{"id":221,"date":"2015-07-03T11:09:28","date_gmt":"2015-07-03T11:09:28","guid":{"rendered":"http:\/\/www.partitura.fss.ukf.sk\/?page_id=221"},"modified":"2019-12-09T08:10:26","modified_gmt":"2019-12-09T08:10:26","slug":"disz-funkciok-irodalmi-tarsasagok-a-20-szazad-elejen","status":"publish","type":"page","link":"http:\/\/www.partitura.fss.ukf.sk\/?page_id=221","title":{"rendered":"D\u00edsz-funkci\u00f3k: irodalmi t\u00e1rsas\u00e1gok a 20. sz\u00e1zad elej\u00e9n"},"content":{"rendered":"<h3>K\u00e1lm\u00e1n C. Gy\u00f6rgy<\/h3>\n<p><strong>IN:<\/strong>\u00a0Partit\u00fara Irodalomtudom\u00e1nyi foly\u00f3irat, IX. \u00e9vfolyam, 2. sz\u00e1m, 2014, 39-50. oldal, ISSN 1336-7307<\/p>\n<p><strong>DOI:\u00a0<\/strong>10.17846\/PA.2014.9.2.39-50<\/p>\n<p><strong>Absztrakt<\/strong><\/p>\n<blockquote><p>A\u00a019. sz\u00e1zadban Magyarorsz\u00e1gon megalakul\u00f3 irodalmi t\u00e1rsas\u00e1gok nagyon\u00a0fontos szerepet j\u00e1tszottak a magyar irodalmi \u00e9let megszervez\u00e9s\u00e9ben \u00e9s \u00f6szt\u00f6nz\u00e9s\u00e9ben (r\u00e9szint szimul\u00e1l\u00e1s\u00e1ban). Funkci\u00f3ik k\u00f6z\u00f6tt volt a publik\u00e1ci\u00f3 el\u0151seg\u00edt\u00e9se, a k\u00e1non alak\u00edt\u00e1sa d\u00edjak \u00e9s jutalmak r\u00e9v\u00e9n, a kritikai \u00e9let elevenn\u00e9 t\u00e9tele, az irodalmi vit\u00e1k sz\u00e1m\u00e1ra t\u00e9r teremt\u00e9se. a 20. sz\u00e1zad elej\u00e9re azonban e funkci\u00f3k legt\u00f6bbj\u00e9t \u00e1tvette az irodalmi mez\u0151 normaliz\u00e1l\u00f3d\u00f3 fejl\u0151d\u00e9se (piac, a nyilv\u00e1noss\u00e1g terei, az irodalmi lapok \u00e9s a k\u00f6nyvkiad\u00e1s auton\u00f3m szerkezete, stb.) \u2013 \u00edgy teh\u00e1t a szerepl\u0151k \u00faj nemzed\u00e9ke sem sz\u00fcks\u00e9gesnek, sem k\u00e9nyelmesnek nem tartotta imm\u00e1r, hogy r\u00e9szt vegyen ezekben a szervezetekben. S\u0151t ezek a t\u00e1rsas\u00e1gok egyre konzervat\u00edvabbakk\u00e1 v\u00e1ltak, z\u00e1rtabbakk\u00e1 \u00e9s ellens\u00e9gesebbekk\u00e9 a modern irodalommal szemben, \u00e9s szoros kapcsolatba ker\u00fcltek a politik\u00e1val. a tanulm\u00e1ny err\u0151l a jelens\u00e9gr\u0151l ad v\u00e1zlatosk\u00e9pet, a r\u00e9sztvev\u0151k f\u0151 ind\u00edt\u00e9kait \u00e9s l\u00e9p\u00e9seit pr\u00f3b\u00e1lja felt\u00e1rni.<\/p><\/blockquote>\n<p><a href=\"http:\/\/www.partitura.fss.ukf.sk\/wp-content\/uploads\/2015\/07\/2014_2_kalman_c_gyorgy.pdf\"><strong>Teljes Sz\u00f6veg<\/strong><\/a><\/p>\n","protected":false},"excerpt":{"rendered":"<p>K\u00e1lm\u00e1n C. Gy\u00f6rgy IN:\u00a0Partit\u00fara Irodalomtudom\u00e1nyi foly\u00f3irat, IX. \u00e9vfolyam, 2. sz\u00e1m, 2014, 39-50. oldal, ISSN 1336-7307 [&hellip;]<\/p>\n","protected":false},"author":1,"featured_media":0,"parent":0,"menu_order":0,"comment_status":"closed","ping_status":"open","template":"","meta":[],"_links":{"self":[{"href":"http:\/\/www.partitura.fss.ukf.sk\/index.php?rest_route=\/wp\/v2\/pages\/221"}],"collection":[{"href":"http:\/\/www.partitura.fss.ukf.sk\/index.php?rest_route=\/wp\/v2\/pages"}],"about":[{"href":"http:\/\/www.partitura.fss.ukf.sk\/index.php?rest_route=\/wp\/v2\/types\/page"}],"author":[{"embeddable":true,"href":"http:\/\/www.partitura.fss.ukf.sk\/index.php?rest_route=\/wp\/v2\/users\/1"}],"replies":[{"embeddable":true,"href":"http:\/\/www.partitura.fss.ukf.sk\/index.php?rest_route=%2Fwp%2Fv2%2Fcomments&post=221"}],"version-history":[{"count":5,"href":"http:\/\/www.partitura.fss.ukf.sk\/index.php?rest_route=\/wp\/v2\/pages\/221\/revisions"}],"predecessor-version":[{"id":487,"href":"http:\/\/www.partitura.fss.ukf.sk\/index.php?rest_route=\/wp\/v2\/pages\/221\/revisions\/487"}],"wp:attachment":[{"href":"http:\/\/www.partitura.fss.ukf.sk\/index.php?rest_route=%2Fwp%2Fv2%2Fmedia&parent=221"}],"curies":[{"name":"wp","href":"https:\/\/api.w.org\/{rel}","templated":true}]}}

Dísz-funkciók: irodalmi társaságok a 20. század elején

<h3>Kálmán C. György</h3>
<p><strong>IN:</strong> Partitúra Irodalomtudományi folyóirat, IX. évfolyam, 2. szám, 2014, 39-50. oldal, ISSN 1336-7307</p>
<p><strong>DOI: </strong>10.17846/PA.2014.9.2.39-50</p>
<p><strong>Absztrakt</strong></p>
<blockquote><p>A 19. században Magyarországon megalakuló irodalmi társaságok nagyon fontos szerepet játszottak a magyar irodalmi élet megszervezésében és ösztönzésében (részint szimulálásában). Funkcióik között volt a publikáció elősegítése, a kánon alakítása díjak és jutalmak révén, a kritikai élet elevenné tétele, az irodalmi viták számára tér teremtése. a 20. század elejére azonban e funkciók legtöbbjét átvette az irodalmi mező normalizálódó fejlődése (piac, a nyilvánosság terei, az irodalmi lapok és a könyvkiadás autonóm szerkezete, stb.) – így tehát a szereplők új nemzedéke sem szükségesnek, sem kényelmesnek nem tartotta immár, hogy részt vegyen ezekben a szervezetekben. Sőt ezek a társaságok egyre konzervatívabbakká váltak, zártabbakká és ellenségesebbekké a modern irodalommal szemben, és szoros kapcsolatba kerültek a politikával. a tanulmány erről a jelenségről ad vázlatosképet, a résztvevők fő indítékait és lépéseit próbálja feltárni.</p></blockquote>
<p><a href="http://www.partitura.fss.ukf.sk/wp-content/uploads/2015/07/2014_2_kalman_c_gyorgy.pdf"><strong>Teljes Szöveg</strong></a></p>

<p>Kálmán C. György IN: Partitúra Irodalomtudományi folyóirat, IX. évfolyam, 2. szám, 2014, 39-50. oldal, ISSN 1336-7307 [&hellip;]</p>
