{"id":227,"date":"2015-07-03T11:17:12","date_gmt":"2015-07-03T11:17:12","guid":{"rendered":"http:\/\/www.partitura.fss.ukf.sk\/?page_id=227"},"modified":"2019-12-09T08:10:19","modified_gmt":"2019-12-09T08:10:19","slug":"a-sziv-meltosaga-az-emberi-meltosag-es-az-elismeres-problemaja-dosztojevszkij-muveiben","status":"publish","type":"page","link":"http:\/\/www.partitura.fss.ukf.sk\/?page_id=227","title":{"rendered":"A &#8220;Sz\u00edv&#8221; m\u00e9lt\u00f3s\u00e1ga. Az emberi m\u00e9lt\u00f3s\u00e1g \u00e9s az elismer\u00e9s probl\u00e9m\u00e1ja Dosztojevszkij m\u0171veiben"},"content":{"rendered":"<h3>Barcsi Tam\u00e1s<\/h3>\n<p><strong><span style=\"color: #666666;\">IN:\u00a0<\/span><\/strong><span style=\"color: #666666;\">Partit\u00fara Irodalomtudom\u00e1nyi foly\u00f3irat, \u00c9vfolyam: IX. \u00a0, Sz\u00e1m 2, 2014, \u00a051-92. oldal,\u00a0ISSN 1336-7307<\/span><\/p>\n<p><strong>DOI:\u00a0<\/strong>10.17846\/PA.2014.9.2.51-92<\/p>\n<p><strong>Absztrakt<\/strong><\/p>\n<blockquote><p>\u00cdr\u00e1somban dosztojevszkij \u2013 f\u0151k\u00e9nt utols\u00f3 korszak\u00e1nak \u2013 m\u0171veiben vizsg\u00e1lom az emberi m\u00e9lt\u00f3s\u00e1g \u00e9s az elismer\u00e9s probl\u00e9m\u00e1j\u00e1nak megjelen\u00e9s\u00e9t, felhaszn\u00e1lva Axel Honneth elismer\u00e9s-elm\u00e9let\u00e9t. a k\u00fcl\u00f6nb\u00f6z\u0151 elismer\u00e9si s\u00e9relmekkel k\u00fczd\u0151 Dosztojevszkij-h\u0151s\u00f6k \u00f6nelismer\u00e9sre t\u00f6rekszenek, saj\u00e1t k\u00fcl\u00f6nlegess\u00e9g\u00fcket m\u00e1sok emberi m\u00e9lt\u00f3s\u00e1g\u00e1nak s\u00e9relme \u00e1r\u00e1n mutatj\u00e1k fel. dosztojevszkijn\u00e9l az emberi m\u00e9lt\u00f3s\u00e1g tisztelete a \u201esz\u00edv sz\u00f3lam\u00e1hoz\u201d kapcsolhat\u00f3, amely a vil\u00e1gban val\u00f3 egy\u00fctt l\u00e9tez\u00e9s \u00e1t\u00e9rz\u00e9s\u00e9nek sz\u00f3lama. Tanulm\u00e1nyomban \u00f6sszevetem az el\u0151bbi \u00e9rtelemben vett emberim\u00e9lt\u00f3s\u00e1g\u00e9rtelmez\u00e9st jelent\u0151s filoz\u00f3fusok (pl. Kant, nietzsche, Heidegger, Camus) emberi m\u00e9lt\u00f3s\u00e1ggal kapcsolatos elm\u00e9leteivel.<\/p><\/blockquote>\n<p><strong><a href=\"http:\/\/www.partitura.fss.ukf.sk\/wp-content\/uploads\/2015\/07\/2014_2_barcsi_tamas.pdf\"><strong>Teljes sz\u00f6veg<\/strong><\/a><br \/>\n<\/strong><\/p>\n","protected":false},"excerpt":{"rendered":"<p>Barcsi Tam\u00e1s IN:\u00a0Partit\u00fara Irodalomtudom\u00e1nyi foly\u00f3irat, \u00c9vfolyam: IX. \u00a0, Sz\u00e1m 2, 2014, \u00a051-92. oldal,\u00a0ISSN 1336-7307 DOI:\u00a010.17846\/PA.2014.9.2.51-92 [&hellip;]<\/p>\n","protected":false},"author":1,"featured_media":0,"parent":0,"menu_order":0,"comment_status":"closed","ping_status":"open","template":"","meta":[],"_links":{"self":[{"href":"http:\/\/www.partitura.fss.ukf.sk\/index.php?rest_route=\/wp\/v2\/pages\/227"}],"collection":[{"href":"http:\/\/www.partitura.fss.ukf.sk\/index.php?rest_route=\/wp\/v2\/pages"}],"about":[{"href":"http:\/\/www.partitura.fss.ukf.sk\/index.php?rest_route=\/wp\/v2\/types\/page"}],"author":[{"embeddable":true,"href":"http:\/\/www.partitura.fss.ukf.sk\/index.php?rest_route=\/wp\/v2\/users\/1"}],"replies":[{"embeddable":true,"href":"http:\/\/www.partitura.fss.ukf.sk\/index.php?rest_route=%2Fwp%2Fv2%2Fcomments&post=227"}],"version-history":[{"count":6,"href":"http:\/\/www.partitura.fss.ukf.sk\/index.php?rest_route=\/wp\/v2\/pages\/227\/revisions"}],"predecessor-version":[{"id":1494,"href":"http:\/\/www.partitura.fss.ukf.sk\/index.php?rest_route=\/wp\/v2\/pages\/227\/revisions\/1494"}],"wp:attachment":[{"href":"http:\/\/www.partitura.fss.ukf.sk\/index.php?rest_route=%2Fwp%2Fv2%2Fmedia&parent=227"}],"curies":[{"name":"wp","href":"https:\/\/api.w.org\/{rel}","templated":true}]}}

A &#8220;Szív&#8221; méltósága. Az emberi méltóság és az elismerés problémája Dosztojevszkij műveiben

<h3>Barcsi Tamás</h3>
<p><strong><span style="color: #666666;">IN: </span></strong><span style="color: #666666;">Partitúra Irodalomtudományi folyóirat, Évfolyam: IX.  , Szám 2, 2014,  51-92. oldal, ISSN 1336-7307</span></p>
<p><strong>DOI: </strong>10.17846/PA.2014.9.2.51-92</p>
<p><strong>Absztrakt</strong></p>
<blockquote><p>Írásomban dosztojevszkij – főként utolsó korszakának – műveiben vizsgálom az emberi méltóság és az elismerés problémájának megjelenését, felhasználva Axel Honneth elismerés-elméletét. a különböző elismerési sérelmekkel küzdő Dosztojevszkij-hősök önelismerésre törekszenek, saját különlegességüket mások emberi méltóságának sérelme árán mutatják fel. dosztojevszkijnél az emberi méltóság tisztelete a „szív szólamához” kapcsolható, amely a világban való együtt létezés átérzésének szólama. Tanulmányomban összevetem az előbbi értelemben vett emberiméltóságértelmezést jelentős filozófusok (pl. Kant, nietzsche, Heidegger, Camus) emberi méltósággal kapcsolatos elméleteivel.</p></blockquote>
<p><strong><a href="http://www.partitura.fss.ukf.sk/wp-content/uploads/2015/07/2014_2_barcsi_tamas.pdf"><strong>Teljes szöveg</strong></a><br />
</strong></p>

<p>Barcsi Tamás IN: Partitúra Irodalomtudományi folyóirat, Évfolyam: IX.  , Szám 2, 2014,  51-92. oldal, ISSN 1336-7307 DOI: 10.17846/PA.2014.9.2.51-92 [&hellip;]</p>
