{"id":236,"date":"2015-07-03T11:29:36","date_gmt":"2015-07-03T11:29:36","guid":{"rendered":"http:\/\/www.partitura.fss.ukf.sk\/?page_id=236"},"modified":"2019-12-09T08:10:25","modified_gmt":"2019-12-09T08:10:25","slug":"bolyongas-a-mustarsarga-falak-elott-ertelmezesi-preferenciak-hajnoczy-peter-a-halal-kilovagolt-perzsiabol-cimu-regenyeben","status":"publish","type":"page","link":"http:\/\/www.partitura.fss.ukf.sk\/?page_id=236","title":{"rendered":"Bolyong\u00e1s a must\u00e1rs\u00e1rga falak el\u0151tt. \u00c9rtelmez\u00e9si preferenci\u00e1k Hajn\u00f3czy P\u00e9ter A hal\u00e1l kilovagolt Perzsi\u00e1b\u00f3l c\u00edm\u0171 reg\u00e9ny\u00e9ben"},"content":{"rendered":"<h3>Csillag Lajos<\/h3>\n<p><strong>IN:<\/strong>\u00a0Partit\u00fara Irodalomtudom\u00e1nyi foly\u00f3irat, IX. \u00e9vfolyam, 2. sz\u00e1m, 2014, 121-140. oldal, ISSN 1336-7307<\/p>\n<p><strong>DOI:<\/strong>\u00a010.17846\/PA.2014.9.2.121-140<\/p>\n<p><strong>Absztrakt<\/strong><\/p>\n<blockquote><p>A tanulm\u00e1ny Hajn\u00f3czy P\u00e9ter <em>A hal\u00e1l kilovagolt Perzsi\u00e1b\u00f3l <\/em>c\u00edm\u0171 reg\u00e9ny\u00e9nek saj\u00e1toss\u00e1gait k\u00eds\u00e9rli meg elemezni \u00e9s \u00e9rtelmezni, figyelembe v\u00e9ve azokat az aspektusokat, amelyeket a\u00a0szakirodalom is a\u00a0legink\u00e1bb vizsg\u00e1l. A\u00a0tanulm\u00e1ny n\u00e9gy f\u0151 szerkezeti egys\u00e9gre tagol\u00f3dik. Els\u0151k\u00e9nt a reg\u00e9nyben szerepl\u0151, szakr\u00e1lis mozzanatk\u00e9nt \u00e9rtelmezhet\u0151 alkoholfogyaszt\u00e1s \u00e9s doh\u00e1nyz\u00e1s tev\u00e9kenys\u00e9g\u00e9t, tov\u00e1bb\u00e1 a bibliai mot\u00edvumokat vizsg\u00e1lja. Ezt k\u00f6vet\u0151en a\u00a0reg\u00e9nyt \u00e1tsz\u00f6v\u0151 v\u00edzi\u00f3k jelent\u00e9startalm\u00e1ra igyekszik v\u00e1laszt tal\u00e1lni, ezen bel\u00fcl is kiemelt figyelmet \u00a0szentel a c\u00edmad\u00f3 halott perzsa v\u00e1ros l\u00e1tom\u00e1s\u00e1nak. A\u00a0tov\u00e1bbiakban a\u00a0m\u0171 sz\u00f6veg\u00e9be be\u00e9p\u00fcl\u0151 intertextualis elemeket vizsg\u00e1lja, s\u00a0azok lehets\u00e9ges funkci\u00f3j\u00e1ra k\u00e9rdez r\u00e1. A\u00a0negyedik fejezet Sz\u00e1deq Hed\u00e1jat <em>A\u00a0vak bagoly <\/em>c\u00edm\u0171 reg\u00e9ny\u00e9nek komparat\u00edv megk\u00f6zel\u00edt\u00e9s\u00e9vel foglalkozik, a k\u00e9t reg\u00e9nyben v\u00e9gigk\u00f6vethet\u0151 identit\u00e1skeres\u00e9s \u00e9s \u00a0az egyes mot\u00edvumok t\u00fckr\u00e9ben. Megk\u00eds\u00e9rli megtal\u00e1lni azokat a\u00a0k\u00e9sei modern paradigm\u00e1kat, amelyeken bel\u00fcl \u00a0sz\u00f3ba hozhat\u00f3 mindk\u00e9t reg\u00e9ny. V\u00e9gezet\u00fcl pedig \u00f6sszegzi, melyek is lehetnek Hajn\u00f3czy reg\u00e9ny\u00e9nek saj\u00e1toss\u00e1gai.<\/p><\/blockquote>\n<p><strong><a href=\"http:\/\/www.partitura.fss.ukf.sk\/wp-content\/uploads\/2015\/07\/2014_2_csillag_lajos.pdf\">Teljes sz\u00f6veg<\/a><br \/>\n<\/strong><\/p>\n","protected":false},"excerpt":{"rendered":"<p>Csillag Lajos IN:\u00a0Partit\u00fara Irodalomtudom\u00e1nyi foly\u00f3irat, IX. \u00e9vfolyam, 2. sz\u00e1m, 2014, 121-140. oldal, ISSN 1336-7307 DOI:\u00a010.17846\/PA.2014.9.2.121-140 [&hellip;]<\/p>\n","protected":false},"author":1,"featured_media":0,"parent":0,"menu_order":0,"comment_status":"closed","ping_status":"open","template":"","meta":[],"_links":{"self":[{"href":"http:\/\/www.partitura.fss.ukf.sk\/index.php?rest_route=\/wp\/v2\/pages\/236"}],"collection":[{"href":"http:\/\/www.partitura.fss.ukf.sk\/index.php?rest_route=\/wp\/v2\/pages"}],"about":[{"href":"http:\/\/www.partitura.fss.ukf.sk\/index.php?rest_route=\/wp\/v2\/types\/page"}],"author":[{"embeddable":true,"href":"http:\/\/www.partitura.fss.ukf.sk\/index.php?rest_route=\/wp\/v2\/users\/1"}],"replies":[{"embeddable":true,"href":"http:\/\/www.partitura.fss.ukf.sk\/index.php?rest_route=%2Fwp%2Fv2%2Fcomments&post=236"}],"version-history":[{"count":4,"href":"http:\/\/www.partitura.fss.ukf.sk\/index.php?rest_route=\/wp\/v2\/pages\/236\/revisions"}],"predecessor-version":[{"id":491,"href":"http:\/\/www.partitura.fss.ukf.sk\/index.php?rest_route=\/wp\/v2\/pages\/236\/revisions\/491"}],"wp:attachment":[{"href":"http:\/\/www.partitura.fss.ukf.sk\/index.php?rest_route=%2Fwp%2Fv2%2Fmedia&parent=236"}],"curies":[{"name":"wp","href":"https:\/\/api.w.org\/{rel}","templated":true}]}}