{"id":240,"date":"2015-07-03T11:34:04","date_gmt":"2015-07-03T11:34:04","guid":{"rendered":"http:\/\/www.partitura.fss.ukf.sk\/?page_id=240"},"modified":"2019-12-09T08:10:36","modified_gmt":"2019-12-09T08:10:36","slug":"vilagepites-mesterfokon-santa-szilard-mesterseges-horizontok-bevezetes-a-kortars-sci-fi-olvasasaba","status":"publish","type":"page","link":"http:\/\/www.partitura.fss.ukf.sk\/?page_id=240","title":{"rendered":"Vil\u00e1g\u00e9p\u00edt\u00e9s mesterfokon. S\u00e1nta Szil\u00e1rd: Mesters\u00e9ges horizontok: Bevezet\u00e9s a kort\u00e1rs sci-fi olvas\u00e1s\u00e1ba"},"content":{"rendered":"<h3>Baka L. Patrik<\/h3>\n<p><strong>IN:<\/strong>\u00a0Partit\u00fara Irodalomtudom\u00e1nyi foly\u00f3irat, IX. \u00e9vfolyam, 2. sz\u00e1m, 2014, 141-147. oldal, ISSN 1336-7307<\/p>\n<p><strong>DOI:\u00a0<\/strong>10.17846\/PA.2014.9.2.141-147<\/p>\n<p><a href=\"http:\/\/www.partitura.fss.ukf.sk\/wp-content\/uploads\/2015\/07\/2014_2_baka_l_patrik.pdf\"><strong>Teljes sz\u00f6veg<\/strong><\/a><\/p>\n<p>&nbsp;<\/p>\n","protected":false},"excerpt":{"rendered":"<p>Baka L. Patrik IN:\u00a0Partit\u00fara Irodalomtudom\u00e1nyi foly\u00f3irat, IX. \u00e9vfolyam, 2. sz\u00e1m, 2014, 141-147. oldal, ISSN 1336-7307 [&hellip;]<\/p>\n","protected":false},"author":1,"featured_media":0,"parent":0,"menu_order":0,"comment_status":"closed","ping_status":"open","template":"","meta":[],"_links":{"self":[{"href":"http:\/\/www.partitura.fss.ukf.sk\/index.php?rest_route=\/wp\/v2\/pages\/240"}],"collection":[{"href":"http:\/\/www.partitura.fss.ukf.sk\/index.php?rest_route=\/wp\/v2\/pages"}],"about":[{"href":"http:\/\/www.partitura.fss.ukf.sk\/index.php?rest_route=\/wp\/v2\/types\/page"}],"author":[{"embeddable":true,"href":"http:\/\/www.partitura.fss.ukf.sk\/index.php?rest_route=\/wp\/v2\/users\/1"}],"replies":[{"embeddable":true,"href":"http:\/\/www.partitura.fss.ukf.sk\/index.php?rest_route=%2Fwp%2Fv2%2Fcomments&post=240"}],"version-history":[{"count":6,"href":"http:\/\/www.partitura.fss.ukf.sk\/index.php?rest_route=\/wp\/v2\/pages\/240\/revisions"}],"predecessor-version":[{"id":1495,"href":"http:\/\/www.partitura.fss.ukf.sk\/index.php?rest_route=\/wp\/v2\/pages\/240\/revisions\/1495"}],"wp:attachment":[{"href":"http:\/\/www.partitura.fss.ukf.sk\/index.php?rest_route=%2Fwp%2Fv2%2Fmedia&parent=240"}],"curies":[{"name":"wp","href":"https:\/\/api.w.org\/{rel}","templated":true}]}}