{"id":2620,"date":"2013-08-29T13:13:52","date_gmt":"2013-08-29T13:13:52","guid":{"rendered":"http:\/\/www.partitura.fss.ukf.sk\/?page_id=2620"},"modified":"2019-12-09T08:10:20","modified_gmt":"2019-12-09T08:10:20","slug":"a-fantasztikum-mint-orosz-irodalmi-jelenseg","status":"publish","type":"page","link":"http:\/\/www.partitura.fss.ukf.sk\/?page_id=2620","title":{"rendered":"A fantasztikum mint orosz irodalmi jelens\u00e9g"},"content":{"rendered":"<h3>Rig\u00f3 Gyula<\/h3>\n<p><strong><span style=\"color: #666666;\">IN:\u00a0<\/span><\/strong><span style=\"color: #666666;\">Partit\u00fara Irodalomtudom\u00e1nyi foly\u00f3irat, \u00c9vfolyam: VIII. \u00a0, Sz\u00e1m 1, 2013, 33-60. oldal ,\u00a0ISSN 1336-7307<\/span><\/p>\n<p><strong>DOI:\u00a0<\/strong>10.17846\/PA.2013.8.1.33-60<\/p>\n<p><strong>Absztrakt:<\/strong><\/p>\n<blockquote><p>Az orosz irodalom evol\u00faci\u00f3j\u00e1ban a fantasztikum mint irodalmi jelens\u00e9g produkt\u00edv vonulata j\u00f3l kirajzol\u00f3dik a 18. sz\u00e1zad v\u00e9g\u00e9t\u00f6l eg\u00e9szen napjainkig. Tetten \u00e9rhet\u0151 egyar\u00e1nt a Puskinnal indul\u00f3 \u201earany\u201d \u00e9vsz\u00e1zad sor\u00e1n a hoffmanni hagyom\u00e1nyban, a Poe \u00e1ltal \u00fajj\u00e1teremtett fantasztikus m\u00fcfajok orosz tov\u00e1bb\u00e9l\u00e9s\u00e9ben, P\u00e9terv\u00e1r irodalmi mitol\u00f3gi\u00e1j\u00e1ban, a kora 20. sz\u00e1zadi \u201eez\u00fcstkorban\u201d vagy a szt\u00e1lini id\u0151k ut\u00f3pi\u00e1iban, de ugyan\u00fagy a napjainkban is vir\u00e1gz\u00f3 groteszk fantasy m\u0171fajokban is. a tanulm\u00e1ny \u2013 els\u0151sorban Puskin, Gogol, Turgenyev, Dosztojevszkij, Andrej Belij, Bulgakov, Grin, Platonov \u00e9s Pelevin \u00edr\u00e1saival illusztr\u00e1lva \u2013 g\u00f3rcs\u0151 al\u00e1 veszi a fantasztikum elm\u00e9leti \u00e9s m\u0171faji hagyom\u00e1ny\u00e1t az orosz irodalomban \u00e9s irodalomkritik\u00e1kban, vizsg\u00e1lja a hoffmannista trad\u00edci\u00f3t \u00e9s Poe hat\u00e1s\u00e1t, fantasztikum \u00e9s fikci\u00f3 narrat\u00edv modalit\u00e1s\u00e1t, valamint az \u00e1lom jelens\u00e9g\u00e9nek vizsg\u00e1lat\u00e1t az orosz irodalmi fantasztikum t\u00f6rt\u00e9net\u00e9ben.<\/p><\/blockquote>\n<p><a href=\"http:\/\/www.partitura.fss.ukf.sk\/wp-content\/uploads\/2013\/Partitura-2013-01-033-060.pdf\"><strong>Teljes sz\u00f6veg<\/strong><\/a><\/p>\n","protected":false},"excerpt":{"rendered":"<p>Rig\u00f3 Gyula IN:\u00a0Partit\u00fara Irodalomtudom\u00e1nyi foly\u00f3irat, \u00c9vfolyam: VIII. \u00a0, Sz\u00e1m 1, 2013, 33-60. oldal ,\u00a0ISSN 1336-7307 [&hellip;]<\/p>\n","protected":false},"author":5,"featured_media":0,"parent":0,"menu_order":0,"comment_status":"closed","ping_status":"closed","template":"","meta":[],"_links":{"self":[{"href":"http:\/\/www.partitura.fss.ukf.sk\/index.php?rest_route=\/wp\/v2\/pages\/2620"}],"collection":[{"href":"http:\/\/www.partitura.fss.ukf.sk\/index.php?rest_route=\/wp\/v2\/pages"}],"about":[{"href":"http:\/\/www.partitura.fss.ukf.sk\/index.php?rest_route=\/wp\/v2\/types\/page"}],"author":[{"embeddable":true,"href":"http:\/\/www.partitura.fss.ukf.sk\/index.php?rest_route=\/wp\/v2\/users\/5"}],"replies":[{"embeddable":true,"href":"http:\/\/www.partitura.fss.ukf.sk\/index.php?rest_route=%2Fwp%2Fv2%2Fcomments&post=2620"}],"version-history":[{"count":3,"href":"http:\/\/www.partitura.fss.ukf.sk\/index.php?rest_route=\/wp\/v2\/pages\/2620\/revisions"}],"predecessor-version":[{"id":3612,"href":"http:\/\/www.partitura.fss.ukf.sk\/index.php?rest_route=\/wp\/v2\/pages\/2620\/revisions\/3612"}],"wp:attachment":[{"href":"http:\/\/www.partitura.fss.ukf.sk\/index.php?rest_route=%2Fwp%2Fv2%2Fmedia&parent=2620"}],"curies":[{"name":"wp","href":"https:\/\/api.w.org\/{rel}","templated":true}]}}