{"id":2669,"date":"2013-08-29T14:19:07","date_gmt":"2013-08-29T14:19:07","guid":{"rendered":"http:\/\/www.partitura.fss.ukf.sk\/?page_id=2669"},"modified":"2019-12-09T08:10:22","modified_gmt":"2019-12-09T08:10:22","slug":"a-teremto-jelenlet-poetikaja-a-jelentes-meghaladasa","status":"publish","type":"page","link":"http:\/\/www.partitura.fss.ukf.sk\/?page_id=2669","title":{"rendered":"A teremt\u0151 jelenl\u00e9t po\u00e9tik\u00e1ja. A jelent\u00e9s meghalad\u00e1sa (?)"},"content":{"rendered":"<h3>Dobos Istv\u00e1n<\/h3>\n<p><strong><span style=\"color: #666666;\">IN:\u00a0<\/span><\/strong><span style=\"color: #666666;\">Partit\u00fara Irodalomtudom\u00e1nyi foly\u00f3irat, \u00c9vfolyam: VIII. \u00a0, Sz\u00e1m 1, 2013, 113-123. oldal ,\u00a0ISSN 1336-7307<\/span><\/p>\n<p><strong>DOI:\u00a0<\/strong>10.17846\/PA.2013.8.1.113-123<\/p>\n<p><strong>Absztrakt:<\/strong><\/p>\n<blockquote><p>A tanulm\u00e1ny az <em>Iskola a hat\u00e1ron<\/em> \u00fajraolvas\u00e1s\u00e1ra v\u00e1llalkozik. Alapfeltev\u00e9se szerint kit\u00fcntetett szerepet j\u00e1tszanak a reg\u00e9nyben a teremt\u0151 jelenl\u00e9t-\u00e9lm\u00e9nyek, amelyek mag\u00e1val ragad\u00f3 l\u00e1tv\u00e1nyhoz, val\u00f3szer\u0171tlen \u00e9rz\u00e9ki hat\u00e1shoz, vagy szab\u00e1lytalan, v\u00e9letlenszer\u0171, megvil\u00e1gosod\u00e1st hoz\u00f3 esem\u00e9nyhez kapcsol\u00f3dnak. A teremt\u0151 jelz\u0151 azt hivatott kifejezni, hogy a jelenl\u00e9t megtapasztal\u00e1s\u00e1nak \u00e1that\u00f3 pillanataiban m\u00e1s l\u00e9tez\u00e9s lehet\u0151s\u00e9ge t\u00e1rulkozik fel, a l\u00e9tnek olyan form\u00e1ja, amely megnyitja a c\u00e9lszer\u0171s\u00e9gek vil\u00e1g\u00e1b\u00f3l kivezet\u0151 utat. Hogyan lehet megragadni, meg\u00f6r\u00f6k\u00edteni, s felid\u00e9zni a teremt\u0151 jelenl\u00e9t-\u00e9lm\u00e9nyek hat\u00e1s\u00e1t, mik\u00e9nt v\u00e1lhat az elbesz\u00e9l\u00e9s a jelenl\u00e9t \u00e9rv\u00e9nyes kifejez\u00e9sform\u00e1j\u00e1v\u00e1? Eff\u00e9le k\u00e9rd\u00e9sek alkotj\u00e1k az \u00e9rtelmez\u00e9s vez\u00e9rfonal\u00e1t a tanulm\u00e1nyban.<\/p><\/blockquote>\n<p><a href=\"http:\/\/www.partitura.fss.ukf.sk\/wp-content\/uploads\/2013\/Partitura-2013-01-113-123.pdf\"><strong>Teljes sz\u00f6veg<\/strong><\/a><\/p>\n","protected":false},"excerpt":{"rendered":"<p>Dobos Istv\u00e1n IN:\u00a0Partit\u00fara Irodalomtudom\u00e1nyi foly\u00f3irat, \u00c9vfolyam: VIII. \u00a0, Sz\u00e1m 1, 2013, 113-123. oldal ,\u00a0ISSN 1336-7307 [&hellip;]<\/p>\n","protected":false},"author":5,"featured_media":0,"parent":0,"menu_order":0,"comment_status":"closed","ping_status":"closed","template":"","meta":[],"_links":{"self":[{"href":"http:\/\/www.partitura.fss.ukf.sk\/index.php?rest_route=\/wp\/v2\/pages\/2669"}],"collection":[{"href":"http:\/\/www.partitura.fss.ukf.sk\/index.php?rest_route=\/wp\/v2\/pages"}],"about":[{"href":"http:\/\/www.partitura.fss.ukf.sk\/index.php?rest_route=\/wp\/v2\/types\/page"}],"author":[{"embeddable":true,"href":"http:\/\/www.partitura.fss.ukf.sk\/index.php?rest_route=\/wp\/v2\/users\/5"}],"replies":[{"embeddable":true,"href":"http:\/\/www.partitura.fss.ukf.sk\/index.php?rest_route=%2Fwp%2Fv2%2Fcomments&post=2669"}],"version-history":[{"count":1,"href":"http:\/\/www.partitura.fss.ukf.sk\/index.php?rest_route=\/wp\/v2\/pages\/2669\/revisions"}],"predecessor-version":[{"id":2670,"href":"http:\/\/www.partitura.fss.ukf.sk\/index.php?rest_route=\/wp\/v2\/pages\/2669\/revisions\/2670"}],"wp:attachment":[{"href":"http:\/\/www.partitura.fss.ukf.sk\/index.php?rest_route=%2Fwp%2Fv2%2Fmedia&parent=2669"}],"curies":[{"name":"wp","href":"https:\/\/api.w.org\/{rel}","templated":true}]}}