{"id":2675,"date":"2013-08-29T14:28:16","date_gmt":"2013-08-29T14:28:16","guid":{"rendered":"http:\/\/www.partitura.fss.ukf.sk\/?page_id=2675"},"modified":"2019-12-09T08:10:21","modified_gmt":"2019-12-09T08:10:21","slug":"a-ket-ut-csath-geza-a-magany-tortenetei","status":"publish","type":"page","link":"http:\/\/www.partitura.fss.ukf.sk\/?page_id=2675","title":{"rendered":"A k\u00e9t \u00fat. Cs\u00e1th G\u00e9za: <em>A mag\u00e1ny t\u00f6rt\u00e9netei<\/em>"},"content":{"rendered":"<h3>Ondrej\u010d\u00e1k Eszter<\/h3>\n<p><strong><span style=\"color: #666666;\">IN:\u00a0<\/span><\/strong><span style=\"color: #666666;\">Partit\u00fara Irodalomtudom\u00e1nyi foly\u00f3irat, \u00c9vfolyam: VIII. \u00a0, Sz\u00e1m 1, 2013, 125-130. oldal ,\u00a0ISSN 1336-7307<\/span><\/p>\n<p><strong>DOI:\u00a0<\/strong>10.17846\/PA.2013.8.1.125-130<\/p>\n<p><strong>Absztrakt:<\/strong><\/p>\n<blockquote><p>A tanulm\u00e1ny Cs\u00e1th-novell\u00e1k szerkezeti vizsg\u00e1lat\u00e1val \u00e9s jelent\u00e9sr\u00e9tegeinek t\u00e1rgyal\u00e1s\u00e1val foglalkozik. Ennek sor\u00e1n olyan elm\u00e9leti k\u00e9rd\u00e9seket vet fel, melyek a t\u00f6rt\u00e9net, a cselekm\u00e9ny \u00e9s a narr\u00e1ci\u00f3 fogalomk\u00f6r\u00e9t \u00e9rintik. K\u00f6z\u00e9ppontban a r\u00f6vidt\u00f6rt\u00e9net elbesz\u00e9l\u00e9sm\u00f3dja \u00e9s a keretelbesz\u00e9l\u00e9s elm\u00e9leti k\u00e9rd\u00e9sei \u00e1llnak.<\/p><\/blockquote>\n<p><a href=\"http:\/\/www.partitura.fss.ukf.sk\/wp-content\/uploads\/2013\/Partitura-2013-01-125-130.pdf\"><strong>Teljes sz\u00f6veg<\/strong><\/a><\/p>\n","protected":false},"excerpt":{"rendered":"<p>Ondrej\u010d\u00e1k Eszter IN:\u00a0Partit\u00fara Irodalomtudom\u00e1nyi foly\u00f3irat, \u00c9vfolyam: VIII. \u00a0, Sz\u00e1m 1, 2013, 125-130. oldal ,\u00a0ISSN 1336-7307 [&hellip;]<\/p>\n","protected":false},"author":5,"featured_media":0,"parent":0,"menu_order":0,"comment_status":"closed","ping_status":"closed","template":"","meta":[],"_links":{"self":[{"href":"http:\/\/www.partitura.fss.ukf.sk\/index.php?rest_route=\/wp\/v2\/pages\/2675"}],"collection":[{"href":"http:\/\/www.partitura.fss.ukf.sk\/index.php?rest_route=\/wp\/v2\/pages"}],"about":[{"href":"http:\/\/www.partitura.fss.ukf.sk\/index.php?rest_route=\/wp\/v2\/types\/page"}],"author":[{"embeddable":true,"href":"http:\/\/www.partitura.fss.ukf.sk\/index.php?rest_route=\/wp\/v2\/users\/5"}],"replies":[{"embeddable":true,"href":"http:\/\/www.partitura.fss.ukf.sk\/index.php?rest_route=%2Fwp%2Fv2%2Fcomments&post=2675"}],"version-history":[{"count":2,"href":"http:\/\/www.partitura.fss.ukf.sk\/index.php?rest_route=\/wp\/v2\/pages\/2675\/revisions"}],"predecessor-version":[{"id":2683,"href":"http:\/\/www.partitura.fss.ukf.sk\/index.php?rest_route=\/wp\/v2\/pages\/2675\/revisions\/2683"}],"wp:attachment":[{"href":"http:\/\/www.partitura.fss.ukf.sk\/index.php?rest_route=%2Fwp%2Fv2%2Fmedia&parent=2675"}],"curies":[{"name":"wp","href":"https:\/\/api.w.org\/{rel}","templated":true}]}}