{"id":2751,"date":"2012-09-05T10:39:43","date_gmt":"2012-09-05T10:39:43","guid":{"rendered":"http:\/\/www.partitura.fss.ukf.sk\/?page_id=2751"},"modified":"2019-12-09T08:10:25","modified_gmt":"2019-12-09T08:10:25","slug":"az-ujrairas-alternativai-javaslatok-meszaros-marton-mai-magyar-irodalmi-ovlasokonyvenek-esetleges-uj-kiadasahoz-2","status":"publish","type":"page","link":"http:\/\/www.partitura.fss.ukf.sk\/?page_id=2751","title":{"rendered":"Az \u00fajra\u00edr\u00e1s alternat\u00edv\u00e1i. Javaslatok M\u00e9sz\u00e1ros M\u00e1rton <em>Mai magyar irodalmi olvas\u00f3k\u00f6nyv<\/em>\u00e9nek esetleges \u00faj kiad\u00e1s\u00e1hoz"},"content":{"rendered":"<h3>M\u00e1rton Solt\u00e9sz<\/h3>\n<p><strong><span style=\"color: #666666;\">IN:\u00a0<\/span><\/strong><span style=\"color: #666666;\">Partit\u00fara Irodalomtudom\u00e1nyi foly\u00f3irat, Volume VII. \u00a0, Issue 1, 2012, p. 121-132,\u00a0ISSN 1336-7307<\/span><\/p>\n<p><strong>DOI:\u00a0<\/strong>10.17846\/PA.2012.7.1.121-132<\/p>\n<p><a href=\"http:\/\/www.partitura.fss.ukf.sk\/wp-content\/uploads\/2012\/Partitura-2012-01-121-132.pdf\"><strong>Whole issue<\/strong><\/a><\/p>\n","protected":false},"excerpt":{"rendered":"<p>M\u00e1rton Solt\u00e9sz IN:\u00a0Partit\u00fara Irodalomtudom\u00e1nyi foly\u00f3irat, Volume VII. \u00a0, Issue 1, 2012, p. 121-132,\u00a0ISSN 1336-7307 DOI:\u00a010.17846\/PA.2012.7.1.121-132 [&hellip;]<\/p>\n","protected":false},"author":5,"featured_media":0,"parent":0,"menu_order":0,"comment_status":"closed","ping_status":"closed","template":"","meta":[],"_links":{"self":[{"href":"http:\/\/www.partitura.fss.ukf.sk\/index.php?rest_route=\/wp\/v2\/pages\/2751"}],"collection":[{"href":"http:\/\/www.partitura.fss.ukf.sk\/index.php?rest_route=\/wp\/v2\/pages"}],"about":[{"href":"http:\/\/www.partitura.fss.ukf.sk\/index.php?rest_route=\/wp\/v2\/types\/page"}],"author":[{"embeddable":true,"href":"http:\/\/www.partitura.fss.ukf.sk\/index.php?rest_route=\/wp\/v2\/users\/5"}],"replies":[{"embeddable":true,"href":"http:\/\/www.partitura.fss.ukf.sk\/index.php?rest_route=%2Fwp%2Fv2%2Fcomments&post=2751"}],"version-history":[{"count":3,"href":"http:\/\/www.partitura.fss.ukf.sk\/index.php?rest_route=\/wp\/v2\/pages\/2751\/revisions"}],"predecessor-version":[{"id":2763,"href":"http:\/\/www.partitura.fss.ukf.sk\/index.php?rest_route=\/wp\/v2\/pages\/2751\/revisions\/2763"}],"wp:attachment":[{"href":"http:\/\/www.partitura.fss.ukf.sk\/index.php?rest_route=%2Fwp%2Fv2%2Fmedia&parent=2751"}],"curies":[{"name":"wp","href":"https:\/\/api.w.org\/{rel}","templated":true}]}}