{"id":3006,"date":"2020-01-08T11:19:54","date_gmt":"2020-01-08T11:19:54","guid":{"rendered":"http:\/\/www.partitura.fss.ukf.sk\/?page_id=3006"},"modified":"2020-01-08T16:27:12","modified_gmt":"2020-01-08T16:27:12","slug":"esterhazy-peter-a-kozep-europai-irodalmi-kanonban-a-szlovak-pelda","status":"publish","type":"page","link":"http:\/\/www.partitura.fss.ukf.sk\/?page_id=3006","title":{"rendered":"Esterh\u00e1zy P\u00e9ter a k\u00f6z\u00e9p-eur\u00f3pai irodalmi k\u00e1nonban \u2013 a szlov\u00e1k p\u00e9lda"},"content":{"rendered":"<h3>G\u00f6r\u00f6zdi Judit<\/h3>\n<p><strong><span style=\"color: #666666;\">IN:\u00a0<\/span><\/strong><span style=\"color: #666666;\">Partit\u00fara Irodalomtudom\u00e1nyi foly\u00f3irat, \u00c9vfolyam: XIV. \u00a0, Sz\u00e1m 1, 2019, 39-50.\u00a0oldal ,\u00a0ISSN 1336-7307<\/span><\/p>\n<p><strong>DOI:\u00a0<\/strong>10.17846\/PA.2019.14.1.39-50<\/p>\n<p><strong>Absztrakt:<\/strong><\/p>\n<blockquote><p>A dolgozat arra keres v\u00e1laszt, l\u00e9tezik-e a k\u00f6z\u00e9p-eur\u00f3pai szerz\u0151k\/m\u0171vek valamif\u00e9le k\u00f6z\u00e9p-eur\u00f3pai k\u00e1nona; Esterh\u00e1zy P\u00e9ter szlov\u00e1k recepci\u00f3ja alapj\u00e1n a befogad\u00f3 irodalomban (a befogad\u00f3 irodalom vil\u00e1g-, illetve k\u00f6z\u00e9p-eur\u00f3pai irodalomk\u00e9p\u00e9ben) t\u00f6rt\u00e9n\u0151 \u201ekanoniz\u00e1l\u00f3d\u00e1s\u201c ism\u00e9rveit vizsg\u00e1lja k\u00fcl\u00f6n\u00f6s tekintettel a ford\u00edt\u00e1s funkci\u00f3j\u00e1ra \u00e9s a k\u00f6z\u00e9p-eur\u00f3pais\u00e1gra mint olyan diszkurz\u00edv fogalomra, amely nemcsak a szerz\u0151 sz\u00f6vegeit szervezi\/keretezi\/form\u00e1zza, hanem itt a recepci\u00f3 alakzatak\u00e9nt is szerepet j\u00e1tszik. az Esterh\u00e1zy-\u00e9letm\u0171 szlov\u00e1k t\u00f6rt\u00e9net\u00e9t a szlov\u00e1kul 2005-ben els\u0151k\u00e9nt megjelent Harmonia C\u00e6lestis-t\u0151l a szerz\u0151 utols\u00f3 sz\u00ednpadi m\u0171v\u00e9ig, a Azlov\u00e1k Nemzeti Az\u00ednh\u00e1z felk\u00e9r\u00e9s\u00e9re \u00edrt, Mercedes Benz c. k\u00f6z\u00e9p-eur\u00f3pai emberis\u00e9gdr\u00e1m\u00e1ig k\u00f6veti.<\/p><\/blockquote>\n<p><a href=\"http:\/\/www.partitura.fss.ukf.sk\/wp-content\/uploads\/2020\/01\/Partitura2019_01_39-50.pdf\"><strong>Teljes sz\u00f6veg<\/strong><\/a><\/p>\n","protected":false},"excerpt":{"rendered":"<p>G\u00f6r\u00f6zdi Judit IN:\u00a0Partit\u00fara Irodalomtudom\u00e1nyi foly\u00f3irat, \u00c9vfolyam: XIV. \u00a0, Sz\u00e1m 1, 2019, 39-50.\u00a0oldal ,\u00a0ISSN 1336-7307 DOI:\u00a010.17846\/PA.2019.14.1.39-50 [&hellip;]<\/p>\n","protected":false},"author":5,"featured_media":0,"parent":0,"menu_order":0,"comment_status":"closed","ping_status":"closed","template":"","meta":[],"_links":{"self":[{"href":"http:\/\/www.partitura.fss.ukf.sk\/index.php?rest_route=\/wp\/v2\/pages\/3006"}],"collection":[{"href":"http:\/\/www.partitura.fss.ukf.sk\/index.php?rest_route=\/wp\/v2\/pages"}],"about":[{"href":"http:\/\/www.partitura.fss.ukf.sk\/index.php?rest_route=\/wp\/v2\/types\/page"}],"author":[{"embeddable":true,"href":"http:\/\/www.partitura.fss.ukf.sk\/index.php?rest_route=\/wp\/v2\/users\/5"}],"replies":[{"embeddable":true,"href":"http:\/\/www.partitura.fss.ukf.sk\/index.php?rest_route=%2Fwp%2Fv2%2Fcomments&post=3006"}],"version-history":[{"count":2,"href":"http:\/\/www.partitura.fss.ukf.sk\/index.php?rest_route=\/wp\/v2\/pages\/3006\/revisions"}],"predecessor-version":[{"id":3089,"href":"http:\/\/www.partitura.fss.ukf.sk\/index.php?rest_route=\/wp\/v2\/pages\/3006\/revisions\/3089"}],"wp:attachment":[{"href":"http:\/\/www.partitura.fss.ukf.sk\/index.php?rest_route=%2Fwp%2Fv2%2Fmedia&parent=3006"}],"curies":[{"name":"wp","href":"https:\/\/api.w.org\/{rel}","templated":true}]}}