{"id":3217,"date":"2021-04-07T10:21:13","date_gmt":"2021-04-07T10:21:13","guid":{"rendered":"http:\/\/www.partitura.fss.ukf.sk\/?page_id=3217"},"modified":"2021-04-07T10:23:20","modified_gmt":"2021-04-07T10:23:20","slug":"akusztikus-vizualis-egyutthatas-a-kepeskonyves-meselesben","status":"publish","type":"page","link":"http:\/\/www.partitura.fss.ukf.sk\/?page_id=3217","title":{"rendered":"Akusztikus-vizu\u00e1lis egy\u00fctthat\u00e1s a k\u00e9pesk\u00f6nyves mes\u00e9l\u00e9sben"},"content":{"rendered":"<h3>Varga Em\u0151ke<\/h3>\n<p><strong><span style=\"color: #666666;\">IN:\u00a0<\/span><\/strong><span style=\"color: #666666;\">Partit\u00fara Irodalomtudom\u00e1nyi foly\u00f3irat, \u00c9vfolyam XV. \u00a0, Sz\u00e1m 2, 2020, 31-40. oldal ,\u00a0ISSN 1336-7307<\/span><\/p>\n<p><strong>DOI:\u00a0<\/strong>10.17846\/PA.2020.15.2.31-40<\/p>\n<p><strong>Absztrakt:<\/strong><\/p>\n<blockquote><p>A k\u00e9pesk\u00f6nyves mes\u00e9l\u00e9s minden m\u00e1s mesek\u00f6zvet\u00edt\u00e9si m\u00f3dhoz viszony\u00edtott differenci\u00e1j\u00e1t a hangz\u00f3 nyelvi \u00e9s az \u00e1ll\u00f3k\u00e9pi m\u00f3dusz egym\u00e1sra vonatkoz\u00e1sa \u00e9s ekapcsolat alapvet\u0151en interpenetr\u00e1ci\u00f3s jellege adja. A tanulm\u00e1ny e specifikumot m\u00e9diumt\u00f6rt\u00e9neti kontextusba helyezi, mik\u00f6zben a mes\u00e9l\u00e9s folyamat\u00e1nak jellemz\u0151it modell\u00e1llja, v\u00e1zolva a hangz\u00f3 sz\u00f3val k\u00eds\u00e9rt k\u00e9pi \u00e9s a k\u00e9ppel k\u00eds\u00e9rt hangz\u00f3 nyelvi befogad\u00e1s\u00e1nak bilater\u00e1lis \u00e9s szcenikus jelleg\u00e9t. Meg\u00e1llap\u00edtja tov\u00e1bb\u00e1, hogy a magyarorsz\u00e1gi int\u00e9zm\u00e9nyi nevel\u00e9s \u00e9s oktat\u00e1s \u2013 az egyszerre a \u201er\u00e9gi\u201d, a hangz\u00f3 nyelvi \u00e9s a \u201ekorszer\u0171\u201d, a multimod\u00e1lis m\u00f3duszon alapul\u00f3 \u2013 k\u00e9pesk\u00f6nyves t\u00f6rt\u00e9netk\u00f6zvet\u00edt\u00e9s potenci\u00e1ljait nem, vagy alig haszn\u00e1lja ki.<\/p><\/blockquote>\n<p><a href=\"http:\/\/www.partitura.fss.ukf.sk\/wp-content\/uploads\/2021\/04\/Partitura-2020-2-031-040.pdf\"><strong>Teljes sz\u00f6veg<\/strong><\/a><\/p>\n","protected":false},"excerpt":{"rendered":"<p>Varga Em\u0151ke IN:\u00a0Partit\u00fara Irodalomtudom\u00e1nyi foly\u00f3irat, \u00c9vfolyam XV. \u00a0, Sz\u00e1m 2, 2020, 31-40. oldal ,\u00a0ISSN 1336-7307 [&hellip;]<\/p>\n","protected":false},"author":5,"featured_media":0,"parent":0,"menu_order":0,"comment_status":"closed","ping_status":"closed","template":"","meta":[],"_links":{"self":[{"href":"http:\/\/www.partitura.fss.ukf.sk\/index.php?rest_route=\/wp\/v2\/pages\/3217"}],"collection":[{"href":"http:\/\/www.partitura.fss.ukf.sk\/index.php?rest_route=\/wp\/v2\/pages"}],"about":[{"href":"http:\/\/www.partitura.fss.ukf.sk\/index.php?rest_route=\/wp\/v2\/types\/page"}],"author":[{"embeddable":true,"href":"http:\/\/www.partitura.fss.ukf.sk\/index.php?rest_route=\/wp\/v2\/users\/5"}],"replies":[{"embeddable":true,"href":"http:\/\/www.partitura.fss.ukf.sk\/index.php?rest_route=%2Fwp%2Fv2%2Fcomments&post=3217"}],"version-history":[{"count":3,"href":"http:\/\/www.partitura.fss.ukf.sk\/index.php?rest_route=\/wp\/v2\/pages\/3217\/revisions"}],"predecessor-version":[{"id":3221,"href":"http:\/\/www.partitura.fss.ukf.sk\/index.php?rest_route=\/wp\/v2\/pages\/3217\/revisions\/3221"}],"wp:attachment":[{"href":"http:\/\/www.partitura.fss.ukf.sk\/index.php?rest_route=%2Fwp%2Fv2%2Fmedia&parent=3217"}],"curies":[{"name":"wp","href":"https:\/\/api.w.org\/{rel}","templated":true}]}}

Akusztikus-vizuális együtthatás a képeskönyves mesélésben

<h3>Varga Emőke</h3>
<p><strong><span style="color: #666666;">IN: </span></strong><span style="color: #666666;">Partitúra Irodalomtudományi folyóirat, Évfolyam XV.  , Szám 2, 2020, 31-40. oldal , ISSN 1336-7307</span></p>
<p><strong>DOI: </strong>10.17846/PA.2020.15.2.31-40</p>
<p><strong>Absztrakt:</strong></p>
<blockquote><p>A képeskönyves mesélés minden más meseközvetítési módhoz viszonyított differenciáját a hangzó nyelvi és az állóképi módusz egymásra vonatkozása és ekapcsolat alapvetően interpenetrációs jellege adja. A tanulmány e specifikumot médiumtörténeti kontextusba helyezi, miközben a mesélés folyamatának jellemzőit modellállja, vázolva a hangzó szóval kísért képi és a képpel kísért hangzó nyelvi befogadásának bilaterális és szcenikus jellegét. Megállapítja továbbá, hogy a magyarországi intézményi nevelés és oktatás – az egyszerre a „régi”, a hangzó nyelvi és a „korszerű”, a multimodális móduszon alapuló – képeskönyves történetközvetítés potenciáljait nem, vagy alig használja ki.</p></blockquote>
<p><a href="http://www.partitura.fss.ukf.sk/wp-content/uploads/2021/04/Partitura-2020-2-031-040.pdf"><strong>Teljes szöveg</strong></a></p>

<p>Varga Emőke IN: Partitúra Irodalomtudományi folyóirat, Évfolyam XV.  , Szám 2, 2020, 31-40. oldal , ISSN 1336-7307 [&hellip;]</p>
