{"id":3225,"date":"2021-04-07T10:28:54","date_gmt":"2021-04-07T10:28:54","guid":{"rendered":"http:\/\/www.partitura.fss.ukf.sk\/?page_id=3225"},"modified":"2021-04-07T10:29:45","modified_gmt":"2021-04-07T10:29:45","slug":"fekete-feher-szines-szurke-vizualis-hatasok-a-mimi-liza-c-mesekonyvben","status":"publish","type":"page","link":"http:\/\/www.partitura.fss.ukf.sk\/?page_id=3225","title":{"rendered":"Fekete, feh\u00e9r, sz\u00ednes, sz\u00fcrke. Vizu\u00e1lis hat\u00e1sok a <em>Mimi &#038; Liza<\/em> c. mesek\u00f6nyvben"},"content":{"rendered":"<h3>Petres Csizmadia Gabriella<\/h3>\n<p><strong><span style=\"color: #666666;\">IN:\u00a0<\/span><\/strong><span style=\"color: #666666;\">Partit\u00fara Irodalomtudom\u00e1nyi foly\u00f3irat, \u00c9vfolyam XV. \u00a0, Sz\u00e1m 2, 2020, 51-62. oldal ,\u00a0ISSN 1336-7307<\/span><\/p>\n<p><strong>DOI:\u00a0<\/strong>10.17846\/PA.2020.15.2.51-62<\/p>\n<p><strong>Absztrakt:<\/strong><\/p>\n<blockquote><p>A tanulm\u00e1ny a Katar\u00edna Kerekesov\u00e1 \u2013 Katar\u00edna Mol\u00e1kov\u00e1 \u2013 Alexandra Salmela \u00edrta Mimi &#038; Liza c. mesek\u00f6nyv intermedi\u00e1lis szempont\u00fa \u00e9rtelmez\u00e9s\u00e9t t\u00e1rja az olvas\u00f3 el\u00e9. Az elemz\u00e9s a mitchelli m\u00e9diumfelfog\u00e1sra alapozva a gyerekk\u00f6nyv-kult\u00fara intermedi\u00e1lis \u00e1llapot\u00e1nak konstat\u00e1l\u00e1s\u00e1b\u00f3l indul ki, majd a vizu\u00e1lis elemek felt\u00e1r\u00e1s\u00e1t a sz\u00f6veg retorik\u00e1ja keltette plasztikus vizu\u00e1lis hat\u00e1sok vizsg\u00e1lat\u00e1n kereszt\u00fcl k\u00eds\u00e9ri nyomon. A sz\u00f6vegben megnyilatkoz\u00f3 fant\u00e1ziak\u00e9p-ekphr\u00e1sziszok Irina O. Rajewsky intermedialit\u00e1s-\u00e9rtelmez\u00e9se alapj\u00e1n intermedi\u00e1lis referenciak\u00e9nt ker\u00fclnek bemutat\u00e1sra. A tanulm\u00e1ny t\u00f6bb p\u00e9ld\u00e1n kereszt\u00fcl ismerteti \u00e9s elemzi a nyelv seg\u00edts\u00e9g\u00e9vel megval\u00f3sul\u00f3 vizulaliz\u00e1l\u00e1s, a sz\u00f3festette l\u00e1tv\u00e1nyvil\u00e1g mechanizmusait.<\/p><\/blockquote>\n<p><a href=\"http:\/\/www.partitura.fss.ukf.sk\/wp-content\/uploads\/2021\/04\/Partitura-2020-2-051-062.pdf\"><strong>Teljes sz\u00f6veg<\/strong><\/a><\/p>\n","protected":false},"excerpt":{"rendered":"<p>Petres Csizmadia Gabriella IN:\u00a0Partit\u00fara Irodalomtudom\u00e1nyi foly\u00f3irat, \u00c9vfolyam XV. \u00a0, Sz\u00e1m 2, 2020, 51-62. oldal ,\u00a0ISSN [&hellip;]<\/p>\n","protected":false},"author":5,"featured_media":0,"parent":0,"menu_order":0,"comment_status":"closed","ping_status":"closed","template":"","meta":[],"_links":{"self":[{"href":"http:\/\/www.partitura.fss.ukf.sk\/index.php?rest_route=\/wp\/v2\/pages\/3225"}],"collection":[{"href":"http:\/\/www.partitura.fss.ukf.sk\/index.php?rest_route=\/wp\/v2\/pages"}],"about":[{"href":"http:\/\/www.partitura.fss.ukf.sk\/index.php?rest_route=\/wp\/v2\/types\/page"}],"author":[{"embeddable":true,"href":"http:\/\/www.partitura.fss.ukf.sk\/index.php?rest_route=\/wp\/v2\/users\/5"}],"replies":[{"embeddable":true,"href":"http:\/\/www.partitura.fss.ukf.sk\/index.php?rest_route=%2Fwp%2Fv2%2Fcomments&post=3225"}],"version-history":[{"count":1,"href":"http:\/\/www.partitura.fss.ukf.sk\/index.php?rest_route=\/wp\/v2\/pages\/3225\/revisions"}],"predecessor-version":[{"id":3226,"href":"http:\/\/www.partitura.fss.ukf.sk\/index.php?rest_route=\/wp\/v2\/pages\/3225\/revisions\/3226"}],"wp:attachment":[{"href":"http:\/\/www.partitura.fss.ukf.sk\/index.php?rest_route=%2Fwp%2Fv2%2Fmedia&parent=3225"}],"curies":[{"name":"wp","href":"https:\/\/api.w.org\/{rel}","templated":true}]}}

Fekete, fehér, színes, szürke. Vizuális hatások a <em>Mimi &#038; Liza</em> c. mesekönyvben

<h3>Petres Csizmadia Gabriella</h3>
<p><strong><span style="color: #666666;">IN: </span></strong><span style="color: #666666;">Partitúra Irodalomtudományi folyóirat, Évfolyam XV.  , Szám 2, 2020, 51-62. oldal , ISSN 1336-7307</span></p>
<p><strong>DOI: </strong>10.17846/PA.2020.15.2.51-62</p>
<p><strong>Absztrakt:</strong></p>
<blockquote><p>A tanulmány a Katarína Kerekesová – Katarína Moláková – Alexandra Salmela írta Mimi &#038; Liza c. mesekönyv intermediális szempontú értelmezését tárja az olvasó elé. Az elemzés a mitchelli médiumfelfogásra alapozva a gyerekkönyv-kultúra intermediális állapotának konstatálásából indul ki, majd a vizuális elemek feltárását a szöveg retorikája keltette plasztikus vizuális hatások vizsgálatán keresztül kíséri nyomon. A szövegben megnyilatkozó fantáziakép-ekphrásziszok Irina O. Rajewsky intermedialitás-értelmezése alapján intermediális referenciaként kerülnek bemutatásra. A tanulmány több példán keresztül ismerteti és elemzi a nyelv segítségével megvalósuló vizulalizálás, a szófestette látványvilág mechanizmusait.</p></blockquote>
<p><a href="http://www.partitura.fss.ukf.sk/wp-content/uploads/2021/04/Partitura-2020-2-051-062.pdf"><strong>Teljes szöveg</strong></a></p>

<p>Petres Csizmadia Gabriella IN: Partitúra Irodalomtudományi folyóirat, Évfolyam XV.  , Szám 2, 2020, 51-62. oldal , ISSN [&hellip;]</p>
