{"id":3287,"date":"2022-03-31T08:04:14","date_gmt":"2022-03-31T08:04:14","guid":{"rendered":"http:\/\/www.partitura.fss.ukf.sk\/?page_id=3287"},"modified":"2023-04-25T05:50:31","modified_gmt":"2023-04-25T05:50:31","slug":"tobbkulturaju-terek-akcentusai-a-tobbnyelvuseg-poetikai-irodalomtorteneti-es-tarsadalmi-lehetosegei","status":"publish","type":"page","link":"http:\/\/www.partitura.fss.ukf.sk\/?page_id=3287","title":{"rendered":"T\u00f6bbkult\u00far\u00e1j\u00fa terek akcentusai \u2013 A&nbsp;t\u00f6bbnyelv\u0171s\u00e9g po\u00e9tikai, irodalomt\u00f6rt\u00e9neti \u00e9s&nbsp;t\u00e1rsadalmi lehet\u0151s\u00e9gei"},"content":{"rendered":"<h3>D\u00e1n\u00e9l M\u00f3nika<\/h3>\n<p><strong><span style=\"color: #666666;\">IN:\u00a0<\/span><\/strong><span style=\"color: #666666;\">Partit\u00fara Irodalomtudom\u00e1nyi foly\u00f3irat, \u00c9vfolyam XVI. , Sz\u00e1m 1, 2020, 13-36. oldal ,\u00a0ISSN 1336-7307<\/span><\/p>\n<p><strong>DOI:\u00a0<\/strong>10.17846\/PA.2021.16.1.13-36<\/p>\n<p><strong>Absztrakt:<\/strong><\/p>\n<blockquote><p>A hat\u00e1ron t\u00fali magyar irodalom, illetve a&nbsp;nyugati vagy emigr\u00e1ns magyar irodalom kateg\u00f3ri\u00e1i jelzik a&nbsp;t\u00f6rt\u00e9nelmi esem\u00e9nyek \u00e9s&nbsp;az&nbsp;irodalomt\u00f6rt\u00e9neti kategoriz\u00e1ci\u00f3k \u00f6sszefon\u00f3d\u00e1s\u00e1t. Mindk\u00e9t \u00e1tfog\u00f3 kateg\u00f3ri\u00e1ba tartoz\u00f3 irodalmak inherens nyelvi m\u00e1ss\u00e1ga, t\u00f6bbnyelv\u0171s\u00e9ge problematiz\u00e1lja az&nbsp;orsz\u00e1ghat\u00e1ron alapul\u00f3 k\u00e1nonstr\u00fakt\u00far\u00e1t \u00e9s&nbsp;irodalomt\u00f6rt\u00e9neti le\u00edr\u00f3 rendszereket. A&nbsp;t\u00f6bbkult\u00far\u00e1j\u00fa, t\u00f6bbnyelv\u0171 k\u00f6zegekben sz\u00fclet\u0151 irodalmi alkot\u00e1sok a&nbsp;magyar monolingu\u00e1lis \u00e9s&nbsp;medi\u00e1lis hierarchi\u00e1kra \u00e9p\u00fcl\u0151 patriarch\u00e1lis hagyom\u00e1nyt az&nbsp;\u00e1tfordul\u00e1sok, a&nbsp;permanens medi\u00e1lis interakci\u00f3k \u00e9s&nbsp;t\u00e1rsadalmi akci\u00f3k ir\u00e1ny\u00e1ba nyithatj\u00e1k meg. Elemzett p\u00e9ld\u00e1im \u2013 Domonkos Istv\u00e1n Korm\u00e1nyelt\u00f6r\u00e9sben (1971) c\u00edm\u0171 verse \u00e9s&nbsp;Bodor \u00c1d\u00e1m Sinistra k\u00f6rzet (1992) c\u00edm\u0171 reg\u00e9nye \u2013 elt\u00e9r\u0151 m\u00f3dokon a&nbsp;magyar irodalmi nyelvet a&nbsp;k\u00fcl\u00f6nb\u00f6z\u0151 nyelvek, akcentusok oszcill\u00e1ci\u00f3s archiv\u00e1l\u00f3 hangz\u00f3 m\u00e9diumak\u00e9nt teremtik.<\/p><\/blockquote>\n<p><a href=\"http:\/\/www.partitura.fss.ukf.sk\/wp-content\/uploads\/2022\/03\/Partitura-2021-1-013-036.pdf\"><strong>Teljes sz\u00f6veg<\/strong><\/a><\/p>\n","protected":false},"excerpt":{"rendered":"<p>D\u00e1n\u00e9l M\u00f3nika IN:\u00a0Partit\u00fara Irodalomtudom\u00e1nyi foly\u00f3irat, \u00c9vfolyam XVI. , Sz\u00e1m 1, 2020, 13-36. oldal ,\u00a0ISSN 1336-7307 [&hellip;]<\/p>\n","protected":false},"author":5,"featured_media":0,"parent":0,"menu_order":0,"comment_status":"closed","ping_status":"closed","template":"","meta":[],"_links":{"self":[{"href":"http:\/\/www.partitura.fss.ukf.sk\/index.php?rest_route=\/wp\/v2\/pages\/3287"}],"collection":[{"href":"http:\/\/www.partitura.fss.ukf.sk\/index.php?rest_route=\/wp\/v2\/pages"}],"about":[{"href":"http:\/\/www.partitura.fss.ukf.sk\/index.php?rest_route=\/wp\/v2\/types\/page"}],"author":[{"embeddable":true,"href":"http:\/\/www.partitura.fss.ukf.sk\/index.php?rest_route=\/wp\/v2\/users\/5"}],"replies":[{"embeddable":true,"href":"http:\/\/www.partitura.fss.ukf.sk\/index.php?rest_route=%2Fwp%2Fv2%2Fcomments&post=3287"}],"version-history":[{"count":5,"href":"http:\/\/www.partitura.fss.ukf.sk\/index.php?rest_route=\/wp\/v2\/pages\/3287\/revisions"}],"predecessor-version":[{"id":3511,"href":"http:\/\/www.partitura.fss.ukf.sk\/index.php?rest_route=\/wp\/v2\/pages\/3287\/revisions\/3511"}],"wp:attachment":[{"href":"http:\/\/www.partitura.fss.ukf.sk\/index.php?rest_route=%2Fwp%2Fv2%2Fmedia&parent=3287"}],"curies":[{"name":"wp","href":"https:\/\/api.w.org\/{rel}","templated":true}]}}

Többkultúrájú terek akcentusai – A&nbsp;többnyelvűség poétikai, irodalomtörténeti és&nbsp;társadalmi lehetőségei

<h3>Dánél Mónika</h3>
<p><strong><span style="color: #666666;">IN: </span></strong><span style="color: #666666;">Partitúra Irodalomtudományi folyóirat, Évfolyam XVI. , Szám 1, 2020, 13-36. oldal , ISSN 1336-7307</span></p>
<p><strong>DOI: </strong>10.17846/PA.2021.16.1.13-36</p>
<p><strong>Absztrakt:</strong></p>
<blockquote><p>A határon túli magyar irodalom, illetve a&nbsp;nyugati vagy emigráns magyar irodalom kategóriái jelzik a&nbsp;történelmi események és&nbsp;az&nbsp;irodalomtörténeti kategorizációk összefonódását. Mindkét átfogó kategóriába tartozó irodalmak inherens nyelvi mássága, többnyelvűsége problematizálja az&nbsp;országhatáron alapuló kánonstrúktúrát és&nbsp;irodalomtörténeti leíró rendszereket. A&nbsp;többkultúrájú, többnyelvű közegekben születő irodalmi alkotások a&nbsp;magyar monolinguális és&nbsp;mediális hierarchiákra épülő patriarchális hagyományt az&nbsp;átfordulások, a&nbsp;permanens mediális interakciók és&nbsp;társadalmi akciók irányába nyithatják meg. Elemzett példáim – Domonkos István Kormányeltörésben (1971) című verse és&nbsp;Bodor Ádám Sinistra körzet (1992) című regénye – eltérő módokon a&nbsp;magyar irodalmi nyelvet a&nbsp;különböző nyelvek, akcentusok oszcillációs archiváló hangzó médiumaként teremtik.</p></blockquote>
<p><a href="http://www.partitura.fss.ukf.sk/wp-content/uploads/2022/03/Partitura-2021-1-013-036.pdf"><strong>Teljes szöveg</strong></a></p>

<p>Dánél Mónika IN: Partitúra Irodalomtudományi folyóirat, Évfolyam XVI. , Szám 1, 2020, 13-36. oldal , ISSN 1336-7307 [&hellip;]</p>
