{"id":3294,"date":"2022-03-31T08:11:10","date_gmt":"2022-03-31T08:11:10","guid":{"rendered":"http:\/\/www.partitura.fss.ukf.sk\/?page_id=3294"},"modified":"2023-04-25T06:00:35","modified_gmt":"2023-04-25T06:00:35","slug":"a-karpataljai-zsidosag-irodalmi-reprezentacioi-mint-sajatos-kanon","status":"publish","type":"page","link":"http:\/\/www.partitura.fss.ukf.sk\/?page_id=3294","title":{"rendered":"A&nbsp;k\u00e1rp\u00e1taljai zsid\u00f3s\u00e1g irodalmi reprezent\u00e1ci\u00f3i mint saj\u00e1tos k\u00e1non"},"content":{"rendered":"<h3>Sz\u00e1z P\u00e1l<\/h3>\n<p><strong><span style=\"color: #666666;\">IN:\u00a0<\/span><\/strong><span style=\"color: #666666;\">Partit\u00fara Irodalomtudom\u00e1nyi foly\u00f3irat, \u00c9vfolyam XVI. , Sz\u00e1m 1, 2020, 51-100. oldal ,\u00a0ISSN 1336-7307<\/span><\/p>\n<p><strong>DOI:\u00a0<\/strong>10.17846\/PA.2021.16.1.51-100<\/p>\n<p><strong>Absztrakt:<\/strong><\/p>\n<blockquote><p>A&nbsp;tanulm\u00e1ny egy&nbsp;region\u00e1lis, a&nbsp;k\u00e1rp\u00e1taljai\/m\u00e1ramarosi t\u00e9rs\u00e9ghez kapcsol\u00f3d\u00f3 t\u00f6bbnyelv\u0171 \u00e9s&nbsp;transzkultur\u00e1lis zsid\u00f3 k\u00e1non megalkot\u00e1s\u00e1nak lehet\u0151s\u00e9geit k\u00f6rvonalazza. A&nbsp;t\u00f6rt\u00e9nelmi Magyarorsz\u00e1g e&nbsp;jelent\u0151s zsid\u00f3 lakoss\u00e1ggal rendelkez\u0151 transzkultur\u00e1lis t\u00e9rs\u00e9g\u00e9t befoly\u00e1solta legjelent\u0151sebben a&nbsp;haszidizmus, s&nbsp;ez&nbsp;a&nbsp;helyi zsid\u00f3 k\u00f6zeget \u00e1br\u00e1zol\u00f3 m\u0171vekben is lecsap\u00f3dik. Az&nbsp;Osztr\u00e1k\u2013Magyar Monarchia sz\u00e9thull\u00e1sa ut\u00e1ni, majd a&nbsp;m\u00e1sodik vil\u00e1gh\u00e1bor\u00fa alatti hatalomv\u00e1lt\u00e1sok determin\u00e1lt\u00e1k e&nbsp;k\u00f6z\u00f6ss\u00e9gek \u00e9let\u00e9t \u00e9s&nbsp;a&nbsp;r\u00f3luk besz\u00e1mol\u00f3 m\u0171vek nyelvi, kultur\u00e1lis, ideol\u00f3giai, kontextu\u00e1lis, empirikus sokf\u00e9les\u00e9g\u00e9t. E&nbsp;kisebbs\u00e9gi, region\u00e1lis vonatkoz\u00e1s\u00fa sz\u00f6veghalmazt a&nbsp;helyi zsid\u00f3 vil\u00e1gnak v\u00e9get vet\u0151 so\u00e1 hat\u00e1rozza meg. E&nbsp;m\u0171vek n\u00e9melyike a&nbsp;holokausztirodalom k\u00f6r\u00e9be tartozik, a&nbsp;t\u00fal\u00e9l\u0151k transzkultur\u00e1lis tapasztalat\u00e1nak prizm\u00e1j\u00e1n \u00e1t tekintenek s&nbsp;eml\u00e9keznek vissza az&nbsp;elveszett vil\u00e1gra (Elie Wiesel, Helena Mar\u0161\u00edkov\u00e1, David Weiss Halivni). Legt\u00f6bb alkot\u00e1sa pedig olyan fikci\u00f3s vil\u00e1got teremt meg, amely a&nbsp;vid\u00e9k egyszer s&nbsp;mindenkorra m\u00faltt\u00e1 lett val\u00f3s\u00e1g\u00e1b\u00f3l t\u00e1pl\u00e1lkozik. A&nbsp;nyelvi, kontextu\u00e1lis, kultur\u00e1lis \u00e9s&nbsp;ideol\u00f3giai k\u00fcl\u00f6nbs\u00e9geken t\u00fal Ujv\u00e1ri P\u00e9ter, Ivan Olbracht, Elie Wiesel, Sch\u00f6n Dezs\u0151, L\u00e1ng Gy\u00f6rgy t\u00e1rgyalt m\u0171veinek manifeszt region\u00e1lis vonatkoz\u00e1sa k\u00f6z\u00f6s von\u00e1s \u2013 \u00e1m a&nbsp;fikcionaliz\u00e1l\u00f3 aktusok k\u00fcl\u00f6nb\u00f6z\u0151 m\u0171k\u00f6d\u00e9s\u00e9nek betudhat\u00f3an elt\u00e9r\u0151 m\u00f3don val\u00f3s\u00edtj\u00e1k meg e&nbsp;be\u00e1gyazotts\u00e1got. Van-e teh\u00e1t \u00e9rtelme region\u00e1lis k\u00e1nonr\u00f3l besz\u00e9lni e&nbsp;sz\u00e9ttart\u00f3 halmaz eset\u00e9ben? Az elemz\u00e9s n\u00e9gy olyan tipikus, a&nbsp;transzkultur\u00e1lis r\u00e9gi\u00f3 szempontj\u00e1b\u00f3l relev\u00e1ns narrat\u00edv\u00e1t k\u00fcl\u00f6n\u00edt el, amely e&nbsp;m\u0171veket \u00f6sszeolvashat\u00f3v\u00e1 teszi.<\/p><\/blockquote>\n<p><a href=\"http:\/\/www.partitura.fss.ukf.sk\/wp-content\/uploads\/2022\/03\/Partitura-2021-1-051-100.pdf\"><strong>Teljes sz\u00f6veg<\/strong><\/a><\/p>\n","protected":false},"excerpt":{"rendered":"<p>Sz\u00e1z P\u00e1l IN:\u00a0Partit\u00fara Irodalomtudom\u00e1nyi foly\u00f3irat, \u00c9vfolyam XVI. , Sz\u00e1m 1, 2020, 51-100. oldal ,\u00a0ISSN 1336-7307 [&hellip;]<\/p>\n","protected":false},"author":5,"featured_media":0,"parent":0,"menu_order":0,"comment_status":"closed","ping_status":"closed","template":"","meta":[],"_links":{"self":[{"href":"http:\/\/www.partitura.fss.ukf.sk\/index.php?rest_route=\/wp\/v2\/pages\/3294"}],"collection":[{"href":"http:\/\/www.partitura.fss.ukf.sk\/index.php?rest_route=\/wp\/v2\/pages"}],"about":[{"href":"http:\/\/www.partitura.fss.ukf.sk\/index.php?rest_route=\/wp\/v2\/types\/page"}],"author":[{"embeddable":true,"href":"http:\/\/www.partitura.fss.ukf.sk\/index.php?rest_route=\/wp\/v2\/users\/5"}],"replies":[{"embeddable":true,"href":"http:\/\/www.partitura.fss.ukf.sk\/index.php?rest_route=%2Fwp%2Fv2%2Fcomments&post=3294"}],"version-history":[{"count":4,"href":"http:\/\/www.partitura.fss.ukf.sk\/index.php?rest_route=\/wp\/v2\/pages\/3294\/revisions"}],"predecessor-version":[{"id":3524,"href":"http:\/\/www.partitura.fss.ukf.sk\/index.php?rest_route=\/wp\/v2\/pages\/3294\/revisions\/3524"}],"wp:attachment":[{"href":"http:\/\/www.partitura.fss.ukf.sk\/index.php?rest_route=%2Fwp%2Fv2%2Fmedia&parent=3294"}],"curies":[{"name":"wp","href":"https:\/\/api.w.org\/{rel}","templated":true}]}}

A&nbsp;kárpátaljai zsidóság irodalmi reprezentációi mint sajátos kánon

<h3>Száz Pál</h3>
<p><strong><span style="color: #666666;">IN: </span></strong><span style="color: #666666;">Partitúra Irodalomtudományi folyóirat, Évfolyam XVI. , Szám 1, 2020, 51-100. oldal , ISSN 1336-7307</span></p>
<p><strong>DOI: </strong>10.17846/PA.2021.16.1.51-100</p>
<p><strong>Absztrakt:</strong></p>
<blockquote><p>A&nbsp;tanulmány egy&nbsp;regionális, a&nbsp;kárpátaljai/máramarosi térséghez kapcsolódó többnyelvű és&nbsp;transzkulturális zsidó kánon megalkotásának lehetőségeit körvonalazza. A&nbsp;történelmi Magyarország e&nbsp;jelentős zsidó lakossággal rendelkező transzkulturális térségét befolyásolta legjelentősebben a&nbsp;haszidizmus, s&nbsp;ez&nbsp;a&nbsp;helyi zsidó közeget ábrázoló művekben is lecsapódik. Az&nbsp;Osztrák–Magyar Monarchia széthullása utáni, majd a&nbsp;második világháború alatti hatalomváltások determinálták e&nbsp;közösségek életét és&nbsp;a&nbsp;róluk beszámoló művek nyelvi, kulturális, ideológiai, kontextuális, empirikus sokféleségét. E&nbsp;kisebbségi, regionális vonatkozású szöveghalmazt a&nbsp;helyi zsidó világnak véget vető soá határozza meg. E&nbsp;művek némelyike a&nbsp;holokausztirodalom körébe tartozik, a&nbsp;túlélők transzkulturális tapasztalatának prizmáján át tekintenek s&nbsp;emlékeznek vissza az&nbsp;elveszett világra (Elie Wiesel, Helena Maršíková, David Weiss Halivni). Legtöbb alkotása pedig olyan fikciós világot teremt meg, amely a&nbsp;vidék egyszer s&nbsp;mindenkorra múlttá lett valóságából táplálkozik. A&nbsp;nyelvi, kontextuális, kulturális és&nbsp;ideológiai különbségeken túl Ujvári Péter, Ivan Olbracht, Elie Wiesel, Schön Dezső, Láng György tárgyalt műveinek manifeszt regionális vonatkozása közös vonás – ám a&nbsp;fikcionalizáló aktusok különböző működésének betudhatóan eltérő módon valósítják meg e&nbsp;beágyazottságot. Van-e tehát értelme regionális kánonról beszélni e&nbsp;széttartó halmaz esetében? Az elemzés négy olyan tipikus, a&nbsp;transzkulturális régió szempontjából releváns narratívát különít el, amely e&nbsp;műveket összeolvashatóvá teszi.</p></blockquote>
<p><a href="http://www.partitura.fss.ukf.sk/wp-content/uploads/2022/03/Partitura-2021-1-051-100.pdf"><strong>Teljes szöveg</strong></a></p>

<p>Száz Pál IN: Partitúra Irodalomtudományi folyóirat, Évfolyam XVI. , Szám 1, 2020, 51-100. oldal , ISSN 1336-7307 [&hellip;]</p>
