{"id":3333,"date":"2022-03-31T08:52:02","date_gmt":"2022-03-31T08:52:02","guid":{"rendered":"http:\/\/www.partitura.fss.ukf.sk\/?page_id=3333"},"modified":"2023-04-25T06:10:25","modified_gmt":"2023-04-25T06:10:25","slug":"a-meseregeny-poetikaja-elmeleti-kiindulopontok","status":"publish","type":"page","link":"http:\/\/www.partitura.fss.ukf.sk\/?page_id=3333","title":{"rendered":"A&nbsp;mesereg\u00e9ny po\u00e9tik\u00e1ja. Elm\u00e9leti kiindul\u00f3pontok"},"content":{"rendered":"<h3>Petres Csizmadia Gabriella<\/h3>\n<p><strong><span style=\"color: #666666;\">IN:\u00a0<\/span><\/strong><span style=\"color: #666666;\">Partit\u00fara Irodalomtudom\u00e1nyi foly\u00f3irat, \u00c9vfolyam: XVI. , Sz\u00e1m: 2, 2021, 17-52. oldal,\u00a0ISSN 1336-7307<\/span><\/p>\n<p><strong>DOI:\u00a0<\/strong>10.17846\/PA.2021.16.2.17-52<\/p>\n<p><strong>Absztrakt:<\/strong><\/p>\n<blockquote><p>A tanulm\u00e1ny c\u00e9lja a&nbsp;mesereg\u00e9ny m\u0171faj\u00e1nak narrato-po\u00e9tikai szempont\u00fa&nbsp;artikul\u00e1l\u00e1sa, m\u0171faji saj\u00e1toss\u00e1gainak k\u00f6rvonalaz\u00e1sa. A&nbsp;narrat\u00edv form\u00e1k alapt\u00e9nyez\u0151ire f\u00f3kusz\u00e1l\u00f3 m\u0171fajmegk\u00f6zel\u00edt\u00e9s a&nbsp;szerepl\u0151, az&nbsp;esem\u00e9nystruktur\u00e1l\u00e1s \u00e9s&nbsp;a&nbsp;t\u00e9rid\u0151 vizsg\u00e1lat\u00e1n k\u00edv\u00fcl a&nbsp;m\u0171faji \u00e9s&nbsp;medi\u00e1lis hibridiz\u00e1ci\u00f3ra, valamint a&nbsp;zs\u00e1ner j\u00e1t\u00e9koss\u00e1g ir\u00e1nti fog\u00e9konys\u00e1g\u00e1ra reflekt\u00e1l. A&nbsp;m\u0171fajkontamin\u00e1ci\u00f3 r\u00e9v\u00e9n l\u00e9trej\u00f6tt mesereg\u00e9nyben felfedezhetj\u00fck a&nbsp;var\u00e1zsmese, a&nbsp;pikareszk reg\u00e9ny \u00e9s&nbsp;a&nbsp;reg\u00e9nyszer\u0171en \u00e9p\u00edtkez\u0151 elbesz\u00e9l\u00e9sciklus m\u0171faji hat\u00e1sait. A&nbsp;szerepl\u0151vizsg\u00e1lat r\u00e1mutat, hogy a&nbsp;mesereg\u00e9ny szerepl\u0151i a&nbsp;var\u00e1zsmese szerepl\u0151vil\u00e1g\u00e1hoz k\u00e9pest, a&nbsp;reg\u00e9nyes\u00fcl\u00e9s hat\u00e1s\u00e1ra mark\u00e1ns individualiz\u00e1ci\u00f3s folyamatokon mennek kereszt\u00fcl, melyeknek k\u00f6sz\u00f6nhet\u0151en a&nbsp;m\u0171faj fokozatosan elt\u00e1volodik az&nbsp;archet\u00edpusok \u00e1br\u00e1zol\u00e1s\u00e1t\u00f3l, \u00e9s&nbsp;igyekszik min\u00e9l \u00f6n\u00e1ll\u00f3bb szem\u00e9lyis\u00e9gjegyekkel felruh\u00e1zni a&nbsp;szerepl\u0151it. A&nbsp;m\u0171faj cselekm\u00e9nystrukt\u00far\u00e1j\u00e1t a&nbsp;tradicion\u00e1lis var\u00e1zsmese funkci\u00f3sor\u00e1nak adapt\u00e1l\u00e1sa, \u00fajragondol\u00e1sa vagy lefarag\u00e1sa, illetve \u00faj mot\u00edvumokkal, epiz\u00f3dokkal t\u00f6rt\u00e9n\u0151 kieg\u00e9sz\u00edt\u00e9se jellemzi. A&nbsp;mesei trad\u00edci\u00f3 karnevaliz\u00e1ci\u00f3ja a&nbsp;mesei intertextu\u00e1lis h\u00e1l\u00f3 kiforgat\u00e1s\u00e1hoz, profaniz\u00e1ci\u00f3j\u00e1hoz vezet, melynek nyom\u00e1n a&nbsp;mesereg\u00e9ny sz\u00edvesen \u00e9l a&nbsp;maszkoss\u00e1g \u00e9s&nbsp;imit\u00e1ci\u00f3 eszk\u00f6zeivel, amely a&nbsp;tradicion\u00e1lis, \u00e9l\u0151szavas mesemond\u00f3 maszkj\u00e1nak fel\u00f6lt\u00e9s\u00e9t, valamint az&nbsp;\u00e9n-elbesz\u00e9l\u00e9s imit\u00e1ci\u00f3j\u00e1t foglalja mag\u00e1ba.<\/p><\/blockquote>\n<p><a href=\"http:\/\/www.partitura.fss.ukf.sk\/wp-content\/uploads\/2022\/03\/Partitura-2021-2-017-052.pdf\"><strong>Teljes sz\u00f6veg<\/strong><\/a><\/p>\n","protected":false},"excerpt":{"rendered":"<p>Petres Csizmadia Gabriella IN:\u00a0Partit\u00fara Irodalomtudom\u00e1nyi foly\u00f3irat, \u00c9vfolyam: XVI. , Sz\u00e1m: 2, 2021, 17-52. oldal,\u00a0ISSN 1336-7307 [&hellip;]<\/p>\n","protected":false},"author":5,"featured_media":0,"parent":0,"menu_order":0,"comment_status":"closed","ping_status":"closed","template":"","meta":[],"_links":{"self":[{"href":"http:\/\/www.partitura.fss.ukf.sk\/index.php?rest_route=\/wp\/v2\/pages\/3333"}],"collection":[{"href":"http:\/\/www.partitura.fss.ukf.sk\/index.php?rest_route=\/wp\/v2\/pages"}],"about":[{"href":"http:\/\/www.partitura.fss.ukf.sk\/index.php?rest_route=\/wp\/v2\/types\/page"}],"author":[{"embeddable":true,"href":"http:\/\/www.partitura.fss.ukf.sk\/index.php?rest_route=\/wp\/v2\/users\/5"}],"replies":[{"embeddable":true,"href":"http:\/\/www.partitura.fss.ukf.sk\/index.php?rest_route=%2Fwp%2Fv2%2Fcomments&post=3333"}],"version-history":[{"count":4,"href":"http:\/\/www.partitura.fss.ukf.sk\/index.php?rest_route=\/wp\/v2\/pages\/3333\/revisions"}],"predecessor-version":[{"id":3530,"href":"http:\/\/www.partitura.fss.ukf.sk\/index.php?rest_route=\/wp\/v2\/pages\/3333\/revisions\/3530"}],"wp:attachment":[{"href":"http:\/\/www.partitura.fss.ukf.sk\/index.php?rest_route=%2Fwp%2Fv2%2Fmedia&parent=3333"}],"curies":[{"name":"wp","href":"https:\/\/api.w.org\/{rel}","templated":true}]}}

A&nbsp;meseregény poétikája. Elméleti kiindulópontok

<h3>Petres Csizmadia Gabriella</h3>
<p><strong><span style="color: #666666;">IN: </span></strong><span style="color: #666666;">Partitúra Irodalomtudományi folyóirat, Évfolyam: XVI. , Szám: 2, 2021, 17-52. oldal, ISSN 1336-7307</span></p>
<p><strong>DOI: </strong>10.17846/PA.2021.16.2.17-52</p>
<p><strong>Absztrakt:</strong></p>
<blockquote><p>A tanulmány célja a&nbsp;meseregény műfajának narrato-poétikai szempontú&nbsp;artikulálása, műfaji sajátosságainak körvonalazása. A&nbsp;narratív formák alaptényezőire fókuszáló műfajmegközelítés a&nbsp;szereplő, az&nbsp;eseménystrukturálás és&nbsp;a&nbsp;téridő vizsgálatán kívül a&nbsp;műfaji és&nbsp;mediális hibridizációra, valamint a&nbsp;zsáner játékosság iránti fogékonyságára reflektál. A&nbsp;műfajkontamináció révén létrejött meseregényben felfedezhetjük a&nbsp;varázsmese, a&nbsp;pikareszk regény és&nbsp;a&nbsp;regényszerűen építkező elbeszélésciklus műfaji hatásait. A&nbsp;szereplővizsgálat rámutat, hogy a&nbsp;meseregény szereplői a&nbsp;varázsmese szereplővilágához képest, a&nbsp;regényesülés hatására markáns individualizációs folyamatokon mennek keresztül, melyeknek köszönhetően a&nbsp;műfaj fokozatosan eltávolodik az&nbsp;archetípusok ábrázolásától, és&nbsp;igyekszik minél önállóbb személyiségjegyekkel felruházni a&nbsp;szereplőit. A&nbsp;műfaj cselekménystruktúráját a&nbsp;tradicionális varázsmese funkciósorának adaptálása, újragondolása vagy lefaragása, illetve új motívumokkal, epizódokkal történő kiegészítése jellemzi. A&nbsp;mesei tradíció karnevalizációja a&nbsp;mesei intertextuális háló kiforgatásához, profanizációjához vezet, melynek nyomán a&nbsp;meseregény szívesen él a&nbsp;maszkosság és&nbsp;imitáció eszközeivel, amely a&nbsp;tradicionális, élőszavas mesemondó maszkjának felöltését, valamint az&nbsp;én-elbeszélés imitációját foglalja magába.</p></blockquote>
<p><a href="http://www.partitura.fss.ukf.sk/wp-content/uploads/2022/03/Partitura-2021-2-017-052.pdf"><strong>Teljes szöveg</strong></a></p>

<p>Petres Csizmadia Gabriella IN: Partitúra Irodalomtudományi folyóirat, Évfolyam: XVI. , Szám: 2, 2021, 17-52. oldal, ISSN 1336-7307 [&hellip;]</p>
