{"id":3336,"date":"2022-03-31T08:53:03","date_gmt":"2022-03-31T08:53:03","guid":{"rendered":"http:\/\/www.partitura.fss.ukf.sk\/?page_id=3336"},"modified":"2023-04-25T06:12:54","modified_gmt":"2023-04-25T06:12:54","slug":"o-volt-ott-annyifele-jatek-varro-daniel-verses-tundermeseirol","status":"publish","type":"page","link":"http:\/\/www.partitura.fss.ukf.sk\/?page_id=3336","title":{"rendered":"\u201e\u00d3, volt ott annyif\u00e9le j\u00e1t\u00e9k\u201d Varr\u00f3 D\u00e1niel verses (t\u00fcnd\u00e9r)mes\u00e9ir\u0151l"},"content":{"rendered":"<h3>Buday B\u00e1lint<\/h3>\n<p><strong><span style=\"color: #666666;\">IN:\u00a0<\/span><\/strong><span style=\"color: #666666;\">Partit\u00fara Irodalomtudom\u00e1nyi foly\u00f3irat, \u00c9vfolyam: XVI. , Sz\u00e1m: 2, 2021, 53-68. oldal,\u00a0ISSN 1336-7307<\/span><\/p>\n<p><strong>DOI:\u00a0<\/strong>10.17846\/PA.2021.16.2.53-68<\/p>\n<p><strong>Absztrakt:<\/strong><\/p>\n<blockquote><p>Jelen tanulm\u00e1ny Varr\u00f3 D\u00e1niel 2018-as A szomjas troll c\u00edm\u0171 gyerekk\u00f6nyv\u00e9nek n\u00e9gy verses mes\u00e9j\u00e9t vizsg\u00e1lja, visszatekintve a&nbsp;T\u00fal a&nbsp;Maszat-hegyen tanuls\u00e1gaira \u00e9s&nbsp;\u00e9rtelmez\u00e9st\u00f6rt\u00e9net\u00e9re is. A&nbsp;szomjas troll sz\u00f6vegei ugyanis legal\u00e1bb olyan l\u00e1tv\u00e1nyosan tartanak sz\u00e1mot a&nbsp;gyermekbefogad\u00f3\u00e9 mellett a&nbsp;mes\u00e9t felolvas\u00f3 feln\u0151tt figyelm\u00e9re, ahogy azt a&nbsp;T\u00fal a&nbsp;Maszat-hegyen eset\u00e9ben is t\u00f6bben megfigyelt\u00e9k. A&nbsp;sz\u00f6vegelemz\u00e9seken kereszt\u00fcl teh\u00e1t egyfel\u0151l arra keresem a&nbsp;v\u00e1laszt, hogy Varr\u00f3 2018-as k\u00f6tete ad-e, \u00e9s&nbsp;ha igen, milyen v\u00e1laszt ad a&nbsp;2003-as \u201everses mesereg\u00e9ny\u201d kapcs\u00e1n felmer\u00fclt, a&nbsp;m\u0171vek k\u00e9tfenek\u0171s\u00e9g\u00e9b\u0151l ad\u00f3d\u00f3, els\u0151sorban a&nbsp;gyermeki befogad\u00e1st \u00e9rint\u0151 dilemm\u00e1kra. M\u00e1sfel\u0151l a&nbsp;k\u00f6tetben szerepl\u0151 sz\u00f6vegek po\u00e9tikai, m\u0171fajt\u00f6rt\u00e9neti valamint inter- \u00e9s&nbsp;architextu\u00e1lis aspektusainak vizsg\u00e1lat\u00e1n kereszt\u00fcl igyekszem r\u00e1mutatni a&nbsp;verses mes\u00e9k n\u00e9h\u00e1ny jellegzetess\u00e9g\u00e9re, k\u00fcl\u00f6n\u00f6s tekintettel a&nbsp;t\u00fcnd\u00e9rmese m\u0171faji hagyom\u00e1nyaihoz f\u0171z\u0151d\u0151 viszony\u00e1ra.<\/p><\/blockquote>\n<p><a href=\"http:\/\/www.partitura.fss.ukf.sk\/wp-content\/uploads\/2022\/03\/Partitura-2021-2-053-068.pdf\"><strong>Teljes sz\u00f6veg<\/strong><\/a><\/p>\n","protected":false},"excerpt":{"rendered":"<p>Buday B\u00e1lint IN:\u00a0Partit\u00fara Irodalomtudom\u00e1nyi foly\u00f3irat, \u00c9vfolyam: XVI. , Sz\u00e1m: 2, 2021, 53-68. oldal,\u00a0ISSN 1336-7307 DOI:\u00a010.17846\/PA.2021.16.2.53-68 [&hellip;]<\/p>\n","protected":false},"author":5,"featured_media":0,"parent":0,"menu_order":0,"comment_status":"closed","ping_status":"closed","template":"","meta":[],"_links":{"self":[{"href":"http:\/\/www.partitura.fss.ukf.sk\/index.php?rest_route=\/wp\/v2\/pages\/3336"}],"collection":[{"href":"http:\/\/www.partitura.fss.ukf.sk\/index.php?rest_route=\/wp\/v2\/pages"}],"about":[{"href":"http:\/\/www.partitura.fss.ukf.sk\/index.php?rest_route=\/wp\/v2\/types\/page"}],"author":[{"embeddable":true,"href":"http:\/\/www.partitura.fss.ukf.sk\/index.php?rest_route=\/wp\/v2\/users\/5"}],"replies":[{"embeddable":true,"href":"http:\/\/www.partitura.fss.ukf.sk\/index.php?rest_route=%2Fwp%2Fv2%2Fcomments&post=3336"}],"version-history":[{"count":4,"href":"http:\/\/www.partitura.fss.ukf.sk\/index.php?rest_route=\/wp\/v2\/pages\/3336\/revisions"}],"predecessor-version":[{"id":3534,"href":"http:\/\/www.partitura.fss.ukf.sk\/index.php?rest_route=\/wp\/v2\/pages\/3336\/revisions\/3534"}],"wp:attachment":[{"href":"http:\/\/www.partitura.fss.ukf.sk\/index.php?rest_route=%2Fwp%2Fv2%2Fmedia&parent=3336"}],"curies":[{"name":"wp","href":"https:\/\/api.w.org\/{rel}","templated":true}]}}

„Ó, volt ott annyiféle játék” Varró Dániel verses (tündér)meséiről

<h3>Buday Bálint</h3>
<p><strong><span style="color: #666666;">IN: </span></strong><span style="color: #666666;">Partitúra Irodalomtudományi folyóirat, Évfolyam: XVI. , Szám: 2, 2021, 53-68. oldal, ISSN 1336-7307</span></p>
<p><strong>DOI: </strong>10.17846/PA.2021.16.2.53-68</p>
<p><strong>Absztrakt:</strong></p>
<blockquote><p>Jelen tanulmány Varró Dániel 2018-as A szomjas troll című gyerekkönyvének négy verses meséjét vizsgálja, visszatekintve a&nbsp;Túl a&nbsp;Maszat-hegyen tanulságaira és&nbsp;értelmezéstörténetére is. A&nbsp;szomjas troll szövegei ugyanis legalább olyan látványosan tartanak számot a&nbsp;gyermekbefogadóé mellett a&nbsp;mesét felolvasó felnőtt figyelmére, ahogy azt a&nbsp;Túl a&nbsp;Maszat-hegyen esetében is többen megfigyelték. A&nbsp;szövegelemzéseken keresztül tehát egyfelől arra keresem a&nbsp;választ, hogy Varró 2018-as kötete ad-e, és&nbsp;ha igen, milyen választ ad a&nbsp;2003-as „verses meseregény” kapcsán felmerült, a&nbsp;művek kétfenekűségéből adódó, elsősorban a&nbsp;gyermeki befogadást érintő dilemmákra. Másfelől a&nbsp;kötetben szereplő szövegek poétikai, műfajtörténeti valamint inter- és&nbsp;architextuális aspektusainak vizsgálatán keresztül igyekszem rámutatni a&nbsp;verses mesék néhány jellegzetességére, különös tekintettel a&nbsp;tündérmese műfaji hagyományaihoz fűződő viszonyára.</p></blockquote>
<p><a href="http://www.partitura.fss.ukf.sk/wp-content/uploads/2022/03/Partitura-2021-2-053-068.pdf"><strong>Teljes szöveg</strong></a></p>

<p>Buday Bálint IN: Partitúra Irodalomtudományi folyóirat, Évfolyam: XVI. , Szám: 2, 2021, 53-68. oldal, ISSN 1336-7307 DOI: 10.17846/PA.2021.16.2.53-68 [&hellip;]</p>
