{"id":3338,"date":"2022-03-31T08:54:45","date_gmt":"2022-03-31T08:54:45","guid":{"rendered":"http:\/\/www.partitura.fss.ukf.sk\/?page_id=3338"},"modified":"2023-04-25T06:15:08","modified_gmt":"2023-04-25T06:15:08","slug":"a-kuflik-es-a-popularis-zsanerek","status":"publish","type":"page","link":"http:\/\/www.partitura.fss.ukf.sk\/?page_id=3338","title":{"rendered":"A&nbsp;kuflik \u00e9s&nbsp;a&nbsp;popul\u00e1ris zs\u00e1nerek"},"content":{"rendered":"<h3>Z\u00f3lya Andrea Csilla<\/h3>\n<p><strong><span style=\"color: #666666;\">IN:\u00a0<\/span><\/strong><span style=\"color: #666666;\">Partit\u00fara Irodalomtudom\u00e1nyi foly\u00f3irat, \u00c9vfolyam: XVI. , Sz\u00e1m: 2, 2021, 69-78. oldal,\u00a0ISSN 1336-7307<\/span><\/p>\n<p><strong>DOI:\u00a0<\/strong>10.17846\/PA.2021.16.2.69-78<\/p>\n<p><strong>Absztrakt:<\/strong><\/p>\n<blockquote><p>D\u00e1niel Andr\u00e1s ovisoknak sz\u00f3l\u00f3 n\u00e9pszer\u0171 kufli-sorozata a&nbsp;kort\u00e1rs magyar gyerekirodalom egyik k\u00fcl\u00f6nleges sz\u00ednfoltja, ami a&nbsp;popul\u00e1ris zs\u00e1nerek szempontj\u00e1b\u00f3l is roppant izgalmas. Az&nbsp;egyes r\u00e9szek egyszerre hordozz\u00e1k a&nbsp;mese, a&nbsp;b\u00f6ng\u00e9sz\u0151, a&nbsp;k\u00e9pesk\u00f6nyv \u00e9s&nbsp;a&nbsp;k\u00e9preg\u00e9ny jegyeit, de egyfajta hibrid alkot\u00e1sk\u00e9nt brav\u00farosan hozza j\u00e1t\u00e9kba a&nbsp;karikat\u00fara \u00e9s&nbsp;\u00f6nkarikat\u00fara eszk\u00f6zeit, olykor pedig a&nbsp;science fiction k\u00f3djait is. A&nbsp;kuflisorozat nem csak, hogy nem el\u00e9gszik meg a&nbsp;kort\u00e1rs mese m\u0171faji kell\u00e9kt\u00e1r\u00e1val \u00e9s&nbsp;elv\u00e1r\u00e1srendszer\u00e9vel, hanem tov\u00e1bb is t\u00e1g\u00edtja annak a&nbsp;lehet\u0151s\u00e9geit a&nbsp;k\u00fcl\u00f6nb\u00f6z\u0151 popul\u00e1ris zs\u00e1nerek fel\u00e9 nyit\u00e1ssal, illetve azok eszk\u00f6zt\u00e1r\u00e1nak beemel\u00e9se \u00e9s&nbsp;mozg\u00e1sban tart\u00e1sa r\u00e9v\u00e9n. B\u00e1r a&nbsp;sorozat els\u0151sorban az&nbsp;\u00f3vod\u00e1soknak sz\u00f3l, vizu\u00e1lis \u00e9s&nbsp;textu\u00e1lis k\u00f3djainak dinamikus mozg\u00e1sa sokszorosan r\u00e9tegzett\u00e9 teszi a&nbsp;kufli-k\u00f6nyveket \u00e9s&nbsp;v\u00e1ltozatos recepci\u00f3s j\u00e1t\u00e9kokra adnak lehet\u0151s\u00e9get.<\/p><\/blockquote>\n<p><a href=\"http:\/\/www.partitura.fss.ukf.sk\/wp-content\/uploads\/2022\/03\/Partitura-2021-2-069-078.pdf\"><strong>Teljes sz\u00f6veg<\/strong><\/a><\/p>\n","protected":false},"excerpt":{"rendered":"<p>Z\u00f3lya Andrea Csilla IN:\u00a0Partit\u00fara Irodalomtudom\u00e1nyi foly\u00f3irat, \u00c9vfolyam: XVI. , Sz\u00e1m: 2, 2021, 69-78. oldal,\u00a0ISSN 1336-7307 [&hellip;]<\/p>\n","protected":false},"author":5,"featured_media":0,"parent":0,"menu_order":0,"comment_status":"closed","ping_status":"closed","template":"","meta":[],"_links":{"self":[{"href":"http:\/\/www.partitura.fss.ukf.sk\/index.php?rest_route=\/wp\/v2\/pages\/3338"}],"collection":[{"href":"http:\/\/www.partitura.fss.ukf.sk\/index.php?rest_route=\/wp\/v2\/pages"}],"about":[{"href":"http:\/\/www.partitura.fss.ukf.sk\/index.php?rest_route=\/wp\/v2\/types\/page"}],"author":[{"embeddable":true,"href":"http:\/\/www.partitura.fss.ukf.sk\/index.php?rest_route=\/wp\/v2\/users\/5"}],"replies":[{"embeddable":true,"href":"http:\/\/www.partitura.fss.ukf.sk\/index.php?rest_route=%2Fwp%2Fv2%2Fcomments&post=3338"}],"version-history":[{"count":5,"href":"http:\/\/www.partitura.fss.ukf.sk\/index.php?rest_route=\/wp\/v2\/pages\/3338\/revisions"}],"predecessor-version":[{"id":3537,"href":"http:\/\/www.partitura.fss.ukf.sk\/index.php?rest_route=\/wp\/v2\/pages\/3338\/revisions\/3537"}],"wp:attachment":[{"href":"http:\/\/www.partitura.fss.ukf.sk\/index.php?rest_route=%2Fwp%2Fv2%2Fmedia&parent=3338"}],"curies":[{"name":"wp","href":"https:\/\/api.w.org\/{rel}","templated":true}]}}

A&nbsp;kuflik és&nbsp;a&nbsp;populáris zsánerek

<h3>Zólya Andrea Csilla</h3>
<p><strong><span style="color: #666666;">IN: </span></strong><span style="color: #666666;">Partitúra Irodalomtudományi folyóirat, Évfolyam: XVI. , Szám: 2, 2021, 69-78. oldal, ISSN 1336-7307</span></p>
<p><strong>DOI: </strong>10.17846/PA.2021.16.2.69-78</p>
<p><strong>Absztrakt:</strong></p>
<blockquote><p>Dániel András ovisoknak szóló népszerű kufli-sorozata a&nbsp;kortárs magyar gyerekirodalom egyik különleges színfoltja, ami a&nbsp;populáris zsánerek szempontjából is roppant izgalmas. Az&nbsp;egyes részek egyszerre hordozzák a&nbsp;mese, a&nbsp;böngésző, a&nbsp;képeskönyv és&nbsp;a&nbsp;képregény jegyeit, de egyfajta hibrid alkotásként bravúrosan hozza játékba a&nbsp;karikatúra és&nbsp;önkarikatúra eszközeit, olykor pedig a&nbsp;science fiction kódjait is. A&nbsp;kuflisorozat nem csak, hogy nem elégszik meg a&nbsp;kortárs mese műfaji kelléktárával és&nbsp;elvárásrendszerével, hanem tovább is tágítja annak a&nbsp;lehetőségeit a&nbsp;különböző populáris zsánerek felé nyitással, illetve azok eszköztárának beemelése és&nbsp;mozgásban tartása révén. Bár a&nbsp;sorozat elsősorban az&nbsp;óvodásoknak szól, vizuális és&nbsp;textuális kódjainak dinamikus mozgása sokszorosan rétegzetté teszi a&nbsp;kufli-könyveket és&nbsp;változatos recepciós játékokra adnak lehetőséget.</p></blockquote>
<p><a href="http://www.partitura.fss.ukf.sk/wp-content/uploads/2022/03/Partitura-2021-2-069-078.pdf"><strong>Teljes szöveg</strong></a></p>

<p>Zólya Andrea Csilla IN: Partitúra Irodalomtudományi folyóirat, Évfolyam: XVI. , Szám: 2, 2021, 69-78. oldal, ISSN 1336-7307 [&hellip;]</p>
