{"id":3340,"date":"2022-03-31T09:05:45","date_gmt":"2022-03-31T09:05:45","guid":{"rendered":"http:\/\/www.partitura.fss.ukf.sk\/?page_id=3340"},"modified":"2023-04-25T06:17:57","modified_gmt":"2023-04-25T06:17:57","slug":"vad-figurativitas","status":"publish","type":"page","link":"http:\/\/www.partitura.fss.ukf.sk\/?page_id=3340","title":{"rendered":"Vad figurativit\u00e1s"},"content":{"rendered":"<h3>Radics Rudolf<\/h3>\n<p><strong><span style=\"color: #666666;\">IN:\u00a0<\/span><\/strong><span style=\"color: #666666;\">Partit\u00fara Irodalomtudom\u00e1nyi foly\u00f3irat, \u00c9vfolyam: XVI. , Sz\u00e1m: 2, 2021, 79-92. oldal,\u00a0ISSN 1336-7307<\/span><\/p>\n<p><strong>DOI:\u00a0<\/strong>10.17846\/PA.2021.16.2.79-92<\/p>\n<p><strong>Absztrakt:<\/strong><\/p>\n<blockquote><p>A tanulm\u00e1ny T\u00f3th Benedek Holtverseny c\u00edm\u0171 reg\u00e9ny\u00e9nek m\u00e9diumk\u00f6zi jelens\u00e9geivel foglalkozik. Az&nbsp;elemz\u00e9s Werner Wolf irodalomk\u00f6zpont\u00fa intermedi\u00e1lit\u00e1selm\u00e9let\u00e9re alapozva a&nbsp;m\u00e9diumok \u00e1ltali k\u00f6zvet\u00edtetts\u00e9g jelens\u00e9g\u00e9nek \u00e9s&nbsp;a&nbsp;popul\u00e1ris kult\u00fara hat\u00e1sainak a&nbsp;vizsg\u00e1lat\u00e1val indul. Majd ezt k\u00f6vet\u0151en a&nbsp;reg\u00e9ny n\u00e9h\u00e1ny kulcsmot\u00edvum\u00e1nak \u00e9s&nbsp;narrato-po\u00e9tikai saj\u00e1toss\u00e1gainak felt\u00e1r\u00e1s\u00e1n kereszt\u00fcl a&nbsp;m\u00e9diumk\u00f6zi utal\u00e1s \u00e9s&nbsp;ut\u00e1nz\u00e1s szerep\u00e9t vizsg\u00e1lja. V\u00e9gezet\u00fcl ezek k\u00f6rnyezet\u00e1br\u00e1zol\u00e1sban, a&nbsp;cselekm\u00e9ny dinamiz\u00e1l\u00e1s\u00e1ban \u00e9s&nbsp;nem utols\u00f3 sorban a&nbsp;narr\u00e1tor \u00e9s&nbsp;a&nbsp;szerepl\u0151k jellem\u00e9nek, \u00f6nk\u00e9p\u00e9nek az&nbsp;\u00e1br\u00e1zol\u00e1s\u00e1ban bet\u00f6lt\u00f6tt funkci\u00f3j\u00e1ra k\u00e9rdez r\u00e1.<\/p><\/blockquote>\n<p><a href=\"http:\/\/www.partitura.fss.ukf.sk\/wp-content\/uploads\/2022\/03\/Partitura-2021-2-079-092.pdf\"><strong>Teljes sz\u00f6veg<\/strong><\/a><\/p>\n","protected":false},"excerpt":{"rendered":"<p>Radics Rudolf IN:\u00a0Partit\u00fara Irodalomtudom\u00e1nyi foly\u00f3irat, \u00c9vfolyam: XVI. , Sz\u00e1m: 2, 2021, 79-92. oldal,\u00a0ISSN 1336-7307 DOI:\u00a010.17846\/PA.2021.16.2.79-92 [&hellip;]<\/p>\n","protected":false},"author":5,"featured_media":0,"parent":0,"menu_order":0,"comment_status":"closed","ping_status":"closed","template":"","meta":[],"_links":{"self":[{"href":"http:\/\/www.partitura.fss.ukf.sk\/index.php?rest_route=\/wp\/v2\/pages\/3340"}],"collection":[{"href":"http:\/\/www.partitura.fss.ukf.sk\/index.php?rest_route=\/wp\/v2\/pages"}],"about":[{"href":"http:\/\/www.partitura.fss.ukf.sk\/index.php?rest_route=\/wp\/v2\/types\/page"}],"author":[{"embeddable":true,"href":"http:\/\/www.partitura.fss.ukf.sk\/index.php?rest_route=\/wp\/v2\/users\/5"}],"replies":[{"embeddable":true,"href":"http:\/\/www.partitura.fss.ukf.sk\/index.php?rest_route=%2Fwp%2Fv2%2Fcomments&post=3340"}],"version-history":[{"count":5,"href":"http:\/\/www.partitura.fss.ukf.sk\/index.php?rest_route=\/wp\/v2\/pages\/3340\/revisions"}],"predecessor-version":[{"id":3543,"href":"http:\/\/www.partitura.fss.ukf.sk\/index.php?rest_route=\/wp\/v2\/pages\/3340\/revisions\/3543"}],"wp:attachment":[{"href":"http:\/\/www.partitura.fss.ukf.sk\/index.php?rest_route=%2Fwp%2Fv2%2Fmedia&parent=3340"}],"curies":[{"name":"wp","href":"https:\/\/api.w.org\/{rel}","templated":true}]}}

Vad figurativitás

<h3>Radics Rudolf</h3>
<p><strong><span style="color: #666666;">IN: </span></strong><span style="color: #666666;">Partitúra Irodalomtudományi folyóirat, Évfolyam: XVI. , Szám: 2, 2021, 79-92. oldal, ISSN 1336-7307</span></p>
<p><strong>DOI: </strong>10.17846/PA.2021.16.2.79-92</p>
<p><strong>Absztrakt:</strong></p>
<blockquote><p>A tanulmány Tóth Benedek Holtverseny című regényének médiumközi jelenségeivel foglalkozik. Az&nbsp;elemzés Werner Wolf irodalomközpontú intermediálitáselméletére alapozva a&nbsp;médiumok általi közvetítettség jelenségének és&nbsp;a&nbsp;populáris kultúra hatásainak a&nbsp;vizsgálatával indul. Majd ezt követően a&nbsp;regény néhány kulcsmotívumának és&nbsp;narrato-poétikai sajátosságainak feltárásán keresztül a&nbsp;médiumközi utalás és&nbsp;utánzás szerepét vizsgálja. Végezetül ezek környezetábrázolásban, a&nbsp;cselekmény dinamizálásában és&nbsp;nem utolsó sorban a&nbsp;narrátor és&nbsp;a&nbsp;szereplők jellemének, önképének az&nbsp;ábrázolásában betöltött funkciójára kérdez rá.</p></blockquote>
<p><a href="http://www.partitura.fss.ukf.sk/wp-content/uploads/2022/03/Partitura-2021-2-079-092.pdf"><strong>Teljes szöveg</strong></a></p>

<p>Radics Rudolf IN: Partitúra Irodalomtudományi folyóirat, Évfolyam: XVI. , Szám: 2, 2021, 79-92. oldal, ISSN 1336-7307 DOI: 10.17846/PA.2021.16.2.79-92 [&hellip;]</p>
