{"id":3399,"date":"2023-04-24T08:06:33","date_gmt":"2023-04-24T08:06:33","guid":{"rendered":"http:\/\/www.partitura.fss.ukf.sk\/?page_id=3399"},"modified":"2023-04-25T06:30:15","modified_gmt":"2023-04-25T06:30:15","slug":"a-jelterelmelet-diohejban","status":"publish","type":"page","link":"http:\/\/www.partitura.fss.ukf.sk\/?page_id=3399","title":{"rendered":"A&nbsp;jelt\u00e9relm\u00e9let di\u00f3h\u00e9jban"},"content":{"rendered":"<h3>Sz\u00edv\u00f3s Mih\u00e1ly<\/h3>\n<p><strong><span style=\"color: #666666;\">IN:\u00a0<\/span><\/strong><span style=\"color: #666666;\">Partit\u00fara Irodalomtudom\u00e1nyi foly\u00f3irat, \u00c9vfolyam: XVII. , Sz\u00e1m: 1, 2022, 3-16. oldal,\u00a0ISSN 1336-7307<\/span><\/p>\n<p><strong>DOI:\u00a0<\/strong>10.17846\/PA.2022.17.1.3-16<\/p>\n<p><strong>Absztrakt:<\/strong><\/p>\n<blockquote><p>A szemiotika k\u00fcl\u00f6nb\u00f6z\u0151 r\u00e9szdiszcipl\u00edn\u00e1i k\u00f6z\u00f6tt a&nbsp;t\u00e9rszemiotika meglehet\u0151sen elhanyagolt maradt annak ellen\u00e9re, hogy m\u00e1s tudom\u00e1ny\u00e1gakban, \u00edgy a&nbsp;szociol\u00f3gi\u00e1ban, a&nbsp;pszichol\u00f3gi\u00e1ban, a&nbsp;gazdas\u00e1gtudom\u00e1nyokban \u00e9s&nbsp;a&nbsp;f\u00f6ldrajzban j\u00f3val nagyobb figyelmet szenteltek ember \u00e9s&nbsp;t\u00e9r viszony\u00e1nak. Hasonl\u00f3k\u00e9ppen a&nbsp;jelent\u0151s\u00e9g\u00e9hez k\u00e9pest nagyon keveset foglalkoznak a&nbsp;szemiotikai szintaktik\u00e1val \u00e9s&nbsp;azon bel\u00fcl a&nbsp;jelalakzatokkal is. E&nbsp;tanulm\u00e1ny olyan kulcsfogalmakkal foglalkozik, amelyek mindk\u00e9t ter\u00fcleten sz\u00e9les k\u00f6rben alkalmazhat\u00f3k. A&nbsp;szerz\u0151 e&nbsp;fogalmakra t\u00e1maszkodva hat\u00e1rozza meg a&nbsp;jelt\u00e9r fogalm\u00e1t \u00e9s&nbsp;alapozza meg a&nbsp;jelt\u00e9relemz\u00e9st. Az&nbsp;ember a&nbsp;val\u00f3s jelterek mellett fikt\u00edv jeltereket is \u00e9p\u00edt, \u00e9s&nbsp;a&nbsp;jelterek megismer\u00e9se t\u00e1mogatja a&nbsp;jelt\u00e9r mint megismer\u00e9si \u00e9s&nbsp;gondolkod\u00e1si minta kialakul\u00e1s\u00e1t \u00e9s&nbsp;megszil\u00e1rdul\u00e1s\u00e1t is. A&nbsp;jelt\u00e9relm\u00e9letnek k\u00fcl\u00f6n\u00f6sen fontos alkalmaz\u00e1si ter\u00fclete az&nbsp;oktat\u00e1si folyamatok szemiotikai t\u00e1mogat\u00e1sa, mivel a&nbsp;tudatosan fel\u00e9p\u00edtett oktat\u00e1si jelterek hat\u00e9konyabb\u00e1 \u00e9s&nbsp;\u00e9rdekesebb\u00e9 teszik a&nbsp;tan\u00edt\u00e1st \u00e9s&nbsp;a&nbsp;tanul\u00e1st.<\/p><\/blockquote>\n<p><a href=\"http:\/\/www.partitura.fss.ukf.sk\/wp-content\/uploads\/2023\/04\/Partitura-2022-1-003-016.pdf\"><strong>Teljes sz\u00f6veg<\/strong><\/a><\/p>\n","protected":false},"excerpt":{"rendered":"<p>Sz\u00edv\u00f3s Mih\u00e1ly IN:\u00a0Partit\u00fara Irodalomtudom\u00e1nyi foly\u00f3irat, \u00c9vfolyam: XVII. , Sz\u00e1m: 1, 2022, 3-16. oldal,\u00a0ISSN 1336-7307 DOI:\u00a010.17846\/PA.2022.17.1.3-16 [&hellip;]<\/p>\n","protected":false},"author":5,"featured_media":0,"parent":0,"menu_order":0,"comment_status":"closed","ping_status":"closed","template":"","meta":[],"_links":{"self":[{"href":"http:\/\/www.partitura.fss.ukf.sk\/index.php?rest_route=\/wp\/v2\/pages\/3399"}],"collection":[{"href":"http:\/\/www.partitura.fss.ukf.sk\/index.php?rest_route=\/wp\/v2\/pages"}],"about":[{"href":"http:\/\/www.partitura.fss.ukf.sk\/index.php?rest_route=\/wp\/v2\/types\/page"}],"author":[{"embeddable":true,"href":"http:\/\/www.partitura.fss.ukf.sk\/index.php?rest_route=\/wp\/v2\/users\/5"}],"replies":[{"embeddable":true,"href":"http:\/\/www.partitura.fss.ukf.sk\/index.php?rest_route=%2Fwp%2Fv2%2Fcomments&post=3399"}],"version-history":[{"count":3,"href":"http:\/\/www.partitura.fss.ukf.sk\/index.php?rest_route=\/wp\/v2\/pages\/3399\/revisions"}],"predecessor-version":[{"id":3552,"href":"http:\/\/www.partitura.fss.ukf.sk\/index.php?rest_route=\/wp\/v2\/pages\/3399\/revisions\/3552"}],"wp:attachment":[{"href":"http:\/\/www.partitura.fss.ukf.sk\/index.php?rest_route=%2Fwp%2Fv2%2Fmedia&parent=3399"}],"curies":[{"name":"wp","href":"https:\/\/api.w.org\/{rel}","templated":true}]}}

A&nbsp;jeltérelmélet dióhéjban

<h3>Szívós Mihály</h3>
<p><strong><span style="color: #666666;">IN: </span></strong><span style="color: #666666;">Partitúra Irodalomtudományi folyóirat, Évfolyam: XVII. , Szám: 1, 2022, 3-16. oldal, ISSN 1336-7307</span></p>
<p><strong>DOI: </strong>10.17846/PA.2022.17.1.3-16</p>
<p><strong>Absztrakt:</strong></p>
<blockquote><p>A szemiotika különböző részdiszciplínái között a&nbsp;térszemiotika meglehetősen elhanyagolt maradt annak ellenére, hogy más tudományágakban, így a&nbsp;szociológiában, a&nbsp;pszichológiában, a&nbsp;gazdaságtudományokban és&nbsp;a&nbsp;földrajzban jóval nagyobb figyelmet szenteltek ember és&nbsp;tér viszonyának. Hasonlóképpen a&nbsp;jelentőségéhez képest nagyon keveset foglalkoznak a&nbsp;szemiotikai szintaktikával és&nbsp;azon belül a&nbsp;jelalakzatokkal is. E&nbsp;tanulmány olyan kulcsfogalmakkal foglalkozik, amelyek mindkét területen széles körben alkalmazhatók. A&nbsp;szerző e&nbsp;fogalmakra támaszkodva határozza meg a&nbsp;jeltér fogalmát és&nbsp;alapozza meg a&nbsp;jeltérelemzést. Az&nbsp;ember a&nbsp;valós jelterek mellett fiktív jeltereket is épít, és&nbsp;a&nbsp;jelterek megismerése támogatja a&nbsp;jeltér mint megismerési és&nbsp;gondolkodási minta kialakulását és&nbsp;megszilárdulását is. A&nbsp;jeltérelméletnek különösen fontos alkalmazási területe az&nbsp;oktatási folyamatok szemiotikai támogatása, mivel a&nbsp;tudatosan felépített oktatási jelterek hatékonyabbá és&nbsp;érdekesebbé teszik a&nbsp;tanítást és&nbsp;a&nbsp;tanulást.</p></blockquote>
<p><a href="http://www.partitura.fss.ukf.sk/wp-content/uploads/2023/04/Partitura-2022-1-003-016.pdf"><strong>Teljes szöveg</strong></a></p>

<p>Szívós Mihály IN: Partitúra Irodalomtudományi folyóirat, Évfolyam: XVII. , Szám: 1, 2022, 3-16. oldal, ISSN 1336-7307 DOI: 10.17846/PA.2022.17.1.3-16 [&hellip;]</p>
