{"id":3402,"date":"2023-04-24T08:12:17","date_gmt":"2023-04-24T08:12:17","guid":{"rendered":"http:\/\/www.partitura.fss.ukf.sk\/?page_id=3402"},"modified":"2023-04-25T06:32:36","modified_gmt":"2023-04-25T06:32:36","slug":"a-lakota-naptanc-szertartasi-kunyhojanak-terszemiotikai-elemzese","status":"publish","type":"page","link":"http:\/\/www.partitura.fss.ukf.sk\/?page_id=3402","title":{"rendered":"A&nbsp;lakota napt\u00e1nc szertart\u00e1si kunyh\u00f3j\u00e1nak t\u00e9rszemiotikai elemz\u00e9se"},"content":{"rendered":"<h3>\u00dajv\u00e1ri Edit<\/h3>\n<p><strong><span style=\"color: #666666;\">IN:\u00a0<\/span><\/strong><span style=\"color: #666666;\">Partit\u00fara Irodalomtudom\u00e1nyi foly\u00f3irat, \u00c9vfolyam: XVII. , Sz\u00e1m: 1, 2022, 17-34. oldal,\u00a0ISSN 1336-7307<\/span><\/p>\n<p><strong>DOI:\u00a0<\/strong>10.17846\/PA.2022.17.1.17-34<\/p>\n<p><strong>Absztrakt:<\/strong><\/p>\n<blockquote><p>A tanulm\u00e1ny az&nbsp;\u00e9szak-amerikai s\u00edkvid\u00e9ki lakot\u00e1k legf\u0151bb kultikus esem\u00e9ny\u00e9nek, a&nbsp;napt\u00e1nc r\u00edtusnak a&nbsp;t\u00e9ralak\u00edt\u00e1si rendszer\u00e9t, szertart\u00e1si kunyh\u00f3j\u00e1t elemzi, t\u00e9rszemiotikai szemsz\u00f6gb\u0151l, egy&nbsp;kultur\u00e1lis antropol\u00f3giai forr\u00e1s alapj\u00e1n. A&nbsp;szemiotika a&nbsp;teret is bevonja a&nbsp;vizsg\u00e1lati k\u00f6r\u00e9be, hiszen a&nbsp;vizu\u00e1lis jelalakzatokat \u00e9s&nbsp;jelviszonyokat a&nbsp;t\u00e9rben \u00e9rz\u00e9kelj\u00fck, a&nbsp;szemi\u00f3zis t\u00e9rben zajlik. A&nbsp;t\u00e9rszemiotika az&nbsp;ember \u00e9s&nbsp;a&nbsp;t\u00e9r viszony\u00e1t a&nbsp;szemiotika eszk\u00f6zt\u00e1r\u00e1val \u00e9rtelmezi, el\u0151seg\u00edti a&nbsp;t\u00e9rben kibontakoz\u00f3 kultur\u00e1lis jelens\u00e9gek elemz\u00e9s\u00e9t, a&nbsp;jelalakzatok jelent\u00e9s\u00e9n t\u00fal azok kapcsolatrendszer\u00e9re \u00e9s&nbsp;a&nbsp;t\u00e9rben \u00e9rv\u00e9nyes\u00fcl\u0151 jelviszonyokra \u00e9s&nbsp;funkci\u00f3kra is r\u00e1vil\u00e1g\u00edt. A&nbsp;t\u00e9rszemiotika megfelel\u0151 elm\u00e9leti keretet biztos\u00edt a&nbsp;szertart\u00e1s jelfolyamatainak \u00e9s&nbsp;jelstrukt\u00far\u00e1inak felt\u00e1r\u00e1s\u00e1hoz \u00e9s&nbsp;elemz\u00e9s\u00e9hez, mivel a&nbsp;szemantikai, szintaktikai \u00e9s&nbsp;pragmatikai dimenzi\u00f3k mind \u00e9rtelmezhet\u0151k az&nbsp;elemz\u00e9sen kereszt\u00fcl.<\/p><\/blockquote>\n<p><a href=\"http:\/\/www.partitura.fss.ukf.sk\/wp-content\/uploads\/2023\/04\/Partitura-2022-1-017-034.pdf\"><strong>Teljes sz\u00f6veg<\/strong><\/a><\/p>\n","protected":false},"excerpt":{"rendered":"<p>\u00dajv\u00e1ri Edit IN:\u00a0Partit\u00fara Irodalomtudom\u00e1nyi foly\u00f3irat, \u00c9vfolyam: XVII. , Sz\u00e1m: 1, 2022, 17-34. oldal,\u00a0ISSN 1336-7307 DOI:\u00a010.17846\/PA.2022.17.1.17-34 [&hellip;]<\/p>\n","protected":false},"author":5,"featured_media":0,"parent":0,"menu_order":0,"comment_status":"closed","ping_status":"closed","template":"","meta":[],"_links":{"self":[{"href":"http:\/\/www.partitura.fss.ukf.sk\/index.php?rest_route=\/wp\/v2\/pages\/3402"}],"collection":[{"href":"http:\/\/www.partitura.fss.ukf.sk\/index.php?rest_route=\/wp\/v2\/pages"}],"about":[{"href":"http:\/\/www.partitura.fss.ukf.sk\/index.php?rest_route=\/wp\/v2\/types\/page"}],"author":[{"embeddable":true,"href":"http:\/\/www.partitura.fss.ukf.sk\/index.php?rest_route=\/wp\/v2\/users\/5"}],"replies":[{"embeddable":true,"href":"http:\/\/www.partitura.fss.ukf.sk\/index.php?rest_route=%2Fwp%2Fv2%2Fcomments&post=3402"}],"version-history":[{"count":4,"href":"http:\/\/www.partitura.fss.ukf.sk\/index.php?rest_route=\/wp\/v2\/pages\/3402\/revisions"}],"predecessor-version":[{"id":3556,"href":"http:\/\/www.partitura.fss.ukf.sk\/index.php?rest_route=\/wp\/v2\/pages\/3402\/revisions\/3556"}],"wp:attachment":[{"href":"http:\/\/www.partitura.fss.ukf.sk\/index.php?rest_route=%2Fwp%2Fv2%2Fmedia&parent=3402"}],"curies":[{"name":"wp","href":"https:\/\/api.w.org\/{rel}","templated":true}]}}

A&nbsp;lakota naptánc szertartási kunyhójának térszemiotikai elemzése

<h3>Újvári Edit</h3>
<p><strong><span style="color: #666666;">IN: </span></strong><span style="color: #666666;">Partitúra Irodalomtudományi folyóirat, Évfolyam: XVII. , Szám: 1, 2022, 17-34. oldal, ISSN 1336-7307</span></p>
<p><strong>DOI: </strong>10.17846/PA.2022.17.1.17-34</p>
<p><strong>Absztrakt:</strong></p>
<blockquote><p>A tanulmány az&nbsp;észak-amerikai síkvidéki lakoták legfőbb kultikus eseményének, a&nbsp;naptánc rítusnak a&nbsp;téralakítási rendszerét, szertartási kunyhóját elemzi, térszemiotikai szemszögből, egy&nbsp;kulturális antropológiai forrás alapján. A&nbsp;szemiotika a&nbsp;teret is bevonja a&nbsp;vizsgálati körébe, hiszen a&nbsp;vizuális jelalakzatokat és&nbsp;jelviszonyokat a&nbsp;térben érzékeljük, a&nbsp;szemiózis térben zajlik. A&nbsp;térszemiotika az&nbsp;ember és&nbsp;a&nbsp;tér viszonyát a&nbsp;szemiotika eszköztárával értelmezi, elősegíti a&nbsp;térben kibontakozó kulturális jelenségek elemzését, a&nbsp;jelalakzatok jelentésén túl azok kapcsolatrendszerére és&nbsp;a&nbsp;térben érvényesülő jelviszonyokra és&nbsp;funkciókra is rávilágít. A&nbsp;térszemiotika megfelelő elméleti keretet biztosít a&nbsp;szertartás jelfolyamatainak és&nbsp;jelstruktúráinak feltárásához és&nbsp;elemzéséhez, mivel a&nbsp;szemantikai, szintaktikai és&nbsp;pragmatikai dimenziók mind értelmezhetők az&nbsp;elemzésen keresztül.</p></blockquote>
<p><a href="http://www.partitura.fss.ukf.sk/wp-content/uploads/2023/04/Partitura-2022-1-017-034.pdf"><strong>Teljes szöveg</strong></a></p>

<p>Újvári Edit IN: Partitúra Irodalomtudományi folyóirat, Évfolyam: XVII. , Szám: 1, 2022, 17-34. oldal, ISSN 1336-7307 DOI: 10.17846/PA.2022.17.1.17-34 [&hellip;]</p>
