{"id":3404,"date":"2023-04-24T08:14:30","date_gmt":"2023-04-24T08:14:30","guid":{"rendered":"http:\/\/www.partitura.fss.ukf.sk\/?page_id=3404"},"modified":"2023-04-25T06:38:09","modified_gmt":"2023-04-25T06:38:09","slug":"a-vitakultura-oktatasanak-es-fejlesztesenek-terszemiotikai-hatteru-modszere","status":"publish","type":"page","link":"http:\/\/www.partitura.fss.ukf.sk\/?page_id=3404","title":{"rendered":"A&nbsp;vitakult\u00fara oktat\u00e1s\u00e1nak \u00e9s&nbsp;fejleszt\u00e9s\u00e9nek t\u00e9rszemiotikai h\u00e1tter\u0171 m\u00f3dszere"},"content":{"rendered":"<h3>Sz\u00edv\u00f3s Mih\u00e1ly \u2013 Lehmann Mikl\u00f3s<\/h3>\n<p><strong><span style=\"color: #666666;\">IN:\u00a0<\/span><\/strong><span style=\"color: #666666;\">Partit\u00fara Irodalomtudom\u00e1nyi foly\u00f3irat, \u00c9vfolyam: XVII. , Sz\u00e1m: 1, 2022, 35-50. oldal,\u00a0ISSN 1336-7307<\/span><\/p>\n<p><strong>DOI:\u00a0<\/strong>10.17846\/PA.2022.17.1.35-50<\/p>\n<p><strong>Absztrakt:<\/strong><\/p>\n<blockquote><p>A tanulm\u00e1ny f\u0151 c\u00e9lja a&nbsp;vitakult\u00fara oktat\u00e1s\u00e1nak t\u00e1mogat\u00e1sa a&nbsp;k\u00f6z\u00e9piskol\u00e1kban \u00e9s&nbsp;az&nbsp;egyetemi oktat\u00e1sban. E&nbsp;r\u00e9g\u00f3ta elhanyagolt t\u00e9ma aktualit\u00e1sa egyr\u00e9szt abb\u00f3l ad\u00f3dik, hogy vit\u00e1k n\u00e9lk\u00fcl aligha lehet a&nbsp;fiatalokat demokratikus gondolkod\u00e1sra oktatni. M\u00e1sr\u00e9szt a&nbsp;globaliz\u00e1ci\u00f3val egy\u00fcttj\u00e1r\u00f3 \u00e9rt\u00e9kv\u00e1ltoz\u00e1sok \u00e9s&nbsp;\u00faj ismeretek tiszt\u00e1z\u00f3 megismer\u00e9se is a&nbsp;vit\u00e1k sz\u00fcks\u00e9gess\u00e9ge fel\u00e9 mutat. A&nbsp;vitakult\u00fara fejleszt\u00e9s\u00e9hez a&nbsp;szerz\u0151k mindenekel\u0151tt a&nbsp;t\u00e9rszemiotik\u00e1ra, a&nbsp;hallgat\u00f3lagos tud\u00e1s elm\u00e9let\u00e9re, valamint fontos vezet\u00e9studom\u00e1nyi fogalmak \u00fajszer\u0171 alkalmaz\u00e1s\u00e1ra t\u00e1maszkodtak. A&nbsp;vita moder\u00e1tor\u00e1nak teend\u0151it egyr\u00e9szt id\u0151beli folyamat\u00e1ban vizsg\u00e1lj\u00e1k \u00e9s&nbsp;n\u00e9gy szakaszra tagolj\u00e1k a&nbsp;vit\u00e1kat; m\u00e1sr\u00e9szt h\u00e1rom f\u0151 klasszikus vezet\u00e9si funkci\u00f3 \u2013 a&nbsp;c\u00e9lkit\u0171z\u00e9s, a&nbsp;menedzsel\u00e9s, \u00e9s&nbsp;a&nbsp;konfliktuskezel\u00e9s \u2013 p\u00e1rhuzamos gyakorl\u00e1s\u00e1nak felt\u00e9teleit vizsg\u00e1lj\u00e1k.<\/p><\/blockquote>\n<p><a href=\"http:\/\/www.partitura.fss.ukf.sk\/wp-content\/uploads\/2023\/04\/Partitura-2022-1-035-050.pdf\"><strong>Teljes sz\u00f6veg<\/strong><\/a><\/p>\n","protected":false},"excerpt":{"rendered":"<p>Sz\u00edv\u00f3s Mih\u00e1ly \u2013 Lehmann Mikl\u00f3s IN:\u00a0Partit\u00fara Irodalomtudom\u00e1nyi foly\u00f3irat, \u00c9vfolyam: XVII. , Sz\u00e1m: 1, 2022, 35-50. [&hellip;]<\/p>\n","protected":false},"author":5,"featured_media":0,"parent":0,"menu_order":0,"comment_status":"closed","ping_status":"closed","template":"","meta":[],"_links":{"self":[{"href":"http:\/\/www.partitura.fss.ukf.sk\/index.php?rest_route=\/wp\/v2\/pages\/3404"}],"collection":[{"href":"http:\/\/www.partitura.fss.ukf.sk\/index.php?rest_route=\/wp\/v2\/pages"}],"about":[{"href":"http:\/\/www.partitura.fss.ukf.sk\/index.php?rest_route=\/wp\/v2\/types\/page"}],"author":[{"embeddable":true,"href":"http:\/\/www.partitura.fss.ukf.sk\/index.php?rest_route=\/wp\/v2\/users\/5"}],"replies":[{"embeddable":true,"href":"http:\/\/www.partitura.fss.ukf.sk\/index.php?rest_route=%2Fwp%2Fv2%2Fcomments&post=3404"}],"version-history":[{"count":6,"href":"http:\/\/www.partitura.fss.ukf.sk\/index.php?rest_route=\/wp\/v2\/pages\/3404\/revisions"}],"predecessor-version":[{"id":3564,"href":"http:\/\/www.partitura.fss.ukf.sk\/index.php?rest_route=\/wp\/v2\/pages\/3404\/revisions\/3564"}],"wp:attachment":[{"href":"http:\/\/www.partitura.fss.ukf.sk\/index.php?rest_route=%2Fwp%2Fv2%2Fmedia&parent=3404"}],"curies":[{"name":"wp","href":"https:\/\/api.w.org\/{rel}","templated":true}]}}

A&nbsp;vitakultúra oktatásának és&nbsp;fejlesztésének térszemiotikai hátterű módszere

<h3>Szívós Mihály – Lehmann Miklós</h3>
<p><strong><span style="color: #666666;">IN: </span></strong><span style="color: #666666;">Partitúra Irodalomtudományi folyóirat, Évfolyam: XVII. , Szám: 1, 2022, 35-50. oldal, ISSN 1336-7307</span></p>
<p><strong>DOI: </strong>10.17846/PA.2022.17.1.35-50</p>
<p><strong>Absztrakt:</strong></p>
<blockquote><p>A tanulmány fő célja a&nbsp;vitakultúra oktatásának támogatása a&nbsp;középiskolákban és&nbsp;az&nbsp;egyetemi oktatásban. E&nbsp;régóta elhanyagolt téma aktualitása egyrészt abból adódik, hogy viták nélkül aligha lehet a&nbsp;fiatalokat demokratikus gondolkodásra oktatni. Másrészt a&nbsp;globalizációval együttjáró értékváltozások és&nbsp;új ismeretek tisztázó megismerése is a&nbsp;viták szükségessége felé mutat. A&nbsp;vitakultúra fejlesztéséhez a&nbsp;szerzők mindenekelőtt a&nbsp;térszemiotikára, a&nbsp;hallgatólagos tudás elméletére, valamint fontos vezetéstudományi fogalmak újszerű alkalmazására támaszkodtak. A&nbsp;vita moderátorának teendőit egyrészt időbeli folyamatában vizsgálják és&nbsp;négy szakaszra tagolják a&nbsp;vitákat; másrészt három fő klasszikus vezetési funkció – a&nbsp;célkitűzés, a&nbsp;menedzselés, és&nbsp;a&nbsp;konfliktuskezelés – párhuzamos gyakorlásának feltételeit vizsgálják.</p></blockquote>
<p><a href="http://www.partitura.fss.ukf.sk/wp-content/uploads/2023/04/Partitura-2022-1-035-050.pdf"><strong>Teljes szöveg</strong></a></p>

<p>Szívós Mihály – Lehmann Miklós IN: Partitúra Irodalomtudományi folyóirat, Évfolyam: XVII. , Szám: 1, 2022, 35-50. [&hellip;]</p>
