{"id":3439,"date":"2023-04-24T09:08:53","date_gmt":"2023-04-24T09:08:53","guid":{"rendered":"http:\/\/www.partitura.fss.ukf.sk\/?page_id=3439"},"modified":"2023-04-25T06:55:34","modified_gmt":"2023-04-25T06:55:34","slug":"gide-es-alpapjai-green-es-a-tobbiek-marai-sandor-es-a-francia-meleg-irodalom","status":"publish","type":"page","link":"http:\/\/www.partitura.fss.ukf.sk\/?page_id=3439","title":{"rendered":"\u201eGide \u00e9s&nbsp;alpapjai, Green \u00e9s&nbsp;a&nbsp;t\u00f6bbiek\u201d. M\u00e1rai S\u00e1ndor \u00e9s&nbsp;a&nbsp;francia \u201emeleg irodalom\u201d"},"content":{"rendered":"<h3>Csehy Zolt\u00e1n<\/h3>\n<p><strong><span style=\"color: #666666;\">IN:\u00a0<\/span><\/strong><span style=\"color: #666666;\">Partit\u00fara Irodalomtudom\u00e1nyi foly\u00f3irat, \u00c9vfolyam: XVII. , Sz\u00e1m: 2, 2022, 15-34. oldal,\u00a0ISSN 1336-7307<\/span><\/p>\n<p><strong>DOI:\u00a0<\/strong>10.17846\/PA.2022.17.2.15-34<\/p>\n<p><strong>Absztrakt:<\/strong><\/p>\n<blockquote><p>Ez az&nbsp;\u00edr\u00e1s egy&nbsp;nagyobb projekt r\u00e9sze, mely M\u00e1rai \u201eteljes\u201d \u00e9s&nbsp;\u201ehi\u00e1nyos\u201d, nyilv\u00e1nos \u00e9s&nbsp;priv\u00e1t napl\u00f3ib\u00f3l kiindulva vizsg\u00e1lja M\u00e1rai viszony\u00e1t a&nbsp;m\u00e1ss\u00e1ghoz, a&nbsp;homoszexualit\u00e1shoz, a&nbsp;queer jelens\u00e9gekhez. A&nbsp;projekt r\u00f6gz\u00edteni szeretn\u00e9 a&nbsp;sokszor szinte \u201eanarchista\u201d nyitotts\u00e1g \u00e9s&nbsp;az&nbsp;individualizmusb\u00f3l ad\u00f3d\u00f3 elhat\u00e1rol\u00f3d\u00e1s izgalmas retorikai j\u00e1t\u00e9k\u00e1t, de ki is akarja jel\u00f6lni M\u00e1rai hely\u00e9t a&nbsp;magyar irodalom queer diskurzus\u00e1ban. M\u00e1rai nem puszt\u00e1n a&nbsp;t\u00e9ma relev\u00e1ns irodalmi diskurzuss\u00e1 v\u00e1l\u00e1s\u00e1nak tan\u00faja (s\u0151t a&nbsp;Zend\u00fcl\u0151k, illetve az&nbsp;Egy polg\u00e1r vallom\u00e1sai r\u00e9v\u00e9n alak\u00edt\u00f3ja), hanem kritikusa is, s\u0151t alighanem egyetlen magyar \u00edr\u00f3k\u00e9nt k\u00f6vette viszonylag \u00e9l\u00e9nk figyelemmel (kiv\u00e1lt az&nbsp;amerikai) meleg emancip\u00e1ci\u00f3s mozgalmak felemelked\u00e9s\u00e9t, politikai, k\u00f6z\u00e9leti, s\u0151t m\u0171v\u00e9szeti t\u00e9nyez\u0151v\u00e9 alakul\u00e1s\u00e1t. Ez&nbsp;az \u00edr\u00e1s ennek a&nbsp;komplex vil\u00e1gnak csak egyetlen szegmens\u00e9t vizsg\u00e1lja: a&nbsp;Gide, Proust \u00e9s&nbsp;Green \u201emeleg\u201d \u00edr\u00e1saival, illetve melegs\u00e9g\u00e9vel kapcsolatos napl\u00f3bejegyz\u00e9seket. A&nbsp;\u201eteljes\u201d napl\u00f3 term\u00e9szetesen a&nbsp;pillanat m\u0171faja is: ennek megfelel\u0151en nem mindig vonhat\u00f3 le a&nbsp;bejegyz\u00e9sekb\u0151l \u201e\u00e1ll\u00e1spontszer\u0171\u201d t\u00e9zis, m\u00e9gis fontos lehet az&nbsp;a&nbsp;dinamika, mely tolerancia \u00e9s&nbsp;intolerancia, \u00edr\u00f3i \u00e9s&nbsp;emberi, etikai \u00e9s&nbsp;m\u0171v\u00e9szi komfortz\u00f3na k\u00f6z\u00f6tt bontakozik ki. Ahogy az&nbsp;sem mell\u00e9kes, hogy ezek a&nbsp;mozg\u00e1sok mennyire rezon\u00e1lnak a&nbsp;k\u00e9rd\u00e9s tekintet\u00e9ben sokszor meglehet\u0151sen szem\u00e9rmes vagy sokkal ink\u00e1bb \u00e9rdektelen M\u00e1raiszakirodalomban, illetve bukkannak fel a&nbsp;primer sz\u00e9pirodalmi alkot\u00e1sokban. A&nbsp;szexus \u00e9s&nbsp;a&nbsp;m\u00e1ss\u00e1g k\u00e9rd\u00e9sei szinte nem is t\u0171nnek fel sem a&nbsp;napl\u00f3megjelen\u00e9seket k\u00eds\u00e9r\u0151 szorgos \u00e9s&nbsp;kiterjedt recenzi\u00f3irodalomban, s&nbsp;nem kaptak szerepet nagyobb l\u00e9legzet\u0171 tanulm\u00e1nyokban sem.<\/p><\/blockquote>\n<p><a href=\"http:\/\/www.partitura.fss.ukf.sk\/wp-content\/uploads\/2023\/04\/Partitura-2022-2-015-034.pdf\"><strong>Teljes sz\u00f6veg<\/strong><\/a><\/p>\n","protected":false},"excerpt":{"rendered":"<p>Csehy Zolt\u00e1n IN:\u00a0Partit\u00fara Irodalomtudom\u00e1nyi foly\u00f3irat, \u00c9vfolyam: XVII. , Sz\u00e1m: 2, 2022, 15-34. oldal,\u00a0ISSN 1336-7307 DOI:\u00a010.17846\/PA.2022.17.2.15-34 [&hellip;]<\/p>\n","protected":false},"author":5,"featured_media":0,"parent":0,"menu_order":0,"comment_status":"closed","ping_status":"closed","template":"","meta":[],"_links":{"self":[{"href":"http:\/\/www.partitura.fss.ukf.sk\/index.php?rest_route=\/wp\/v2\/pages\/3439"}],"collection":[{"href":"http:\/\/www.partitura.fss.ukf.sk\/index.php?rest_route=\/wp\/v2\/pages"}],"about":[{"href":"http:\/\/www.partitura.fss.ukf.sk\/index.php?rest_route=\/wp\/v2\/types\/page"}],"author":[{"embeddable":true,"href":"http:\/\/www.partitura.fss.ukf.sk\/index.php?rest_route=\/wp\/v2\/users\/5"}],"replies":[{"embeddable":true,"href":"http:\/\/www.partitura.fss.ukf.sk\/index.php?rest_route=%2Fwp%2Fv2%2Fcomments&post=3439"}],"version-history":[{"count":2,"href":"http:\/\/www.partitura.fss.ukf.sk\/index.php?rest_route=\/wp\/v2\/pages\/3439\/revisions"}],"predecessor-version":[{"id":3594,"href":"http:\/\/www.partitura.fss.ukf.sk\/index.php?rest_route=\/wp\/v2\/pages\/3439\/revisions\/3594"}],"wp:attachment":[{"href":"http:\/\/www.partitura.fss.ukf.sk\/index.php?rest_route=%2Fwp%2Fv2%2Fmedia&parent=3439"}],"curies":[{"name":"wp","href":"https:\/\/api.w.org\/{rel}","templated":true}]}}

„Gide és&nbsp;alpapjai, Green és&nbsp;a&nbsp;többiek”. Márai Sándor és&nbsp;a&nbsp;francia „meleg irodalom”

<h3>Csehy Zoltán</h3>
<p><strong><span style="color: #666666;">IN: </span></strong><span style="color: #666666;">Partitúra Irodalomtudományi folyóirat, Évfolyam: XVII. , Szám: 2, 2022, 15-34. oldal, ISSN 1336-7307</span></p>
<p><strong>DOI: </strong>10.17846/PA.2022.17.2.15-34</p>
<p><strong>Absztrakt:</strong></p>
<blockquote><p>Ez az&nbsp;írás egy&nbsp;nagyobb projekt része, mely Márai „teljes” és&nbsp;„hiányos”, nyilvános és&nbsp;privát naplóiból kiindulva vizsgálja Márai viszonyát a&nbsp;mássághoz, a&nbsp;homoszexualitáshoz, a&nbsp;queer jelenségekhez. A&nbsp;projekt rögzíteni szeretné a&nbsp;sokszor szinte „anarchista” nyitottság és&nbsp;az&nbsp;individualizmusból adódó elhatárolódás izgalmas retorikai játékát, de ki is akarja jelölni Márai helyét a&nbsp;magyar irodalom queer diskurzusában. Márai nem pusztán a&nbsp;téma releváns irodalmi diskurzussá válásának tanúja (sőt a&nbsp;Zendülők, illetve az&nbsp;Egy polgár vallomásai révén alakítója), hanem kritikusa is, sőt alighanem egyetlen magyar íróként követte viszonylag élénk figyelemmel (kivált az&nbsp;amerikai) meleg emancipációs mozgalmak felemelkedését, politikai, közéleti, sőt művészeti tényezővé alakulását. Ez&nbsp;az írás ennek a&nbsp;komplex világnak csak egyetlen szegmensét vizsgálja: a&nbsp;Gide, Proust és&nbsp;Green „meleg” írásaival, illetve melegségével kapcsolatos naplóbejegyzéseket. A&nbsp;„teljes” napló természetesen a&nbsp;pillanat műfaja is: ennek megfelelően nem mindig vonható le a&nbsp;bejegyzésekből „álláspontszerű” tézis, mégis fontos lehet az&nbsp;a&nbsp;dinamika, mely tolerancia és&nbsp;intolerancia, írói és&nbsp;emberi, etikai és&nbsp;művészi komfortzóna között bontakozik ki. Ahogy az&nbsp;sem mellékes, hogy ezek a&nbsp;mozgások mennyire rezonálnak a&nbsp;kérdés tekintetében sokszor meglehetősen szemérmes vagy sokkal inkább érdektelen Máraiszakirodalomban, illetve bukkannak fel a&nbsp;primer szépirodalmi alkotásokban. A&nbsp;szexus és&nbsp;a&nbsp;másság kérdései szinte nem is tűnnek fel sem a&nbsp;naplómegjelenéseket kísérő szorgos és&nbsp;kiterjedt recenzióirodalomban, s&nbsp;nem kaptak szerepet nagyobb lélegzetű tanulmányokban sem.</p></blockquote>
<p><a href="http://www.partitura.fss.ukf.sk/wp-content/uploads/2023/04/Partitura-2022-2-015-034.pdf"><strong>Teljes szöveg</strong></a></p>

<p>Csehy Zoltán IN: Partitúra Irodalomtudományi folyóirat, Évfolyam: XVII. , Szám: 2, 2022, 15-34. oldal, ISSN 1336-7307 DOI: 10.17846/PA.2022.17.2.15-34 [&hellip;]</p>
