{"id":3448,"date":"2023-04-24T09:20:45","date_gmt":"2023-04-24T09:20:45","guid":{"rendered":"http:\/\/www.partitura.fss.ukf.sk\/?page_id=3448"},"modified":"2023-04-26T07:29:02","modified_gmt":"2023-04-26T07:29:02","slug":"kulvarosi-vampirsztori","status":"publish","type":"page","link":"http:\/\/www.partitura.fss.ukf.sk\/?page_id=3448","title":{"rendered":"K\u00fclv\u00e1rosi v\u00e1mp\u00edrsztori"},"content":{"rendered":"<h3>T\u00e1mba Ren\u00e1t\u00f3<\/h3>\n<p><strong><span style=\"color: #666666;\">IN:\u00a0<\/span><\/strong><span style=\"color: #666666;\">Partit\u00fara Irodalomtudom\u00e1nyi foly\u00f3irat, \u00c9vfolyam: XVII. , Sz\u00e1m: 2, 2022, 87-100. oldal,\u00a0ISSN 1336-7307<\/span><\/p>\n<p><strong>DOI:\u00a0<\/strong>10.17846\/PA.2022.17.2.87-100<\/p>\n<p><strong>Absztrakt:<\/strong><\/p>\n<blockquote><p>A John Ajvide Lindqvist sv\u00e9d \u00edr\u00f3 els\u0151 k\u00f6tetek\u00e9nt jegyzett H\u00edvj be! c\u00edm\u0171 reg\u00e9ny jelent\u0151s m\u0171faji \u00faj\u00edt\u00e1st hozott a&nbsp;v\u00e1mp\u00edrzs\u00e1nerbe, hiszen a&nbsp;nyolcvanas \u00e9vek k\u00fclv\u00e1rosi k\u00f6zeg\u00e9be helyezte a&nbsp;r\u00e9mt\u00f6rt\u00e9netet. A&nbsp;m\u0171 sz\u00e1nd\u00e9koltan dekoncentr\u00e1lt cselekm\u00e9nye sz\u00e1mtalan \u00e9lett\u00f6red\u00e9kb\u0151l \u00e9p\u00fcl fel, melyekb\u0151l \u00f6ssze\u00e1ll Blackeberg t\u00e1rsadalomrajza. E&nbsp;sz\u00e1lak k\u00f6z\u00fcl a&nbsp;leghangs\u00falyosabb az&nbsp;iskolat\u00e1rsai \u00e1ltal zaklatott Oskar, illetve Eli, a&nbsp;v\u00e1mp\u00edr, aki nem fennk\u00f6lt teremt\u00e9s m\u00e1r, mint Drakula Gr\u00f3f, vad\u00e1sz\u00f6szt\u00f6ne is hi\u00e1nyzik \u2013 helyette emberszolg\u00e1ja szerzi be a&nbsp;sz\u00e1m\u00e1ra sz\u00fcks\u00e9ges t\u00e1pl\u00e1l\u00e9kot. Ebben a&nbsp;t\u00f6rt\u00e9netben mindent \u00e1that a&nbsp;zsibbaszt\u00f3 k\u00f6z\u00e9pszer, a&nbsp;nyomor \u00e9s&nbsp;a&nbsp;kil\u00e1t\u00e1stalans\u00e1g, s&nbsp;ebbe a&nbsp;mili\u0151be a&nbsp;f\u0151szerepl\u0151k is t\u00f6k\u00e9letesen beleillenek, hi\u00e1ba minden fantasztikum. Jelen \u00edr\u00e1somban a&nbsp;H\u00edvj be! c\u00edm\u0171 reg\u00e9nyt k\u00edv\u00e1nom bemutatni, els\u0151sorban a&nbsp;po\u00e9tikai \u00e9s&nbsp;narr\u00e1ci\u00f3s saj\u00e1toss\u00e1gokra, a&nbsp;cselekm\u00e9ny \u00e9s&nbsp;a&nbsp;karakterek jellemz\u00e9s\u00e9re, illetve a&nbsp;m\u0171faji jegyek \u00e9rtelmez\u00e9s\u00e9re t\u00f6rekedve.<\/p><\/blockquote>\n<p><a href=\"http:\/\/www.partitura.fss.ukf.sk\/wp-content\/uploads\/2023\/04\/Partitura-2022-2-087-100.pdf\"><strong>Teljes sz\u00f6veg<\/strong><\/a><\/p>\n","protected":false},"excerpt":{"rendered":"<p>T\u00e1mba Ren\u00e1t\u00f3 IN:\u00a0Partit\u00fara Irodalomtudom\u00e1nyi foly\u00f3irat, \u00c9vfolyam: XVII. , Sz\u00e1m: 2, 2022, 87-100. oldal,\u00a0ISSN 1336-7307 DOI:\u00a010.17846\/PA.2022.17.2.87-100 [&hellip;]<\/p>\n","protected":false},"author":5,"featured_media":0,"parent":0,"menu_order":0,"comment_status":"closed","ping_status":"closed","template":"","meta":[],"_links":{"self":[{"href":"http:\/\/www.partitura.fss.ukf.sk\/index.php?rest_route=\/wp\/v2\/pages\/3448"}],"collection":[{"href":"http:\/\/www.partitura.fss.ukf.sk\/index.php?rest_route=\/wp\/v2\/pages"}],"about":[{"href":"http:\/\/www.partitura.fss.ukf.sk\/index.php?rest_route=\/wp\/v2\/types\/page"}],"author":[{"embeddable":true,"href":"http:\/\/www.partitura.fss.ukf.sk\/index.php?rest_route=\/wp\/v2\/users\/5"}],"replies":[{"embeddable":true,"href":"http:\/\/www.partitura.fss.ukf.sk\/index.php?rest_route=%2Fwp%2Fv2%2Fcomments&post=3448"}],"version-history":[{"count":6,"href":"http:\/\/www.partitura.fss.ukf.sk\/index.php?rest_route=\/wp\/v2\/pages\/3448\/revisions"}],"predecessor-version":[{"id":3623,"href":"http:\/\/www.partitura.fss.ukf.sk\/index.php?rest_route=\/wp\/v2\/pages\/3448\/revisions\/3623"}],"wp:attachment":[{"href":"http:\/\/www.partitura.fss.ukf.sk\/index.php?rest_route=%2Fwp%2Fv2%2Fmedia&parent=3448"}],"curies":[{"name":"wp","href":"https:\/\/api.w.org\/{rel}","templated":true}]}}

Külvárosi vámpírsztori

<h3>Támba Renátó</h3>
<p><strong><span style="color: #666666;">IN: </span></strong><span style="color: #666666;">Partitúra Irodalomtudományi folyóirat, Évfolyam: XVII. , Szám: 2, 2022, 87-100. oldal, ISSN 1336-7307</span></p>
<p><strong>DOI: </strong>10.17846/PA.2022.17.2.87-100</p>
<p><strong>Absztrakt:</strong></p>
<blockquote><p>A John Ajvide Lindqvist svéd író első köteteként jegyzett Hívj be! című regény jelentős műfaji újítást hozott a&nbsp;vámpírzsánerbe, hiszen a&nbsp;nyolcvanas évek külvárosi közegébe helyezte a&nbsp;rémtörténetet. A&nbsp;mű szándékoltan dekoncentrált cselekménye számtalan élettöredékből épül fel, melyekből összeáll Blackeberg társadalomrajza. E&nbsp;szálak közül a&nbsp;leghangsúlyosabb az&nbsp;iskolatársai által zaklatott Oskar, illetve Eli, a&nbsp;vámpír, aki nem fennkölt teremtés már, mint Drakula Gróf, vadászösztöne is hiányzik – helyette emberszolgája szerzi be a&nbsp;számára szükséges táplálékot. Ebben a&nbsp;történetben mindent áthat a&nbsp;zsibbasztó középszer, a&nbsp;nyomor és&nbsp;a&nbsp;kilátástalanság, s&nbsp;ebbe a&nbsp;miliőbe a&nbsp;főszereplők is tökéletesen beleillenek, hiába minden fantasztikum. Jelen írásomban a&nbsp;Hívj be! című regényt kívánom bemutatni, elsősorban a&nbsp;poétikai és&nbsp;narrációs sajátosságokra, a&nbsp;cselekmény és&nbsp;a&nbsp;karakterek jellemzésére, illetve a&nbsp;műfaji jegyek értelmezésére törekedve.</p></blockquote>
<p><a href="http://www.partitura.fss.ukf.sk/wp-content/uploads/2023/04/Partitura-2022-2-087-100.pdf"><strong>Teljes szöveg</strong></a></p>

<p>Támba Renátó IN: Partitúra Irodalomtudományi folyóirat, Évfolyam: XVII. , Szám: 2, 2022, 87-100. oldal, ISSN 1336-7307 DOI: 10.17846/PA.2022.17.2.87-100 [&hellip;]</p>
