{"id":3837,"date":"2024-03-14T08:45:41","date_gmt":"2024-03-14T08:45:41","guid":{"rendered":"http:\/\/www.partitura.fss.ukf.sk\/?page_id=3837"},"modified":"2024-03-14T08:45:41","modified_gmt":"2024-03-14T08:45:41","slug":"iras-olvasas-tanulasi-es-elsajatitasi-kepesseget-elorejelzo-vizsgalatok-magyarorszagon-2","status":"publish","type":"page","link":"http:\/\/www.partitura.fss.ukf.sk\/?page_id=3837","title":{"rendered":"\u00cdr\u00e1s-olvas\u00e1s tanul\u00e1si \u00e9s&nbsp;elsaj\u00e1t\u00edt\u00e1si k\u00e9pess\u00e9get el\u0151rejelz\u0151 vizsg\u00e1latok Magyarorsz\u00e1gon"},"content":{"rendered":"<h3>Val\u00e9ria Juh\u00e1sz<\/h3>\n<p><strong><span style=\"color: #666666;\">IN:\u00a0<\/span><\/strong><span style=\"color: #666666;\">Partit\u00fara Irodalomtudom\u00e1nyi foly\u00f3irat, Volume XVIII. , Issue 2, 2023, p. 52-74 ,\u00a0ISSN 1336-7307<\/span><\/p>\n<p><strong>DOI:\u00a0<\/strong>10.17846\/PA.2023.18.2.52-74<\/p>\n<p><strong>Abstract:<\/strong><\/p>\n<blockquote><p>One indicator of school readiness is the level of development of literacy skills. In the following, I will present four tests used in the Hungarian practice to predict children\u2019s literacy and learning abilities at preschool and school entry. I will briefly describe the tests and then group the tests according to the types of tasks included in the different assessment instruments, along which I will review the areas of ability required for literacy acquisition, emphasising their practical aspects. Together, the skill areas and tasks analysed in the different tests can be used to more accurately assess readiness. The types of tasks in the tests can also be used in skills development.<\/p><\/blockquote>\n<p><a href=\"http:\/\/www.partitura.fss.ukf.sk\/wp-content\/uploads\/2024\/03\/Partitura-2023-2-052-074.pdf\"><strong>Whole issue<\/strong><\/a><\/p>\n","protected":false},"excerpt":{"rendered":"<p>Val\u00e9ria Juh\u00e1sz IN:\u00a0Partit\u00fara Irodalomtudom\u00e1nyi foly\u00f3irat, Volume XVIII. , Issue 2, 2023, p. 52-74 ,\u00a0ISSN 1336-7307 [&hellip;]<\/p>\n","protected":false},"author":5,"featured_media":0,"parent":0,"menu_order":0,"comment_status":"closed","ping_status":"closed","template":"","meta":[],"_links":{"self":[{"href":"http:\/\/www.partitura.fss.ukf.sk\/index.php?rest_route=\/wp\/v2\/pages\/3837"}],"collection":[{"href":"http:\/\/www.partitura.fss.ukf.sk\/index.php?rest_route=\/wp\/v2\/pages"}],"about":[{"href":"http:\/\/www.partitura.fss.ukf.sk\/index.php?rest_route=\/wp\/v2\/types\/page"}],"author":[{"embeddable":true,"href":"http:\/\/www.partitura.fss.ukf.sk\/index.php?rest_route=\/wp\/v2\/users\/5"}],"replies":[{"embeddable":true,"href":"http:\/\/www.partitura.fss.ukf.sk\/index.php?rest_route=%2Fwp%2Fv2%2Fcomments&post=3837"}],"version-history":[{"count":1,"href":"http:\/\/www.partitura.fss.ukf.sk\/index.php?rest_route=\/wp\/v2\/pages\/3837\/revisions"}],"predecessor-version":[{"id":3844,"href":"http:\/\/www.partitura.fss.ukf.sk\/index.php?rest_route=\/wp\/v2\/pages\/3837\/revisions\/3844"}],"wp:attachment":[{"href":"http:\/\/www.partitura.fss.ukf.sk\/index.php?rest_route=%2Fwp%2Fv2%2Fmedia&parent=3837"}],"curies":[{"name":"wp","href":"https:\/\/api.w.org\/{rel}","templated":true}]}}