{"id":3878,"date":"2025-01-23T10:57:57","date_gmt":"2025-01-23T10:57:57","guid":{"rendered":"http:\/\/www.partitura.fss.ukf.sk\/?page_id=3878"},"modified":"2025-01-23T13:49:08","modified_gmt":"2025-01-23T13:49:08","slug":"az-iskolai-szemleltetes-a-resz-az-egesz-helyett-tipusu-ikonicitassal-az-intermedialitas-kontextusaban","status":"publish","type":"page","link":"http:\/\/www.partitura.fss.ukf.sk\/?page_id=3878","title":{"rendered":"Az&nbsp;iskolai szeml\u00e9ltet\u00e9s a&nbsp;\u201er\u00e9sz az&nbsp;eg\u00e9sz helyett\u201d t\u00edpus\u00fa ikonicit\u00e1ssal az&nbsp;intermedialit\u00e1s kontextus\u00e1ban"},"content":{"rendered":"<h3>Sz\u00edv\u00f3s Mih\u00e1ly \u2013 V\u00e1mos Hanna<\/h3>\n<p><strong><span style=\"color: #666666;\">IN:\u00a0<\/span><\/strong><span style=\"color: #666666;\">Partit\u00fara Irodalomtudom\u00e1nyi foly\u00f3irat, \u00c9vfolyam XIX. , Sz\u00e1m 1, 2024, 53-62. oldal ,\u00a0ISSN 1336-7307<\/span><\/p>\n<p><strong>DOI:\u00a0<\/strong>10.17846\/PA.2024.19.1.53-62<\/p>\n<p><strong>Absztrakt:<\/strong><\/p>\n<blockquote><p>Oktat\u00e1sszemiotikai tanulm\u00e1nyukban a&nbsp;szerz\u0151k arra t\u00f6rekednek, hogy az&nbsp;\u00e1ltal\u00e1nos iskolai t\u00f6rt\u00e9nelemtan\u00edt\u00e1s egyik bev\u00e1lt szeml\u00e9ltet\u00e9si form\u00e1j\u00e1t a&nbsp;szemiotika eszk\u00f6zt\u00e1r\u00e1t felhaszn\u00e1lva \u00e9rtelmezz\u00e9k \u00e9s&nbsp;erre t\u00e1maszkodva tov\u00e1bbfejlessz\u00e9k. A&nbsp;\u201er\u00e9sz az&nbsp;eg\u00e9sz helyett\u201d szeml\u00e9ltet\u00e9si form\u00e1t alkalmazva a&nbsp;tan\u00e1r a&nbsp;t\u00f6rt\u00e9nelem \u00f3r\u00e1t olyan szeml\u00e9ltet\u0151 anyag felmutat\u00e1s\u00e1val kezdi, amely k\u00f6nnyen jelk\u00e9pp\u00e9 fejleszthet\u0151 az&nbsp;\u00f3rai anyag eg\u00e9sz\u00e9t tekintve. A&nbsp;szeml\u00e9ltet\u0151 anyagr\u00e9sz jelk\u00e9pjelleg\u00e9t tudatosan kihaszn\u00e1lva hat\u00e9konyabban lehet fenntartani a&nbsp;tanul\u00f3k \u00e9rdekl\u0151d\u00e9s\u00e9t. Ezen t\u00falmen\u0151en a&nbsp;t\u00f6bbi szeml\u00e9ltet\u0151 anyagnak a&nbsp;haszn\u00e1lt jelk\u00e9p k\u00f6r\u00fcli elrendez\u00e9se \u00e9s&nbsp;azzal val\u00f3 szerves \u00f6ssze\u00e9p\u00edt\u00e9se seg\u00edtheti a&nbsp;t\u00f6rt\u00e9nelmi esem\u00e9ny vagy folyamat tanul\u00f3i meg\u00e9rt\u00e9s\u00e9t. A&nbsp;jelk\u00e9p\u00fcl kiv\u00e1lasztott szeml\u00e9ltet\u0151 anyag \u00edgy kialakul\u00f3 centr\u00e1lis szerepe a&nbsp;tananyag \u00f3rav\u00e9gi \u00f6sszefoglal\u00e1s\u00e1t is m\u00e9lyebben megalapozza. A&nbsp;\u201er\u00e9sz az&nbsp;eg\u00e9sz helyett\u201d szeml\u00e9ltet\u00e9si forma ilyet\u00e9n alkalmaz\u00e1sa az&nbsp;eddig megtartott iskolai \u00f3r\u00e1k gyakorlat\u00e1nak elemz\u00e9s\u00e9n alapul. Tekintettel arra, hogy a&nbsp;t\u00e9ma a&nbsp;magyar nyelv\u0171 szakirodalomban m\u00e9g szokatlan, a&nbsp;szerz\u0151k a&nbsp;sz\u00f6vegben kiemel\u00e9ssel k\u00fcl\u00f6n jelezt\u00e9k azokat a&nbsp;kulcsfontoss\u00e1g\u00fa szemiotikai mozzanatokat, amelyek e&nbsp;szeml\u00e9ltet\u00e9si form\u00e1nak a&nbsp;tov\u00e1bbfejleszt\u00e9s\u00e9t megalapozt\u00e1k.<\/p><\/blockquote>\n<p><a href=\"\/wp-content\/uploads\/2025\/01\/Partitura-2024-01-053-062.pdf\"><strong>Teljes sz\u00f6veg<\/strong><\/a><\/p>\n","protected":false},"excerpt":{"rendered":"<p>Sz\u00edv\u00f3s Mih\u00e1ly \u2013 V\u00e1mos Hanna IN:\u00a0Partit\u00fara Irodalomtudom\u00e1nyi foly\u00f3irat, \u00c9vfolyam XIX. , Sz\u00e1m 1, 2024, 53-62. [&hellip;]<\/p>\n","protected":false},"author":5,"featured_media":0,"parent":0,"menu_order":0,"comment_status":"closed","ping_status":"closed","template":"","meta":[],"_links":{"self":[{"href":"http:\/\/www.partitura.fss.ukf.sk\/index.php?rest_route=\/wp\/v2\/pages\/3878"}],"collection":[{"href":"http:\/\/www.partitura.fss.ukf.sk\/index.php?rest_route=\/wp\/v2\/pages"}],"about":[{"href":"http:\/\/www.partitura.fss.ukf.sk\/index.php?rest_route=\/wp\/v2\/types\/page"}],"author":[{"embeddable":true,"href":"http:\/\/www.partitura.fss.ukf.sk\/index.php?rest_route=\/wp\/v2\/users\/5"}],"replies":[{"embeddable":true,"href":"http:\/\/www.partitura.fss.ukf.sk\/index.php?rest_route=%2Fwp%2Fv2%2Fcomments&post=3878"}],"version-history":[{"count":3,"href":"http:\/\/www.partitura.fss.ukf.sk\/index.php?rest_route=\/wp\/v2\/pages\/3878\/revisions"}],"predecessor-version":[{"id":3886,"href":"http:\/\/www.partitura.fss.ukf.sk\/index.php?rest_route=\/wp\/v2\/pages\/3878\/revisions\/3886"}],"wp:attachment":[{"href":"http:\/\/www.partitura.fss.ukf.sk\/index.php?rest_route=%2Fwp%2Fv2%2Fmedia&parent=3878"}],"curies":[{"name":"wp","href":"https:\/\/api.w.org\/{rel}","templated":true}]}}

Az&nbsp;iskolai szemléltetés a&nbsp;„rész az&nbsp;egész helyett” típusú ikonicitással az&nbsp;intermedialitás kontextusában

<h3>Szívós Mihály – Vámos Hanna</h3>
<p><strong><span style="color: #666666;">IN: </span></strong><span style="color: #666666;">Partitúra Irodalomtudományi folyóirat, Évfolyam XIX. , Szám 1, 2024, 53-62. oldal , ISSN 1336-7307</span></p>
<p><strong>DOI: </strong>10.17846/PA.2024.19.1.53-62</p>
<p><strong>Absztrakt:</strong></p>
<blockquote><p>Oktatásszemiotikai tanulmányukban a&nbsp;szerzők arra törekednek, hogy az&nbsp;általános iskolai történelemtanítás egyik bevált szemléltetési formáját a&nbsp;szemiotika eszköztárát felhasználva értelmezzék és&nbsp;erre támaszkodva továbbfejlesszék. A&nbsp;„rész az&nbsp;egész helyett” szemléltetési formát alkalmazva a&nbsp;tanár a&nbsp;történelem órát olyan szemléltető anyag felmutatásával kezdi, amely könnyen jelképpé fejleszthető az&nbsp;órai anyag egészét tekintve. A&nbsp;szemléltető anyagrész jelképjellegét tudatosan kihasználva hatékonyabban lehet fenntartani a&nbsp;tanulók érdeklődését. Ezen túlmenően a&nbsp;többi szemléltető anyagnak a&nbsp;használt jelkép körüli elrendezése és&nbsp;azzal való szerves összeépítése segítheti a&nbsp;történelmi esemény vagy folyamat tanulói megértését. A&nbsp;jelképül kiválasztott szemléltető anyag így kialakuló centrális szerepe a&nbsp;tananyag óravégi összefoglalását is mélyebben megalapozza. A&nbsp;„rész az&nbsp;egész helyett” szemléltetési forma ilyetén alkalmazása az&nbsp;eddig megtartott iskolai órák gyakorlatának elemzésén alapul. Tekintettel arra, hogy a&nbsp;téma a&nbsp;magyar nyelvű szakirodalomban még szokatlan, a&nbsp;szerzők a&nbsp;szövegben kiemeléssel külön jelezték azokat a&nbsp;kulcsfontosságú szemiotikai mozzanatokat, amelyek e&nbsp;szemléltetési formának a&nbsp;továbbfejlesztését megalapozták.</p></blockquote>
<p><a href="/wp-content/uploads/2025/01/Partitura-2024-01-053-062.pdf"><strong>Teljes szöveg</strong></a></p>

<p>Szívós Mihály – Vámos Hanna IN: Partitúra Irodalomtudományi folyóirat, Évfolyam XIX. , Szám 1, 2024, 53-62. [&hellip;]</p>
