{"id":3884,"date":"2025-01-23T11:02:43","date_gmt":"2025-01-23T11:02:43","guid":{"rendered":"http:\/\/www.partitura.fss.ukf.sk\/?page_id=3884"},"modified":"2025-01-23T11:10:11","modified_gmt":"2025-01-23T11:10:11","slug":"az-algoritmus-esztetikaja-contradictio-in-adjecto","status":"publish","type":"page","link":"http:\/\/www.partitura.fss.ukf.sk\/?page_id=3884","title":{"rendered":"Az&nbsp;algoritmus eszt\u00e9tik\u00e1ja: contradictio in adjecto?"},"content":{"rendered":"<h3>Mitny\u00e1n Lajos<\/h3>\n<p><strong><span style=\"color: #666666;\">IN:\u00a0<\/span><\/strong><span style=\"color: #666666;\">Partit\u00fara Irodalomtudom\u00e1nyi foly\u00f3irat, \u00c9vfolyam XIX. , Sz\u00e1m 1, 2024, 85-96. oldal ,\u00a0ISSN 1336-7307<\/span><\/p>\n<p><strong>DOI:\u00a0<\/strong>10.17846\/PA.2024.19.1.85-96<\/p>\n<p><strong>Absztrakt:<\/strong><\/p>\n<blockquote><p>A&nbsp;tanulm\u00e1ny a&nbsp;digit\u00e1lis m\u0171alkot\u00e1sok b\u00e1zis\u00e1t k\u00e9pez\u0151 algoritmusos jelek \u00e9s&nbsp;medi\u00e1lis megjelen\u00e9sform\u00e1k vizsg\u00e1lat\u00e1t tekinti els\u0151dleges c\u00e9lj\u00e1nak. Frieder Nake n\u00e9met matematikus, m\u0171v\u00e9szetteoretikus, algoritmus-m\u0171v\u00e9sz elm\u00e9leti \u00edr\u00e1saira alapozva a&nbsp;digit\u00e1lis vs. anal\u00f3g k\u00e9pi jelek mibenl\u00e9t\u00e9b\u0151l \u00e9s&nbsp;viszony\u00e1b\u00f3l kiindulva a&nbsp;digit\u00e1lis m\u0171alkot\u00e1s keletkez\u00e9s\u00e9t, majd az&nbsp;elk\u00e9sz\u00fclt m\u0171alkot\u00e1s lehets\u00e9ges interpret\u00e1ci\u00f3j\u00e1nak medi\u00e1lis vonatkoz\u00e1sait veszi szem\u00fcgyre. A&nbsp;kutat\u00e1s Nake n\u00e9zeteit tov\u00e1bbgondolva a&nbsp;digitalit\u00e1s kult\u00farafiloz\u00f3fiai konzekvenci\u00e1it veszi sz\u00e1mba \u00e9s&nbsp;az&nbsp;\u00fan. \u201eharmadik kult\u00fara\u201d t\u00e9rnyer\u00e9s\u00e9nek jelent\u0151s\u00e9ge mellett \u00e9rvel, melyet a&nbsp;digitalit\u00e1s korszak\u00e1t meghat\u00e1roz\u00f3 gondolkod\u00f3i attit\u0171dk\u00e9nt \u00e9rtelmez.<\/p><\/blockquote>\n<p><a href=\"\/wp-content\/uploads\/2025\/01\/Partitura-2024-01-085-096.pdf\"><strong>Teljes sz\u00f6veg<\/strong><\/a><\/p>\n","protected":false},"excerpt":{"rendered":"<p>Mitny\u00e1n Lajos IN:\u00a0Partit\u00fara Irodalomtudom\u00e1nyi foly\u00f3irat, \u00c9vfolyam XIX. , Sz\u00e1m 1, 2024, 85-96. oldal ,\u00a0ISSN 1336-7307 [&hellip;]<\/p>\n","protected":false},"author":5,"featured_media":0,"parent":0,"menu_order":0,"comment_status":"closed","ping_status":"closed","template":"","meta":[],"_links":{"self":[{"href":"http:\/\/www.partitura.fss.ukf.sk\/index.php?rest_route=\/wp\/v2\/pages\/3884"}],"collection":[{"href":"http:\/\/www.partitura.fss.ukf.sk\/index.php?rest_route=\/wp\/v2\/pages"}],"about":[{"href":"http:\/\/www.partitura.fss.ukf.sk\/index.php?rest_route=\/wp\/v2\/types\/page"}],"author":[{"embeddable":true,"href":"http:\/\/www.partitura.fss.ukf.sk\/index.php?rest_route=\/wp\/v2\/users\/5"}],"replies":[{"embeddable":true,"href":"http:\/\/www.partitura.fss.ukf.sk\/index.php?rest_route=%2Fwp%2Fv2%2Fcomments&post=3884"}],"version-history":[{"count":3,"href":"http:\/\/www.partitura.fss.ukf.sk\/index.php?rest_route=\/wp\/v2\/pages\/3884\/revisions"}],"predecessor-version":[{"id":3889,"href":"http:\/\/www.partitura.fss.ukf.sk\/index.php?rest_route=\/wp\/v2\/pages\/3884\/revisions\/3889"}],"wp:attachment":[{"href":"http:\/\/www.partitura.fss.ukf.sk\/index.php?rest_route=%2Fwp%2Fv2%2Fmedia&parent=3884"}],"curies":[{"name":"wp","href":"https:\/\/api.w.org\/{rel}","templated":true}]}}

Az&nbsp;algoritmus esztétikája: contradictio in adjecto?

<h3>Mitnyán Lajos</h3>
<p><strong><span style="color: #666666;">IN: </span></strong><span style="color: #666666;">Partitúra Irodalomtudományi folyóirat, Évfolyam XIX. , Szám 1, 2024, 85-96. oldal , ISSN 1336-7307</span></p>
<p><strong>DOI: </strong>10.17846/PA.2024.19.1.85-96</p>
<p><strong>Absztrakt:</strong></p>
<blockquote><p>A&nbsp;tanulmány a&nbsp;digitális műalkotások bázisát képező algoritmusos jelek és&nbsp;mediális megjelenésformák vizsgálatát tekinti elsődleges céljának. Frieder Nake német matematikus, művészetteoretikus, algoritmus-művész elméleti írásaira alapozva a&nbsp;digitális vs. analóg képi jelek mibenlétéből és&nbsp;viszonyából kiindulva a&nbsp;digitális műalkotás keletkezését, majd az&nbsp;elkészült műalkotás lehetséges interpretációjának mediális vonatkozásait veszi szemügyre. A&nbsp;kutatás Nake nézeteit továbbgondolva a&nbsp;digitalitás kultúrafilozófiai konzekvenciáit veszi számba és&nbsp;az&nbsp;ún. „harmadik kultúra” térnyerésének jelentősége mellett érvel, melyet a&nbsp;digitalitás korszakát meghatározó gondolkodói attitűdként értelmez.</p></blockquote>
<p><a href="/wp-content/uploads/2025/01/Partitura-2024-01-085-096.pdf"><strong>Teljes szöveg</strong></a></p>

<p>Mitnyán Lajos IN: Partitúra Irodalomtudományi folyóirat, Évfolyam XIX. , Szám 1, 2024, 85-96. oldal , ISSN 1336-7307 [&hellip;]</p>
