{"id":3966,"date":"2025-01-23T14:18:36","date_gmt":"2025-01-23T14:18:36","guid":{"rendered":"http:\/\/www.partitura.fss.ukf.sk\/?page_id=3966"},"modified":"2025-01-23T17:48:31","modified_gmt":"2025-01-23T17:48:31","slug":"the-school-illustration-by-means-of-the-part-instead-of-the-whole-type-of-iconicity-in-the-context-of-intermediality","status":"publish","type":"page","link":"http:\/\/www.partitura.fss.ukf.sk\/?page_id=3966","title":{"rendered":"Az&nbsp;iskolai szeml\u00e9ltet\u00e9s a&nbsp;\u201er\u00e9sz az&nbsp;eg\u00e9sz helyett\u201d t\u00edpus\u00fa ikonicit\u00e1ssal az&nbsp;intermedialit\u00e1s kontextus\u00e1ban"},"content":{"rendered":"<h3>Mih\u00e1ly Sz\u00edv\u00f3s \u2013 Hanna V\u00e1mos<\/h3>\n<p><strong><span style=\"color: #666666;\">IN:\u00a0<\/span><\/strong><span style=\"color: #666666;\">Partit\u00fara Irodalomtudom\u00e1nyi foly\u00f3irat, Volume XIX.\u00a0, Issue 1, 2024, page 53-62 ,\u00a0ISSN 1336-7307<\/span><\/p>\n<p><strong>DOI:\u00a0<\/strong>10.17846\/PA.2024.19.1.53-62<\/p>\n<p><strong>Abstract:<\/strong><\/p>\n<blockquote><p>In their study of the semiotics of education, the authors seek to interpret and build upon a proven form of visualization in the teaching of history in primary schools using the tools of intermediality. Using the \u201cpart instead of the whole\u201d-form of visualisation, the teacher begins the history lesson by presenting visual material that can be easily developed into an iconic sign for the whole lesson. By consciously exploiting the iconic nature of this illustrative part of the material that is first presented, it is possible to maintain the pupils\u2019 interest more effectively. In addition, the arrangement of the other illustrative material around the iconic sign used and its organic association with it can help students\u2019 understanding of the historical event or process. The centrality of the illustrative material thus chosen as an iconic sign also provides a deeper basis for the lesson summary. This use of the \u2018part rather than the whole\u2019 form of illustration is based on an analysis of the practice of lessons in schools. Given that the topic is still uncommon in Hungarian literature, the authors have highlighted in the text the key semiotic moments that have provided the basis for the further development of this form of visualisation.<\/p><\/blockquote>\n<p><a href=\"\/wp-content\/uploads\/2025\/01\/Partitura-2024-01-053-062.pdf\"><strong>Whole article<\/strong><\/a><\/p>\n","protected":false},"excerpt":{"rendered":"<p>Mih\u00e1ly Sz\u00edv\u00f3s \u2013 Hanna V\u00e1mos IN:\u00a0Partit\u00fara Irodalomtudom\u00e1nyi foly\u00f3irat, Volume XIX.\u00a0, Issue 1, 2024, page 53-62 [&hellip;]<\/p>\n","protected":false},"author":5,"featured_media":0,"parent":0,"menu_order":0,"comment_status":"closed","ping_status":"closed","template":"","meta":[],"_links":{"self":[{"href":"http:\/\/www.partitura.fss.ukf.sk\/index.php?rest_route=\/wp\/v2\/pages\/3966"}],"collection":[{"href":"http:\/\/www.partitura.fss.ukf.sk\/index.php?rest_route=\/wp\/v2\/pages"}],"about":[{"href":"http:\/\/www.partitura.fss.ukf.sk\/index.php?rest_route=\/wp\/v2\/types\/page"}],"author":[{"embeddable":true,"href":"http:\/\/www.partitura.fss.ukf.sk\/index.php?rest_route=\/wp\/v2\/users\/5"}],"replies":[{"embeddable":true,"href":"http:\/\/www.partitura.fss.ukf.sk\/index.php?rest_route=%2Fwp%2Fv2%2Fcomments&post=3966"}],"version-history":[{"count":2,"href":"http:\/\/www.partitura.fss.ukf.sk\/index.php?rest_route=\/wp\/v2\/pages\/3966\/revisions"}],"predecessor-version":[{"id":4069,"href":"http:\/\/www.partitura.fss.ukf.sk\/index.php?rest_route=\/wp\/v2\/pages\/3966\/revisions\/4069"}],"wp:attachment":[{"href":"http:\/\/www.partitura.fss.ukf.sk\/index.php?rest_route=%2Fwp%2Fv2%2Fmedia&parent=3966"}],"curies":[{"name":"wp","href":"https:\/\/api.w.org\/{rel}","templated":true}]}}