{"id":3967,"date":"2025-01-23T14:19:00","date_gmt":"2025-01-23T14:19:00","guid":{"rendered":"http:\/\/www.partitura.fss.ukf.sk\/?page_id=3967"},"modified":"2025-01-23T17:48:42","modified_gmt":"2025-01-23T17:48:42","slug":"acquiring-knowledge-through-verbality-and-visuality","status":"publish","type":"page","link":"http:\/\/www.partitura.fss.ukf.sk\/?page_id=3967","title":{"rendered":"Tud\u00e1s elsaj\u00e1t\u00edt\u00e1s a&nbsp;verbalit\u00e1s \u00e9s&nbsp;vizualit\u00e1s jegy\u00e9ben"},"content":{"rendered":"<h3>Imre Gr\u00e1fik<\/h3>\n<p><strong><span style=\"color: #666666;\">IN:\u00a0<\/span><\/strong><span style=\"color: #666666;\">Partit\u00fara Irodalomtudom\u00e1nyi foly\u00f3irat, Volume XIX.\u00a0, Issue 1, 2024, page 64-84 ,\u00a0ISSN 1336-7307<\/span><\/p>\n<p><strong>DOI:\u00a0<\/strong>10.17846\/PA.2024.19.1.63-84<\/p>\n<p><strong>Abstract:<\/strong><\/p>\n<blockquote><p>With the help of exceptional sources, the author tries to reveal the procedures and solutions by which tailoring could be mastered and learned among guild crafts. During the Hungarian guild era, tailoring was one of the widespread trades of craft activities, and tailors\u2019 guilds were among the most traditional and populous guilds. The study attempts to present the knowledge transfer practice of craft knowledge exclusively by analyzing the sample books of Hungarian guild tailors. It discusses and analyzes the applied information and communication procedures, with particular attention to the (sign)-theoretical reading of the interoperability of verbality and visuality.<\/p><\/blockquote>\n<p><a href=\"\/wp-content\/uploads\/2025\/01\/Partitura-2024-01-063-084.pdf\"><strong>Whole article<\/strong><\/a><\/p>\n","protected":false},"excerpt":{"rendered":"<p>Imre Gr\u00e1fik IN:\u00a0Partit\u00fara Irodalomtudom\u00e1nyi foly\u00f3irat, Volume XIX.\u00a0, Issue 1, 2024, page 64-84 ,\u00a0ISSN 1336-7307 DOI:\u00a010.17846\/PA.2024.19.1.63-84 [&hellip;]<\/p>\n","protected":false},"author":5,"featured_media":0,"parent":0,"menu_order":0,"comment_status":"closed","ping_status":"closed","template":"","meta":[],"_links":{"self":[{"href":"http:\/\/www.partitura.fss.ukf.sk\/index.php?rest_route=\/wp\/v2\/pages\/3967"}],"collection":[{"href":"http:\/\/www.partitura.fss.ukf.sk\/index.php?rest_route=\/wp\/v2\/pages"}],"about":[{"href":"http:\/\/www.partitura.fss.ukf.sk\/index.php?rest_route=\/wp\/v2\/types\/page"}],"author":[{"embeddable":true,"href":"http:\/\/www.partitura.fss.ukf.sk\/index.php?rest_route=\/wp\/v2\/users\/5"}],"replies":[{"embeddable":true,"href":"http:\/\/www.partitura.fss.ukf.sk\/index.php?rest_route=%2Fwp%2Fv2%2Fcomments&post=3967"}],"version-history":[{"count":2,"href":"http:\/\/www.partitura.fss.ukf.sk\/index.php?rest_route=\/wp\/v2\/pages\/3967\/revisions"}],"predecessor-version":[{"id":4070,"href":"http:\/\/www.partitura.fss.ukf.sk\/index.php?rest_route=\/wp\/v2\/pages\/3967\/revisions\/4070"}],"wp:attachment":[{"href":"http:\/\/www.partitura.fss.ukf.sk\/index.php?rest_route=%2Fwp%2Fv2%2Fmedia&parent=3967"}],"curies":[{"name":"wp","href":"https:\/\/api.w.org\/{rel}","templated":true}]}}