{"id":3968,"date":"2025-01-23T14:19:24","date_gmt":"2025-01-23T14:19:24","guid":{"rendered":"http:\/\/www.partitura.fss.ukf.sk\/?page_id=3968"},"modified":"2025-01-23T17:57:07","modified_gmt":"2025-01-23T17:57:07","slug":"the-aesthetics-of-algorithms-contradictio-in-adjecto-interpretation-suggestions-for-frieder-nakes-art-theory-writings","status":"publish","type":"page","link":"http:\/\/www.partitura.fss.ukf.sk\/?page_id=3968","title":{"rendered":"Az&nbsp;algoritmus eszt\u00e9tik\u00e1ja: contradictio in adjecto?"},"content":{"rendered":"<h3>Lajos Mitny\u00e1n<\/h3>\n<p><strong><span style=\"color: #666666;\">IN:\u00a0<\/span><\/strong><span style=\"color: #666666;\">Partit\u00fara Irodalomtudom\u00e1nyi foly\u00f3irat, Volume XIX.\u00a0, Issue 1, 2024, page 85-96 ,\u00a0ISSN 1336-7307<\/span><\/p>\n<p><strong>DOI:\u00a0<\/strong>10.17846\/PA.2024.19.1.85-96<\/p>\n<p><strong>Abstract:<\/strong><\/p>\n<blockquote><p>The primary goal of the study is to examine the algorithmic signs and medial forms of appearance that form the basis of digital artworks. Based on the theoretical writings of Frieder Nake, a German mathematician, art theorist, and algorithm artist, it starts from the nature and relationship of digital vs. analog visual signs to consider the creation of digital artworks and the medial aspects of their possible interpretation. The research, further developing Nake\u2019s views, takes into account the cultural-philosophical consequences of digitality and argues for the significance of the so-called \u201cthird culture\u201d as an attitude of thought defining the era of digitality.<\/p><\/blockquote>\n<p><a href=\"\/wp-content\/uploads\/2025\/01\/Partitura-2024-01-085-096.pdf\"><strong>Whole article<\/strong><\/a><\/p>\n","protected":false},"excerpt":{"rendered":"<p>Lajos Mitny\u00e1n IN:\u00a0Partit\u00fara Irodalomtudom\u00e1nyi foly\u00f3irat, Volume XIX.\u00a0, Issue 1, 2024, page 85-96 ,\u00a0ISSN 1336-7307 DOI:\u00a010.17846\/PA.2024.19.1.85-96 [&hellip;]<\/p>\n","protected":false},"author":5,"featured_media":0,"parent":0,"menu_order":0,"comment_status":"closed","ping_status":"closed","template":"","meta":[],"_links":{"self":[{"href":"http:\/\/www.partitura.fss.ukf.sk\/index.php?rest_route=\/wp\/v2\/pages\/3968"}],"collection":[{"href":"http:\/\/www.partitura.fss.ukf.sk\/index.php?rest_route=\/wp\/v2\/pages"}],"about":[{"href":"http:\/\/www.partitura.fss.ukf.sk\/index.php?rest_route=\/wp\/v2\/types\/page"}],"author":[{"embeddable":true,"href":"http:\/\/www.partitura.fss.ukf.sk\/index.php?rest_route=\/wp\/v2\/users\/5"}],"replies":[{"embeddable":true,"href":"http:\/\/www.partitura.fss.ukf.sk\/index.php?rest_route=%2Fwp%2Fv2%2Fcomments&post=3968"}],"version-history":[{"count":4,"href":"http:\/\/www.partitura.fss.ukf.sk\/index.php?rest_route=\/wp\/v2\/pages\/3968\/revisions"}],"predecessor-version":[{"id":4073,"href":"http:\/\/www.partitura.fss.ukf.sk\/index.php?rest_route=\/wp\/v2\/pages\/3968\/revisions\/4073"}],"wp:attachment":[{"href":"http:\/\/www.partitura.fss.ukf.sk\/index.php?rest_route=%2Fwp%2Fv2%2Fmedia&parent=3968"}],"curies":[{"name":"wp","href":"https:\/\/api.w.org\/{rel}","templated":true}]}}