{"id":3997,"date":"2025-01-23T16:32:11","date_gmt":"2025-01-23T16:32:11","guid":{"rendered":"http:\/\/www.partitura.fss.ukf.sk\/?page_id=3997"},"modified":"2025-01-23T16:43:38","modified_gmt":"2025-01-23T16:43:38","slug":"utszeli-viragszal-feher-szirmai","status":"publish","type":"page","link":"http:\/\/www.partitura.fss.ukf.sk\/?page_id=3997","title":{"rendered":"A&nbsp;n\u0151i princ\u00edpium figuralit\u00e1sa az&nbsp;<em>Isten rabjai<\/em> c\u00edm\u0171 reg\u00e9nyben"},"content":{"rendered":"<h3><span class=\"fontstyle0\">Kov\u00e1cs \u00c1rp\u00e1d<\/span><\/h3>\n<p><strong><span style=\"color: #666666;\">IN:\u00a0<\/span><\/strong><span style=\"color: #666666;\">Partit\u00fara Irodalomtudom\u00e1nyi foly\u00f3irat, \u00c9vfolyam XIX. , Sz\u00e1m 2, 2024, 13-22.\u00a0oldal , ISSN 1336-7307<\/span> <strong>DOI:\u00a0<\/strong>10.17846\/PA.2024.19.2.13-22\u00a0<strong>Absztrakt:<\/strong><\/p>\n<blockquote><p>A&nbsp;tanulm\u00e1ny G\u00e1rdonyi G\u00e9za reg\u00e9ny\u00e9nek elemz\u00e9se sor\u00e1n a&nbsp;narrat\u00edv fikci\u00f3 t\u00f6bblet\u00e9t igyekszik felt\u00e1rni Boldog Margit t\u00f6rt\u00e9netileg dokument\u00e1lt alakj\u00e1nak m\u0171v\u00e9szi \u00e1t\u00edr\u00e1sa, \u00fajra\u00e9rtelmez\u00e9se \u00e9rdek\u00e9ben. Az&nbsp;elemz\u00e9sben kifejtj\u00fck az&nbsp;\u00e9letvil\u00e1g reg\u00e9nyi modellj\u00e9nekG\u00e1rdonyin\u00e1l kialak\u00edtott saj\u00e1toss\u00e1gait; ugyanis az&nbsp;\u00e9letvil\u00e1got ez&nbsp;az&nbsp;elbesz\u00e9l\u00e9s nem az&nbsp;empirikus adotts\u00e1gokkal azonos\u00edtja, hanem a&nbsp;fikci\u00f3ban testet \u00f6lt\u00f6tt l\u00e9tlehet\u0151s\u00e9g aspektus\u00e1b\u00f3l vil\u00e1g\u00edtja meg. Ennek jelent\u00e9startom\u00e1nya konkretiz\u00e1l\u00f3dik a&nbsp;narr\u00e1ci\u00f3n t\u00falmutat\u00f3 figur\u00e1lis azonos\u00edt\u00e1s metamorf\u00f3zisaiban. Itt az&nbsp;elbesz\u00e9l\u00e9s domin\u00e1ns k\u00e9pz\u0151dm\u00e9nye az&nbsp;\u201e\u00f6r\u00f6k liliom\u201d, melynekpr\u00f3zanyelvi alakv\u00e1ltozatai a&nbsp;cselekm\u00e9nyvil\u00e1got sz\u00f6vegvil\u00e1gg\u00e1 val\u00f3s\u00edtj\u00e1k \u00e1t, ahol a&nbsp;figura szakr\u00e1lis kontextusai is megnyilv\u00e1nulnak. \u00cdgy t\u00f6bbek k\u00f6z\u00f6tt a&nbsp;kert szimbolik\u00e1ja is, amely a&nbsp;jegyes, illetve az&nbsp;\u00e1ldozat konceptusait mozg\u00f3s\u00edtj\u00e1k, p\u00e9ld\u00e1ul az&nbsp;\u00c9nekek \u00e9neke \u00e9s&nbsp;a&nbsp;Getszem\u00e1ni kert liliom-alakzatai kapcs\u00e1n.<\/p><\/blockquote>\n<p><a href=\"\/wp-content\/uploads\/2025\/01\/Partitura-2024-02-013-022.pdf\"><strong>Teljes sz\u00f6veg<\/strong><\/a><\/p>\n","protected":false},"excerpt":{"rendered":"<p>Kov\u00e1cs \u00c1rp\u00e1d IN:\u00a0Partit\u00fara Irodalomtudom\u00e1nyi foly\u00f3irat, \u00c9vfolyam XIX. , Sz\u00e1m 2, 2024, 13-22.\u00a0oldal , ISSN 1336-7307 [&hellip;]<\/p>\n","protected":false},"author":5,"featured_media":0,"parent":0,"menu_order":0,"comment_status":"closed","ping_status":"closed","template":"","meta":[],"_links":{"self":[{"href":"http:\/\/www.partitura.fss.ukf.sk\/index.php?rest_route=\/wp\/v2\/pages\/3997"}],"collection":[{"href":"http:\/\/www.partitura.fss.ukf.sk\/index.php?rest_route=\/wp\/v2\/pages"}],"about":[{"href":"http:\/\/www.partitura.fss.ukf.sk\/index.php?rest_route=\/wp\/v2\/types\/page"}],"author":[{"embeddable":true,"href":"http:\/\/www.partitura.fss.ukf.sk\/index.php?rest_route=\/wp\/v2\/users\/5"}],"replies":[{"embeddable":true,"href":"http:\/\/www.partitura.fss.ukf.sk\/index.php?rest_route=%2Fwp%2Fv2%2Fcomments&post=3997"}],"version-history":[{"count":4,"href":"http:\/\/www.partitura.fss.ukf.sk\/index.php?rest_route=\/wp\/v2\/pages\/3997\/revisions"}],"predecessor-version":[{"id":4007,"href":"http:\/\/www.partitura.fss.ukf.sk\/index.php?rest_route=\/wp\/v2\/pages\/3997\/revisions\/4007"}],"wp:attachment":[{"href":"http:\/\/www.partitura.fss.ukf.sk\/index.php?rest_route=%2Fwp%2Fv2%2Fmedia&parent=3997"}],"curies":[{"name":"wp","href":"https:\/\/api.w.org\/{rel}","templated":true}]}}

A&nbsp;női princípium figuralitása az&nbsp;<em>Isten rabjai</em> című regényben

<h3><span class="fontstyle0">Kovács Árpád</span></h3>
<p><strong><span style="color: #666666;">IN: </span></strong><span style="color: #666666;">Partitúra Irodalomtudományi folyóirat, Évfolyam XIX. , Szám 2, 2024, 13-22. oldal , ISSN 1336-7307</span> <strong>DOI: </strong>10.17846/PA.2024.19.2.13-22 <strong>Absztrakt:</strong></p>
<blockquote><p>A&nbsp;tanulmány Gárdonyi Géza regényének elemzése során a&nbsp;narratív fikció többletét igyekszik feltárni Boldog Margit történetileg dokumentált alakjának művészi átírása, újraértelmezése érdekében. Az&nbsp;elemzésben kifejtjük az&nbsp;életvilág regényi modelljénekGárdonyinál kialakított sajátosságait; ugyanis az&nbsp;életvilágot ez&nbsp;az&nbsp;elbeszélés nem az&nbsp;empirikus adottságokkal azonosítja, hanem a&nbsp;fikcióban testet öltött létlehetőség aspektusából világítja meg. Ennek jelentéstartománya konkretizálódik a&nbsp;narráción túlmutató figurális azonosítás metamorfózisaiban. Itt az&nbsp;elbeszélés domináns képződménye az&nbsp;„örök liliom”, melynekprózanyelvi alakváltozatai a&nbsp;cselekményvilágot szövegvilággá valósítják át, ahol a&nbsp;figura szakrális kontextusai is megnyilvánulnak. Így többek között a&nbsp;kert szimbolikája is, amely a&nbsp;jegyes, illetve az&nbsp;áldozat konceptusait mozgósítják, például az&nbsp;Énekek éneke és&nbsp;a&nbsp;Getszemáni kert liliom-alakzatai kapcsán.</p></blockquote>
<p><a href="/wp-content/uploads/2025/01/Partitura-2024-02-013-022.pdf"><strong>Teljes szöveg</strong></a></p>

<p>Kovács Árpád IN: Partitúra Irodalomtudományi folyóirat, Évfolyam XIX. , Szám 2, 2024, 13-22. oldal , ISSN 1336-7307 [&hellip;]</p>
