{"id":4026,"date":"2025-01-23T17:04:31","date_gmt":"2025-01-23T17:04:31","guid":{"rendered":"http:\/\/www.partitura.fss.ukf.sk\/?page_id=4026"},"modified":"2025-01-23T17:44:08","modified_gmt":"2025-01-23T17:44:08","slug":"the-narrative-modes-for-remembrance-in-triumph-by-margit-kaffka","status":"publish","type":"page","link":"http:\/\/www.partitura.fss.ukf.sk\/?page_id=4026","title":{"rendered":"Az eml\u00e9kez\u00e9s narrat\u00edv m\u00f3dozatai Kaffka Margit <em>Diadal<\/em> c\u00edm\u0171 elbesz\u00e9l\u00e9s\u00e9ben"},"content":{"rendered":"<h3>R\u00e9ka Kosztrabszky<\/h3>\n<p><strong><span style=\"color: #666666;\">IN:\u00a0<\/span><\/strong><span style=\"color: #666666;\">Partit\u00fara Irodalomtudom\u00e1nyi foly\u00f3irat, Volume XIX.\u00a0, Issue 2, 2024, page 37-46 ,\u00a0ISSN 1336-7307<\/span><\/p>\n<p><strong>DOI:\u00a0<\/strong>10.17846\/PA.2024.19.2.37-46<\/p>\n<p><strong>Abstract:<\/strong><\/p>\n<blockquote><p>In my essay, I analyze the narrative techniques in Triumph by Margit Kaffka, which has gotten very little attention from the researchers. Through the examination of the narrative modes for presenting character consciousness and remembrance, I would like to point out the narrative complexity of this short story because this type of analysis is crucial for the enumeration of the characteristics of Margit Kaffka\u2019s short stories.<\/p><\/blockquote>\n<p><a href=\"\/wp-content\/uploads\/2025\/01\/Partitura-2024-02-037-046.pdf\"><strong>Whole article<\/strong><\/a><\/p>\n","protected":false},"excerpt":{"rendered":"<p>R\u00e9ka Kosztrabszky IN:\u00a0Partit\u00fara Irodalomtudom\u00e1nyi foly\u00f3irat, Volume XIX.\u00a0, Issue 2, 2024, page 37-46 ,\u00a0ISSN 1336-7307 DOI:\u00a010.17846\/PA.2024.19.2.37-46 [&hellip;]<\/p>\n","protected":false},"author":5,"featured_media":0,"parent":0,"menu_order":0,"comment_status":"closed","ping_status":"closed","template":"","meta":[],"_links":{"self":[{"href":"http:\/\/www.partitura.fss.ukf.sk\/index.php?rest_route=\/wp\/v2\/pages\/4026"}],"collection":[{"href":"http:\/\/www.partitura.fss.ukf.sk\/index.php?rest_route=\/wp\/v2\/pages"}],"about":[{"href":"http:\/\/www.partitura.fss.ukf.sk\/index.php?rest_route=\/wp\/v2\/types\/page"}],"author":[{"embeddable":true,"href":"http:\/\/www.partitura.fss.ukf.sk\/index.php?rest_route=\/wp\/v2\/users\/5"}],"replies":[{"embeddable":true,"href":"http:\/\/www.partitura.fss.ukf.sk\/index.php?rest_route=%2Fwp%2Fv2%2Fcomments&post=4026"}],"version-history":[{"count":2,"href":"http:\/\/www.partitura.fss.ukf.sk\/index.php?rest_route=\/wp\/v2\/pages\/4026\/revisions"}],"predecessor-version":[{"id":4061,"href":"http:\/\/www.partitura.fss.ukf.sk\/index.php?rest_route=\/wp\/v2\/pages\/4026\/revisions\/4061"}],"wp:attachment":[{"href":"http:\/\/www.partitura.fss.ukf.sk\/index.php?rest_route=%2Fwp%2Fv2%2Fmedia&parent=4026"}],"curies":[{"name":"wp","href":"https:\/\/api.w.org\/{rel}","templated":true}]}}