{"id":4029,"date":"2025-01-23T17:07:24","date_gmt":"2025-01-23T17:07:24","guid":{"rendered":"http:\/\/www.partitura.fss.ukf.sk\/?page_id=4029"},"modified":"2025-01-23T17:08:13","modified_gmt":"2025-01-23T17:08:13","slug":"a-jo-anya-arnyekaban","status":"publish","type":"page","link":"http:\/\/www.partitura.fss.ukf.sk\/?page_id=4029","title":{"rendered":"A&nbsp;\u201ej\u00f3\u201d anya \u00e1rny\u00e9k\u00e1ban"},"content":{"rendered":"<h3><span class=\"fontstyle0\">L\u00e9n\u00e1rt-Muszka Zsuzsanna<\/span><\/h3>\n<p><strong><span style=\"color: #666666;\">IN:\u00a0<\/span><\/strong><span style=\"color: #666666;\">Partit\u00fara Irodalomtudom\u00e1nyi foly\u00f3irat, \u00c9vfolyam XIX. , Sz\u00e1m 2, 2024, 47-64.\u00a0oldal , ISSN 1336-7307<\/span> <strong>DOI:\u00a0<\/strong>10.17846\/PA.2024.19.2.46-64\u00a0<strong>Absztrakt:<\/strong><\/p>\n<blockquote><p>Jelen tanulm\u00e1ny az&nbsp;interdiszciplin\u00e1ris anyas\u00e1gkutat\u00e1s eszk\u00f6zt\u00e1r\u00e1val, az&nbsp;afroamerikai anyas\u00e1g szociokultur\u00e1lis kontextus\u00e1t figyelembe v\u00e9ve vizsg\u00e1lja k\u00e9t afroamerikai \u00edr\u00f3n\u0151 egy-egy novell\u00e1j\u00e1t: bemutatja, hogy a&nbsp;Pulitzer-d\u00edjas Alice Walker 1981-es The Abortion c\u00edm\u0171 m\u0171ve, valamint a&nbsp;fiatal \u00edr\u00f3gener\u00e1ci\u00f3hoz tartoz\u00f3 Nafissa Thompson-Spires Belles Lettres c\u00edm\u0171 \u00edr\u00e1sa hogyan tematiz\u00e1lja a&nbsp;normat\u00edv anyas\u00e1g \u00e9s&nbsp;a&nbsp;tiszteletrem\u00e9lt\u00f3s\u00e1g politik\u00e1j\u00e1nak diskurzusait. A&nbsp;sz\u00f6vegek r\u00f6vid bemutat\u00e1sa \u00e9s&nbsp;a&nbsp;relev\u00e1ns elm\u00e9leti \u00e9s&nbsp;t\u00f6rt\u00e9nelmi h\u00e1tt\u00e9r felv\u00e1zol\u00e1sa ut\u00e1n megvizsg\u00e1lom, hogy a&nbsp;novell\u00e1k hogyan er\u0151s\u00edtik meg vagy \u00e1ss\u00e1k al\u00e1 a&nbsp;normat\u00edv anyas\u00e1g n\u00e9gy alapt\u00e9tel\u00e9t, valamint hogy a&nbsp;h\u00e1rom szerepl\u0151 anyas\u00e1g\u00e9lm\u00e9ny\u00e9t mik\u00e9nt \u00e1rnyalja a&nbsp;kort\u00e1rs t\u00e1rsadalom \u00e1tracializ\u00e1lts\u00e1ga. A&nbsp;normat\u00edv anyas\u00e1g \u00e9s&nbsp;a&nbsp;tiszteletrem\u00e9lt\u00f3s\u00e1g politik\u00e1ja, imperat\u00edvuszai \u00f6sszefon\u00f3dnak a&nbsp;t\u00f6rt\u00e9netekben, ami arra k\u00e9szteti a&nbsp;f\u0151szerepl\u0151ket, hogy az&nbsp;anyas\u00e1got egy&nbsp;k\u00fcls\u0151 tekintet kedv\u00e9\u00e9rt v\u00e9gzett performanciak\u00e9nt \u00e9lj\u00e9k meg. Felt\u00e1rom az&nbsp;ide\u00e1lis fekete anyafigura el\u0151t\u00e9rbe helyez\u00e9s\u00e9nek narrat\u00edv implik\u00e1ci\u00f3it, valamint reflekt\u00e1lok a&nbsp;szerepl\u0151k \u00e1ltal v\u00e1lasztott megk\u00fczd\u00e9si strat\u00e9gi\u00e1kra \u00e9s&nbsp;ezeknek a&nbsp;fekete amerikai anyas\u00e1g t\u00f6rt\u00e9nelmileg be\u00e1gyazott helyzet\u00e9vel val\u00f3 \u00f6sszef\u00fcgg\u00e9seire.<\/p><\/blockquote>\n<p><a href=\"\/wp-content\/uploads\/2025\/01\/Partitura-2024-02-047-064.pdf\"><strong>Teljes sz\u00f6veg<\/strong><\/a><\/p>\n","protected":false},"excerpt":{"rendered":"<p>L\u00e9n\u00e1rt-Muszka Zsuzsanna IN:\u00a0Partit\u00fara Irodalomtudom\u00e1nyi foly\u00f3irat, \u00c9vfolyam XIX. , Sz\u00e1m 2, 2024, 47-64.\u00a0oldal , ISSN 1336-7307 [&hellip;]<\/p>\n","protected":false},"author":5,"featured_media":0,"parent":0,"menu_order":0,"comment_status":"closed","ping_status":"closed","template":"","meta":[],"_links":{"self":[{"href":"http:\/\/www.partitura.fss.ukf.sk\/index.php?rest_route=\/wp\/v2\/pages\/4029"}],"collection":[{"href":"http:\/\/www.partitura.fss.ukf.sk\/index.php?rest_route=\/wp\/v2\/pages"}],"about":[{"href":"http:\/\/www.partitura.fss.ukf.sk\/index.php?rest_route=\/wp\/v2\/types\/page"}],"author":[{"embeddable":true,"href":"http:\/\/www.partitura.fss.ukf.sk\/index.php?rest_route=\/wp\/v2\/users\/5"}],"replies":[{"embeddable":true,"href":"http:\/\/www.partitura.fss.ukf.sk\/index.php?rest_route=%2Fwp%2Fv2%2Fcomments&post=4029"}],"version-history":[{"count":2,"href":"http:\/\/www.partitura.fss.ukf.sk\/index.php?rest_route=\/wp\/v2\/pages\/4029\/revisions"}],"predecessor-version":[{"id":4031,"href":"http:\/\/www.partitura.fss.ukf.sk\/index.php?rest_route=\/wp\/v2\/pages\/4029\/revisions\/4031"}],"wp:attachment":[{"href":"http:\/\/www.partitura.fss.ukf.sk\/index.php?rest_route=%2Fwp%2Fv2%2Fmedia&parent=4029"}],"curies":[{"name":"wp","href":"https:\/\/api.w.org\/{rel}","templated":true}]}}

A&nbsp;„jó” anya árnyékában

<h3><span class="fontstyle0">Lénárt-Muszka Zsuzsanna</span></h3>
<p><strong><span style="color: #666666;">IN: </span></strong><span style="color: #666666;">Partitúra Irodalomtudományi folyóirat, Évfolyam XIX. , Szám 2, 2024, 47-64. oldal , ISSN 1336-7307</span> <strong>DOI: </strong>10.17846/PA.2024.19.2.46-64 <strong>Absztrakt:</strong></p>
<blockquote><p>Jelen tanulmány az&nbsp;interdiszciplináris anyaságkutatás eszköztárával, az&nbsp;afroamerikai anyaság szociokulturális kontextusát figyelembe véve vizsgálja két afroamerikai írónő egy-egy novelláját: bemutatja, hogy a&nbsp;Pulitzer-díjas Alice Walker 1981-es The Abortion című műve, valamint a&nbsp;fiatal írógenerációhoz tartozó Nafissa Thompson-Spires Belles Lettres című írása hogyan tematizálja a&nbsp;normatív anyaság és&nbsp;a&nbsp;tiszteletreméltóság politikájának diskurzusait. A&nbsp;szövegek rövid bemutatása és&nbsp;a&nbsp;releváns elméleti és&nbsp;történelmi háttér felvázolása után megvizsgálom, hogy a&nbsp;novellák hogyan erősítik meg vagy ássák alá a&nbsp;normatív anyaság négy alaptételét, valamint hogy a&nbsp;három szereplő anyaságélményét miként árnyalja a&nbsp;kortárs társadalom átracializáltsága. A&nbsp;normatív anyaság és&nbsp;a&nbsp;tiszteletreméltóság politikája, imperatívuszai összefonódnak a&nbsp;történetekben, ami arra készteti a&nbsp;főszereplőket, hogy az&nbsp;anyaságot egy&nbsp;külső tekintet kedvéért végzett performanciaként éljék meg. Feltárom az&nbsp;ideális fekete anyafigura előtérbe helyezésének narratív implikációit, valamint reflektálok a&nbsp;szereplők által választott megküzdési stratégiákra és&nbsp;ezeknek a&nbsp;fekete amerikai anyaság történelmileg beágyazott helyzetével való összefüggéseire.</p></blockquote>
<p><a href="/wp-content/uploads/2025/01/Partitura-2024-02-047-064.pdf"><strong>Teljes szöveg</strong></a></p>

<p>Lénárt-Muszka Zsuzsanna IN: Partitúra Irodalomtudományi folyóirat, Évfolyam XIX. , Szám 2, 2024, 47-64. oldal , ISSN 1336-7307 [&hellip;]</p>
