{"id":4036,"date":"2025-01-23T17:14:19","date_gmt":"2025-01-23T17:14:19","guid":{"rendered":"http:\/\/www.partitura.fss.ukf.sk\/?page_id=4036"},"modified":"2025-01-23T17:22:03","modified_gmt":"2025-01-23T17:22:03","slug":"a-vers-formai-alakvaltozasai","status":"publish","type":"page","link":"http:\/\/www.partitura.fss.ukf.sk\/?page_id=4036","title":{"rendered":"A&nbsp;vers formai alakv\u00e1ltoz\u00e1sai. T\u0151zs\u00e9r \u00c1rp\u00e1d <em>Mogorva csillag<\/em> \u00e9s&nbsp;<em>Kett\u0151s \u0171rben<\/em> c\u00edm\u0171 k\u00f6tet\u00e9nek verstani megk\u00f6zel\u00edt\u00e9se"},"content":{"rendered":"<h3><span class=\"fontstyle0\">S\u00fct\u0151 Csaba Andr\u00e1s<\/span><\/h3>\n<p><strong><span style=\"color: #666666;\">IN:\u00a0<\/span><\/strong><span style=\"color: #666666;\">Partit\u00fara Irodalomtudom\u00e1nyi foly\u00f3irat, \u00c9vfolyam XIX. , Sz\u00e1m 2, 2024, 65-88.\u00a0oldal , ISSN 1336-7307<\/span> <strong>DOI:\u00a0<\/strong>10.17846\/PA.2024.19.2.65-88\u00a0<strong>Absztrakt:<\/strong><\/p>\n<blockquote><p>A tanulm\u00e1ny T\u0151zs\u00e9r \u00c1rp\u00e1d korai k\u00f6lt\u00e9szet\u00e9vel foglalkozik. A&nbsp;Mogorva csillag \u00e9s&nbsp;a&nbsp;Kett\u0151s \u0171rben sz\u00f6vegeit verstani szempontb\u00f3l vizsg\u00e1lja, a&nbsp;le\u00edr\u00f3 verstan mellett funkcion\u00e1lis szempontb\u00f3l is. T\u0151zs\u00e9r korai k\u00f6lt\u00e9szet\u00e9ben a&nbsp;forma \u00e9s&nbsp;a&nbsp;tartalom rel\u00e1ci\u00f3ja az&nbsp;els\u0151 k\u00e9t k\u00f6tet vonatkoz\u00e1s\u00e1ban egy\u00e9rtelm\u0171en a&nbsp;megl\u00e9v\u0151 formak\u00e9szlet prim\u00e1tus\u00e1t, az&nbsp;ismert versform\u00e1k haszn\u00e1lat\u00e1t jelentette. A&nbsp;tanulm\u00e1ny els\u0151sorban teh\u00e1t formai szempontb\u00f3l k\u00f6zel\u00edt a&nbsp;versekhez, az&nbsp;eszt\u00e9tikai vizsg\u00e1l\u00f3d\u00e1s itt m\u00e1sodlagos. A&nbsp;tanulm\u00e1ny r\u00e1mutat ugyanakkor arra is, hogy a&nbsp;k\u00f6lt\u00e9szet k\u00e9s\u0151bbi alakul\u00e1sa milyen ered\u0151kb\u0151l, forr\u00e1sokb\u00f3l t\u00e1pl\u00e1lkozik. Az&nbsp;\u00e9letm\u0171 bels\u0151 \u00f6sszef\u00fcgg\u00e9srendj\u00e9t mindv\u00e9gig szem el\u0151tt tartottuk, ez\u00e9rt a&nbsp;tanulm\u00e1ny a&nbsp;k\u00e9s\u0151bbi k\u00f6teteket, v\u00e1logat\u00e1sokat szint\u00e9n felt\u00e9rk\u00e9pezi. A&nbsp;forma \u00e9s&nbsp;tartalom rel\u00e1ci\u00f3j\u00e1nak fordul\u00f3pontj\u00e1hoz k\u00f6zeledve az&nbsp;els\u0151 k\u00e9t k\u00f6tet eleddig j\u00f3r\u00e9szt eszt\u00e9tikai b\u00edr\u00e1lata mell\u00e9 a&nbsp;formai jellegzetess\u00e9geket szerett\u00fck volna felsorakoztatni. A&nbsp;kett\u0151 egy\u00fctt teljesebb k\u00e9pet ad az&nbsp;1950-es \u00e9s&nbsp;1960-as \u00e9vek csehszlov\u00e1kiai k\u00f6lt\u00e9szeti gyakorlat\u00e1r\u00f3l, a&nbsp;p\u00e1lyakezd\u00e9s dilemm\u00e1ir\u00f3l. A&nbsp;tanulm\u00e1ny a&nbsp;19\u221220&nbsp;sz\u00e1zadi magyar nyelv\u0171 k\u00f6lt\u00e9szet k\u00e9pvisel\u0151inek \u00e9letm\u0171v\u00e9t szint\u00e9n vizsg\u00e1lja, r\u00e1mutatva a&nbsp;k\u00fcl\u00f6n\u00e1ll\u00f3 po\u00e9tik\u00e1k gazdag keresztolvasati lehet\u0151s\u00e9geire.<\/p><\/blockquote>\n<p><a href=\"\/wp-content\/uploads\/2025\/01\/Partitura-2024-02-065-088.pdf\"><strong>Teljes sz\u00f6veg<\/strong><\/a><\/p>\n","protected":false},"excerpt":{"rendered":"<p>S\u00fct\u0151 Csaba Andr\u00e1s IN:\u00a0Partit\u00fara Irodalomtudom\u00e1nyi foly\u00f3irat, \u00c9vfolyam XIX. , Sz\u00e1m 2, 2024, 65-88.\u00a0oldal , ISSN [&hellip;]<\/p>\n","protected":false},"author":5,"featured_media":0,"parent":0,"menu_order":0,"comment_status":"closed","ping_status":"closed","template":"","meta":[],"_links":{"self":[{"href":"http:\/\/www.partitura.fss.ukf.sk\/index.php?rest_route=\/wp\/v2\/pages\/4036"}],"collection":[{"href":"http:\/\/www.partitura.fss.ukf.sk\/index.php?rest_route=\/wp\/v2\/pages"}],"about":[{"href":"http:\/\/www.partitura.fss.ukf.sk\/index.php?rest_route=\/wp\/v2\/types\/page"}],"author":[{"embeddable":true,"href":"http:\/\/www.partitura.fss.ukf.sk\/index.php?rest_route=\/wp\/v2\/users\/5"}],"replies":[{"embeddable":true,"href":"http:\/\/www.partitura.fss.ukf.sk\/index.php?rest_route=%2Fwp%2Fv2%2Fcomments&post=4036"}],"version-history":[{"count":5,"href":"http:\/\/www.partitura.fss.ukf.sk\/index.php?rest_route=\/wp\/v2\/pages\/4036\/revisions"}],"predecessor-version":[{"id":4048,"href":"http:\/\/www.partitura.fss.ukf.sk\/index.php?rest_route=\/wp\/v2\/pages\/4036\/revisions\/4048"}],"wp:attachment":[{"href":"http:\/\/www.partitura.fss.ukf.sk\/index.php?rest_route=%2Fwp%2Fv2%2Fmedia&parent=4036"}],"curies":[{"name":"wp","href":"https:\/\/api.w.org\/{rel}","templated":true}]}}