{"id":76,"date":"2014-12-02T09:53:13","date_gmt":"2014-12-02T09:53:13","guid":{"rendered":"http:\/\/www.partitura.fss.ukf.sk\/?page_id=76"},"modified":"2019-12-09T08:10:33","modified_gmt":"2019-12-09T08:10:33","slug":"submissions","status":"publish","type":"page","link":"http:\/\/www.partitura.fss.ukf.sk\/?page_id=76","title":{"rendered":"SUBMISSIONS"},"content":{"rendered":"<p>Partit\u00fara publishes theoretical, analytical and historical scientific studies but also aims to give arena for specific high level critical analyses. The manuscripts are reviewed by the members of the editorial board, external associates as well as by recognized experts of the particular area.<\/p>\n<p>Please, adhere to the following <strong>formatting requirements<\/strong>:<\/p>\n<p>Extent of a study manuscript: 30-35 pages; critical analysis: up to 20 standard pages<\/p>\n<p>Font size 12, Times New Roman, one-inch spacing<\/p>\n<p>&nbsp;<\/p>\n<p><strong>To the beginning of the study:<\/strong><\/p>\n<p>Author\u2019s name<\/p>\n<p>Title: <em>In Hungarian<\/em><\/p>\n<p>Hungarian abstract (4-5 sentences)<\/p>\n<p>Hungarian keywords (4-5)<\/p>\n<p>&nbsp;<\/p>\n<p><strong>To the end of the study:<\/strong><\/p>\n<p>Resources and quotations used under the Heading \u201c<em>Irodalom<\/em>\u201d, referenced in alphabetical order (see the data sequences for the reference standard)<\/p>\n<p>English abstract in 4-5 sentences, beginning with the English translation of the study title<\/p>\n<p>English keywords (4-5)<\/p>\n<p>Contact details of the Author: name, name and address of his\/her workplace, email address<\/p>\n<p>&nbsp;<\/p>\n<p>The reference is made in a form of footnotes in the following way:<\/p>\n<p>Monograph:<\/p>\n<p>Jurij lotman, <em>Kult\u00fara \u00e9s robban\u00e1s<\/em>, ford. Sz\u0171cs Teri, Budapest: Pannonica Kiad\u00f3, 2001, 54-56.<\/p>\n<p>Multivolume work:<\/p>\n<p>Jurij lotman, <em>Sz\u00f6veg a sz\u00f6vegben<\/em>, ford. klausz Ildik\u00f3 \u00e9s p\u00e1lfi \u00c1gnes = Kult\u00fara, sz\u00f6veg, narr\u00e1ci\u00f3. Orosz elm\u00e9let\u00edr\u00f3k tanulm\u00e1nyai, szerk. V. gilbert Edit \u00e9s kov\u00e1cs \u00c1rp\u00e1d, P\u00e9cs: Jannus Pannonius Egyetemi Kiad\u00f3, 1994, 57-82.<\/p>\n<p>Journal article:<\/p>\n<p>Jurij lotman, <em>A retorika<\/em>, ford. nagy Istv\u00e1n, Helikon, 1999\/1-2, 99.<\/p>\n<p>Back reference: \u00a0u\u0151, <em>I.m.<\/em>, V\u00f6.<\/p>\n<p>In the case of <strong>criticism<\/strong>, under the title please indicate the data of the processed opus.<\/p>\n<div id=\"yui_3_16_0_1_1444211003043_10841\" dir=\"ltr\" style=\"color: #000000;\"><strong><span id=\"yui_3_16_0_1_1444211003043_10843\">Articles should be sent to: benyokri@yahoo.it<\/span><\/strong><\/div>\n<p>&nbsp;<\/p>\n<p>&nbsp;<\/p>\n","protected":false},"excerpt":{"rendered":"<p>Partit\u00fara publishes theoretical, analytical and historical scientific studies but also aims to give arena for [&hellip;]<\/p>\n","protected":false},"author":1,"featured_media":0,"parent":0,"menu_order":0,"comment_status":"closed","ping_status":"open","template":"","meta":[],"_links":{"self":[{"href":"http:\/\/www.partitura.fss.ukf.sk\/index.php?rest_route=\/wp\/v2\/pages\/76"}],"collection":[{"href":"http:\/\/www.partitura.fss.ukf.sk\/index.php?rest_route=\/wp\/v2\/pages"}],"about":[{"href":"http:\/\/www.partitura.fss.ukf.sk\/index.php?rest_route=\/wp\/v2\/types\/page"}],"author":[{"embeddable":true,"href":"http:\/\/www.partitura.fss.ukf.sk\/index.php?rest_route=\/wp\/v2\/users\/1"}],"replies":[{"embeddable":true,"href":"http:\/\/www.partitura.fss.ukf.sk\/index.php?rest_route=%2Fwp%2Fv2%2Fcomments&post=76"}],"version-history":[{"count":11,"href":"http:\/\/www.partitura.fss.ukf.sk\/index.php?rest_route=\/wp\/v2\/pages\/76\/revisions"}],"predecessor-version":[{"id":793,"href":"http:\/\/www.partitura.fss.ukf.sk\/index.php?rest_route=\/wp\/v2\/pages\/76\/revisions\/793"}],"wp:attachment":[{"href":"http:\/\/www.partitura.fss.ukf.sk\/index.php?rest_route=%2Fwp%2Fv2%2Fmedia&parent=76"}],"curies":[{"name":"wp","href":"https:\/\/api.w.org\/{rel}","templated":true}]}}