{"id":846,"date":"2016-03-10T09:10:21","date_gmt":"2016-03-10T09:10:21","guid":{"rendered":"http:\/\/www.partitura.fss.ukf.sk\/?page_id=846"},"modified":"2019-12-09T08:10:30","modified_gmt":"2019-12-09T08:10:30","slug":"korhatar-nelkul-edgar-allan-poe-es-a-gyermekirodalom-kapcsolatarol","status":"publish","type":"page","link":"http:\/\/www.partitura.fss.ukf.sk\/?page_id=846","title":{"rendered":"Korhat\u00e1r n\u00e9lk\u00fcl.  Edgar Allan Poe \u00e9s a gyermekirodalom kapcsolat\u00e1r\u00f3l"},"content":{"rendered":"<h3>Benyovszky Kriszti\u00e1n<\/h3>\n<p><strong>IN: <\/strong>Partit\u00fara Irodalomtudom\u00e1nyi foly\u00f3irat, X. \u00e9vfolyam, 1. sz\u00e1m, 2015, 19-32. oldal, ISSN 1336-7307<\/p>\n<p><strong>DOI: <\/strong>10.17846\/PA.2015.5.1.19-32<br \/>\n<strong>Absztrakt<\/strong><\/p>\n<blockquote><p>A tanulm\u00e1ny Edgar Allan Poe \u00e9s a gyermek- \u00e9s ifj\u00fas\u00e1gi irodalom kapcsol\u00f3d\u00e1si pontjaival foglalkozik. Po\u00e9tikai, hermeneutikai \u00e9s k\u00f6nyv\u00e9szeti szempontok bevon\u00e1s\u00e1val, angol, magyar, szlov\u00e1k \u00e9s olasz p\u00e9ld\u00e1kon kereszt\u00fcl igyekszik megvil\u00e1g\u00edtani a mai napig t\u00f6retlen n\u00e9pszer\u0171s\u00e9gnek \u00f6rvend\u0151 amerikai szerz\u0151 ut\u00f3\u00e9let\u00e9t egyfel\u0151l a fiatalabb koroszt\u00e1lyoknak sz\u00e1nt irodalomban, m\u00e1sfel\u0151l a k\u00f6nyvkiad\u00f3i \u00e9s szerkeszt\u0151i gyakorlatban. A tipol\u00f3giai ir\u00e1nyults\u00e1g\u00fa vizsg\u00e1l\u00f3d\u00e1s h\u00e1rom sz\u00f6vegcsoportra terjed ki: Poe m\u0171vek eredeti, csonk\u00edtatlan ifj\u00fas\u00e1gi kiad\u00e1sai, \u00e9letkori saj\u00e1toss\u00e1goknak, illetve elt\u00e9r\u0151 m\u0171v\u00e9szeti k\u00f6zegeknek (illusztr\u00e1ci\u00f3, k\u00e9preg\u00e9ny) megfelel\u0151en adapt\u00e1lt verzi\u00f3k, valamint az \u00e9letrajzot \u00e9s fikci\u00f3t \u00f6tv\u00f6z\u0151 \u00fajra\u00edr\u00e1sok.<\/p><\/blockquote>\n<p><a href=\"http:\/\/www.partitura.fss.ukf.sk\/wp-content\/uploads\/2016\/10\/Benyovszky-2015_1.pdf\"><strong>Teljes sz\u00f6veg<\/strong><\/a><\/p>\n","protected":false},"excerpt":{"rendered":"<p>Benyovszky Kriszti\u00e1n IN: Partit\u00fara Irodalomtudom\u00e1nyi foly\u00f3irat, X. \u00e9vfolyam, 1. sz\u00e1m, 2015, 19-32. oldal, ISSN 1336-7307 [&hellip;]<\/p>\n","protected":false},"author":4,"featured_media":0,"parent":0,"menu_order":0,"comment_status":"closed","ping_status":"open","template":"","meta":[],"_links":{"self":[{"href":"http:\/\/www.partitura.fss.ukf.sk\/index.php?rest_route=\/wp\/v2\/pages\/846"}],"collection":[{"href":"http:\/\/www.partitura.fss.ukf.sk\/index.php?rest_route=\/wp\/v2\/pages"}],"about":[{"href":"http:\/\/www.partitura.fss.ukf.sk\/index.php?rest_route=\/wp\/v2\/types\/page"}],"author":[{"embeddable":true,"href":"http:\/\/www.partitura.fss.ukf.sk\/index.php?rest_route=\/wp\/v2\/users\/4"}],"replies":[{"embeddable":true,"href":"http:\/\/www.partitura.fss.ukf.sk\/index.php?rest_route=%2Fwp%2Fv2%2Fcomments&post=846"}],"version-history":[{"count":10,"href":"http:\/\/www.partitura.fss.ukf.sk\/index.php?rest_route=\/wp\/v2\/pages\/846\/revisions"}],"predecessor-version":[{"id":1517,"href":"http:\/\/www.partitura.fss.ukf.sk\/index.php?rest_route=\/wp\/v2\/pages\/846\/revisions\/1517"}],"wp:attachment":[{"href":"http:\/\/www.partitura.fss.ukf.sk\/index.php?rest_route=%2Fwp%2Fv2%2Fmedia&parent=846"}],"curies":[{"name":"wp","href":"https:\/\/api.w.org\/{rel}","templated":true}]}}