{"id":853,"date":"2016-03-10T09:24:40","date_gmt":"2016-03-10T09:24:40","guid":{"rendered":"http:\/\/www.partitura.fss.ukf.sk\/?page_id=853"},"modified":"2019-12-09T08:10:20","modified_gmt":"2019-12-09T08:10:20","slug":"a-gorilla-es-a-hun-kutyak","status":"publish","type":"page","link":"http:\/\/www.partitura.fss.ukf.sk\/?page_id=853","title":{"rendered":"A gorilla \u00e9s a hun kuty\u00e1k"},"content":{"rendered":"<h3>Wir\u00e1gh Andr\u00e1s<\/h3>\n<p><strong>IN: <\/strong>Partit\u00fara Irodalomtudom\u00e1nyi foly\u00f3irat, X. \u00e9vfolyam, 1. sz\u00e1m, 2015, 33-42. oldal, ISSN 1336-7307<\/p>\n<p><strong>DOI: <\/strong>10.17846\/PA.2015.5.1.33-42<\/p>\n<p><strong>Absztrakt<\/strong><\/p>\n<blockquote><p>Cholnoky Viktor <em>A sz\u00fcrke ember<\/em> c\u00edm\u0171 elbesz\u00e9l\u00e9s\u00e9t <em>A Morgue utcai kett\u0151s gyilkoss\u00e1g<\/em> \u00e1tiratak\u00e9nt tartja sz\u00e1mon a szakirodalom. A novella a tematikai jegyek \u00e1tv\u00e9tele mellett a sz\u00f6veg szintj\u00e9n, inskripci\u00f3k form\u00e1j\u00e1ban is ad\u00f3zik Poe detekt\u00edvt\u00f6rt\u00e9net\u00e9nek. Poe legels\u0151 nyomtat\u00e1sban megjelent elbesz\u00e9l\u00e9se, a Metzengerstein \u00e9s Cholnoky Oliv\u00e9r lovagja k\u00f6z\u00f6tt hasonl\u00f3an szoros kapcsolat mutathat\u00f3 ki. Az \u00e9rtelmez\u00e9sek azt pr\u00f3b\u00e1lj\u00e1k bemutatni, hogyan form\u00e1l\u00f3dtak \u00e1t Poe sz\u00f6vegei a kultur\u00e1lis k\u00f3dv\u00e1lt\u00e1sok nyom\u00e1n.<\/p><\/blockquote>\n<p><a href=\"http:\/\/www.partitura.fss.ukf.sk\/wp-content\/uploads\/2016\/10\/wir\u00e1gh-2015_1.pdf\"><strong>Teljes sz\u00f6veg<\/strong><\/a><\/p>\n","protected":false},"excerpt":{"rendered":"<p>Wir\u00e1gh Andr\u00e1s IN: Partit\u00fara Irodalomtudom\u00e1nyi foly\u00f3irat, X. \u00e9vfolyam, 1. sz\u00e1m, 2015, 33-42. oldal, ISSN 1336-7307 [&hellip;]<\/p>\n","protected":false},"author":4,"featured_media":0,"parent":0,"menu_order":0,"comment_status":"closed","ping_status":"open","template":"","meta":[],"_links":{"self":[{"href":"http:\/\/www.partitura.fss.ukf.sk\/index.php?rest_route=\/wp\/v2\/pages\/853"}],"collection":[{"href":"http:\/\/www.partitura.fss.ukf.sk\/index.php?rest_route=\/wp\/v2\/pages"}],"about":[{"href":"http:\/\/www.partitura.fss.ukf.sk\/index.php?rest_route=\/wp\/v2\/types\/page"}],"author":[{"embeddable":true,"href":"http:\/\/www.partitura.fss.ukf.sk\/index.php?rest_route=\/wp\/v2\/users\/4"}],"replies":[{"embeddable":true,"href":"http:\/\/www.partitura.fss.ukf.sk\/index.php?rest_route=%2Fwp%2Fv2%2Fcomments&post=853"}],"version-history":[{"count":10,"href":"http:\/\/www.partitura.fss.ukf.sk\/index.php?rest_route=\/wp\/v2\/pages\/853\/revisions"}],"predecessor-version":[{"id":1519,"href":"http:\/\/www.partitura.fss.ukf.sk\/index.php?rest_route=\/wp\/v2\/pages\/853\/revisions\/1519"}],"wp:attachment":[{"href":"http:\/\/www.partitura.fss.ukf.sk\/index.php?rest_route=%2Fwp%2Fv2%2Fmedia&parent=853"}],"curies":[{"name":"wp","href":"https:\/\/api.w.org\/{rel}","templated":true}]}}