{"id":881,"date":"2016-03-10T10:53:27","date_gmt":"2016-03-10T10:53:27","guid":{"rendered":"http:\/\/www.partitura.fss.ukf.sk\/?page_id=881"},"modified":"2019-12-09T08:10:28","modified_gmt":"2019-12-09T08:10:28","slug":"gasztroirodalom-az-etkezes-motivumai-parti-nagy-lajos-muveiben","status":"publish","type":"page","link":"http:\/\/www.partitura.fss.ukf.sk\/?page_id=881","title":{"rendered":"Gasztroirodalom. Az \u00e9tkez\u00e9s mot\u00edvumai Parti Nagy Lajos m\u0171veiben"},"content":{"rendered":"<h3>T\u00f3th Tamara<\/h3>\n<p><strong>IN:\u00a0<\/strong>Partit\u00fara Irodalomtudom\u00e1nyi foly\u00f3irat, X. \u00e9vfolyam, 2. sz\u00e1m, 2015, 61-78. oldal, ISSN 1336-7307<br \/>\n<strong>DOI:\u00a0<\/strong>10.17846\/PA.2015.10.2.61-78<br \/>\n<strong>Absztrakt<\/strong><\/p>\n<blockquote><p>Mindannyian al\u00e1 vagyunk vetve test\u00fcnk fiziol\u00f3giai ritmus\u00e1nak, legalapvet\u0151bb biol\u00f3giai sz\u00fcks\u00e9gleteink kiel\u00e9g\u00edt\u00e9se k\u00f6z\u00e9 tartozik az \u00e9tkez\u00e9s, melyhez mindemellett intenz\u00edv jelent\u00e9st hordoz\u00f3, kultur\u00e1lisan k\u00fcl\u00f6nb\u00f6z\u0151 t\u00e1rsadalmi szok\u00e1sok kapcsol\u00f3dnak. Az \u00e9tel \u00e9s ev\u00e9s mot\u00edvumaihoz egy \u00e1br\u00e1zolt, fikt\u00edv vil\u00e1gban azonban t\u00f6bbletjelent\u00e9sek is kapcsol\u00f3dhatnak, \u00edgy ezek a besz\u00e9l\u0151k szavainak, tetteinek, ment\u00e1lis folyamatainak, \u00e9rzelmi kifejez\u00e9s\u00e9nek eszk\u00f6zei, szeml\u00e9ltet\u0151i vagy l\u00e9trehoz\u00f3i is lehetnek irodalmi reprezent\u00e1ci\u00f3kon bel\u00fcl. Parti Nagy Lajos \u201egasztro-m\u0171veiben\u201d k\u00fcl\u00f6nb\u00f6z\u0151 t\u00e1rsadalmakat mutat be az ev\u00e9s aktus\u00e1n kereszt\u00fcl: egyes szerepl\u0151i a szt\u00e1linista diktat\u00fara idej\u00e9n, m\u00edg m\u00e1sok a kapitalizmus alatt k\u00fczdenek az ideol\u00f3gia k\u00e9nyszer\u00edt\u0151 er\u0151ivel. Az \u00e1llami ideol\u00f3gia nemcsak az emberek mindennapjait, \u00e9tkez\u00e9si szok\u00e1sait, k\u00fcls\u0151 megjelen\u00e9s\u00e9t pr\u00f3b\u00e1lja megv\u00e1ltoztatni, de gondolkod\u00e1sm\u00f3djukat is \u2013 Parti Nagy Lajos f\u0151szerepl\u0151i \u00fagy k\u00fczdenek e hatalom ellen, hogy saj\u00e1t test\u00fcket haszn\u00e1lhatatlann\u00e1 teszik a hatalom sz\u00e1m\u00e1ra. Tanulm\u00e1nyomban az \u00edr\u00f3 azon sz\u00f6vegeit elemzem, ahol az \u00e9tel \u00e9s az ehhez kapcsol\u00f3d\u00f3 t\u00e1rsadalmi probl\u00e9m\u00e1k k\u00f6zponti helyet foglalnak el.<\/p><\/blockquote>\n<p><a href=\"http:\/\/www.partitura.fss.ukf.sk\/wp-content\/uploads\/2016\/10\/2015_2-T\u00f3th.pdf\"><strong>Teljes sz\u00f6veg<\/strong><\/a><\/p>\n","protected":false},"excerpt":{"rendered":"<p>T\u00f3th Tamara IN:\u00a0Partit\u00fara Irodalomtudom\u00e1nyi foly\u00f3irat, X. \u00e9vfolyam, 2. sz\u00e1m, 2015, 61-78. oldal, ISSN 1336-7307 DOI:\u00a010.17846\/PA.2015.10.2.61-78 [&hellip;]<\/p>\n","protected":false},"author":4,"featured_media":0,"parent":0,"menu_order":0,"comment_status":"closed","ping_status":"open","template":"","meta":[],"_links":{"self":[{"href":"http:\/\/www.partitura.fss.ukf.sk\/index.php?rest_route=\/wp\/v2\/pages\/881"}],"collection":[{"href":"http:\/\/www.partitura.fss.ukf.sk\/index.php?rest_route=\/wp\/v2\/pages"}],"about":[{"href":"http:\/\/www.partitura.fss.ukf.sk\/index.php?rest_route=\/wp\/v2\/types\/page"}],"author":[{"embeddable":true,"href":"http:\/\/www.partitura.fss.ukf.sk\/index.php?rest_route=\/wp\/v2\/users\/4"}],"replies":[{"embeddable":true,"href":"http:\/\/www.partitura.fss.ukf.sk\/index.php?rest_route=%2Fwp%2Fv2%2Fcomments&post=881"}],"version-history":[{"count":6,"href":"http:\/\/www.partitura.fss.ukf.sk\/index.php?rest_route=\/wp\/v2\/pages\/881\/revisions"}],"predecessor-version":[{"id":1539,"href":"http:\/\/www.partitura.fss.ukf.sk\/index.php?rest_route=\/wp\/v2\/pages\/881\/revisions\/1539"}],"wp:attachment":[{"href":"http:\/\/www.partitura.fss.ukf.sk\/index.php?rest_route=%2Fwp%2Fv2%2Fmedia&parent=881"}],"curies":[{"name":"wp","href":"https:\/\/api.w.org\/{rel}","templated":true}]}}