{"id":883,"date":"2016-03-10T10:59:36","date_gmt":"2016-03-10T10:59:36","guid":{"rendered":"http:\/\/www.partitura.fss.ukf.sk\/?page_id=883"},"modified":"2019-12-09T08:10:23","modified_gmt":"2019-12-09T08:10:23","slug":"adaptacios-kepregenyek-magyarorszagon-zorad-erno-nevtelen-var","status":"publish","type":"page","link":"http:\/\/www.partitura.fss.ukf.sk\/?page_id=883","title":{"rendered":"Adapt\u00e1ci\u00f3s k\u00e9preg\u00e9nyek Magyarorsz\u00e1gon (Z\u00f3r\u00e1d Ern\u0151: N\u00e9vtelen v\u00e1r)"},"content":{"rendered":"<h3>Komornik Eszter<\/h3>\n<p><strong>IN:\u00a0<\/strong>Partit\u00fara Irodalomtudom\u00e1nyi foly\u00f3irat, X. \u00e9vfolyam, 2. sz\u00e1m, 2015, 61-78. oldal, ISSN 1336-7307<\/p>\n<p><strong>DOI:\u00a0<\/strong>10.17846\/PA.2015.10.2.79-104<br \/>\n<strong>Absztrakt<\/strong><\/p>\n<blockquote><p>Az adapt\u00e1ci\u00f3s k\u00e9preg\u00e9nyek Magyarorsz\u00e1gon egy\u00e9rtelm\u0171en saj\u00e1tos m\u0171fajt alkotnak, hiszen j\u00f3ideig csak ez a t\u00edpus volt el\u00e9rhet\u0151 a k\u00f6z\u00f6ns\u00e9g sz\u00e1m\u00e1ra \u2013 ez\u00e9rt nem is meglep\u0151, hogy maga az elnevez\u00e9s (k\u00e9preg\u00e9ny) is ebb\u0151l a szoros irodalmi k\u00f6t\u0151d\u00e9sb\u0151l ered. Az adapt\u00e1ci\u00f3khoz t\u00f6bbnyire a forr\u00e1sm\u0171 fel\u0151l, irodalmi szempontok alapj\u00e1n k\u00f6zel\u00edtettek, mely \u00f6sszevet\u00e9sben a k\u00e9preg\u00e9ny \u2013 \u00e9rthet\u0151 m\u00f3don \u2013 alulmaradt. B\u00e1r n\u00e9pszer\u0171s\u00edt\u0151 ig\u00e9nnyel k\u00e9sz\u00fclt, a legt\u00f6bben m\u00e9gis az eredeti kil\u00fagoz\u00e1s\u00e1r\u00f3l, elgiccses\u00edt\u00e9s\u00e9r\u0151l, meghamis\u00edt\u00e1s\u00e1r\u00f3l besz\u00e9ltek, ami nemhogy \u00f6szt\u00f6n\u00f6zne az irodalmi m\u0171 elolvas\u00e1s\u00e1ra, hanem egyenesen leszoktat az olvas\u00e1sr\u00f3l. A tanulm\u00e1ny egyik nem titkolt c\u00e9lja az, hogy ezekre a kritik\u00e1kra r\u00e1c\u00e1foljon. El\u0151sz\u00f6r a k\u00e9preg\u00e9ny elt\u00e9r\u0151 defin\u00edci\u00f3it ismerteti, majd r\u00e1t\u00e9r a magyar k\u00e9preg\u00e9nyt\u00f6rt\u00e9net vonatkoz\u00f3 szakasz\u00e1nak r\u00f6vid ismertet\u00e9s\u00e9re \u00e9s a hazai k\u00e9preg\u00e9nyes szc\u00e9na bemutat\u00e1s\u00e1ra. A konkr\u00e9t elemz\u00e9s a narratol\u00f3gia azon kijelent\u00e9s\u00e9re alapul, miszerint a narrat\u00edva eleve f\u00fcggetlen m\u00e9dium\u00e1t\u00f3l.<\/p><\/blockquote>\n<p><a href=\"http:\/\/www.partitura.fss.ukf.sk\/wp-content\/uploads\/2016\/10\/2015_2-Komornik.pdf\"><strong>Teljes sz\u00f6veg<\/strong><\/a><\/p>\n","protected":false},"excerpt":{"rendered":"<p>Komornik Eszter IN:\u00a0Partit\u00fara Irodalomtudom\u00e1nyi foly\u00f3irat, X. \u00e9vfolyam, 2. sz\u00e1m, 2015, 61-78. oldal, ISSN 1336-7307 DOI:\u00a010.17846\/PA.2015.10.2.79-104 [&hellip;]<\/p>\n","protected":false},"author":4,"featured_media":0,"parent":0,"menu_order":0,"comment_status":"closed","ping_status":"open","template":"","meta":[],"_links":{"self":[{"href":"http:\/\/www.partitura.fss.ukf.sk\/index.php?rest_route=\/wp\/v2\/pages\/883"}],"collection":[{"href":"http:\/\/www.partitura.fss.ukf.sk\/index.php?rest_route=\/wp\/v2\/pages"}],"about":[{"href":"http:\/\/www.partitura.fss.ukf.sk\/index.php?rest_route=\/wp\/v2\/types\/page"}],"author":[{"embeddable":true,"href":"http:\/\/www.partitura.fss.ukf.sk\/index.php?rest_route=\/wp\/v2\/users\/4"}],"replies":[{"embeddable":true,"href":"http:\/\/www.partitura.fss.ukf.sk\/index.php?rest_route=%2Fwp%2Fv2%2Fcomments&post=883"}],"version-history":[{"count":7,"href":"http:\/\/www.partitura.fss.ukf.sk\/index.php?rest_route=\/wp\/v2\/pages\/883\/revisions"}],"predecessor-version":[{"id":1538,"href":"http:\/\/www.partitura.fss.ukf.sk\/index.php?rest_route=\/wp\/v2\/pages\/883\/revisions\/1538"}],"wp:attachment":[{"href":"http:\/\/www.partitura.fss.ukf.sk\/index.php?rest_route=%2Fwp%2Fv2%2Fmedia&parent=883"}],"curies":[{"name":"wp","href":"https:\/\/api.w.org\/{rel}","templated":true}]}}