{"id":960,"date":"2016-10-24T08:50:06","date_gmt":"2016-10-24T08:50:06","guid":{"rendered":"http:\/\/www.partitura.fss.ukf.sk\/?page_id=960"},"modified":"2019-12-09T08:10:32","modified_gmt":"2019-12-09T08:10:32","slug":"of-flaneurs-and-city-crowds-poe-barker-kitamura-and-the-oedipal-subject-of-urban-horror","status":"publish","type":"page","link":"http:\/\/www.partitura.fss.ukf.sk\/?page_id=960","title":{"rendered":"Of flaneurs and city crowds. Poe, Barker, Kitamura, and the (Oedipal) subject of urban horror"},"content":{"rendered":"<h3>Gyula Somogyi<\/h3>\n<p><strong>IN:\u00a0<\/strong>Partit\u00fara Irodalomtudom\u00e1nyi foly\u00f3irat, Volume: X\u00a0, Issue 1, 2015, p. 3-18., ISSN 1336-7307<\/p>\n<p><strong>DOI:\u00a0<\/strong>10.17846\/PA.2015.10.1.3-18<\/p>\n<p><strong>Abstract:<\/strong><\/p>\n<blockquote><p>Ever since the middle of the 19th century, the metropolis has been an inexhaustible source of inspiration for gothic and horror stories. The present essay is devoted to an analysis of two of these stories: Edgar Allan Poe\u2019s \u201cThe Man of the Crowd\u201d and Clive Barker\u2019s \u201cThe Midnight Meat Train\u201d thus the trajectory of the paper ranges from the first example of urban horror to a near-contemporary vision of the gothic within the metropolis, to conclude with an examination of Ry\u0217hei Kitamura\u2019s The Midnight Meat Train, an adaptation based on Barker\u2019s tale. Poe\u2019s \u201cThe Man of the Crowd\u201d shows us the irrational forces at work within the city of London, which converge around the mysterious figure of the man of the crowd. While doing so Poe appropriates the genre of the city sketch, but severs its ties with social commitments, and becomes the \u201cfather\u201d of urban horror. Barker\u2019s New York is no less a pastiche of other representations of the metropolis than Poe\u2019s London, and his textual appropriation seems to encompass the whole tradition of horror stories depicting the gothic city, Lacanian psychoanalysis, or even the critique of patriarchy, which mixture results in a carnivalesque celebration of violence. Although Kitamura\u2019s film mutes the semi-serious Oedipal drama involved in \u201cThe Midnight Meat Train,\u201d the movie lays bare the ideologies and ambiguities involved in the relationship between the flaneur-photographer, his themes, and his audience.<\/p><\/blockquote>\n<p><a href=\"http:\/\/www.partitura.fss.ukf.sk\/wp-content\/uploads\/2016\/10\/Somogyi-Gyula-2015_1.pdf\"><strong>Whole issue<\/strong><\/a><\/p>\n","protected":false},"excerpt":{"rendered":"<p>Gyula Somogyi IN:\u00a0Partit\u00fara Irodalomtudom\u00e1nyi foly\u00f3irat, Volume: X\u00a0, Issue 1, 2015, p. 3-18., ISSN 1336-7307 DOI:\u00a010.17846\/PA.2015.10.1.3-18 [&hellip;]<\/p>\n","protected":false},"author":4,"featured_media":0,"parent":0,"menu_order":0,"comment_status":"closed","ping_status":"open","template":"","meta":[],"_links":{"self":[{"href":"http:\/\/www.partitura.fss.ukf.sk\/index.php?rest_route=\/wp\/v2\/pages\/960"}],"collection":[{"href":"http:\/\/www.partitura.fss.ukf.sk\/index.php?rest_route=\/wp\/v2\/pages"}],"about":[{"href":"http:\/\/www.partitura.fss.ukf.sk\/index.php?rest_route=\/wp\/v2\/types\/page"}],"author":[{"embeddable":true,"href":"http:\/\/www.partitura.fss.ukf.sk\/index.php?rest_route=\/wp\/v2\/users\/4"}],"replies":[{"embeddable":true,"href":"http:\/\/www.partitura.fss.ukf.sk\/index.php?rest_route=%2Fwp%2Fv2%2Fcomments&post=960"}],"version-history":[{"count":8,"href":"http:\/\/www.partitura.fss.ukf.sk\/index.php?rest_route=\/wp\/v2\/pages\/960\/revisions"}],"predecessor-version":[{"id":1704,"href":"http:\/\/www.partitura.fss.ukf.sk\/index.php?rest_route=\/wp\/v2\/pages\/960\/revisions\/1704"}],"wp:attachment":[{"href":"http:\/\/www.partitura.fss.ukf.sk\/index.php?rest_route=%2Fwp%2Fv2%2Fmedia&parent=960"}],"curies":[{"name":"wp","href":"https:\/\/api.w.org\/{rel}","templated":true}]}}